-- Data for Name: organization_types; Type: TABLE DATA; Schema: public; Owner: canteradigitalio_bateradmin
--

COPY public.organization_types (id, name, category) FROM stdin;
1	Public or private schools	Schools & Educational Groups
2	After-school programs	Schools & Educational Groups
3	Colleges & universities	Schools & Educational Groups
4	Tutoring centers	Schools & Educational Groups
5	Churches	Religious & Faith-Based Organizations
6	Mosques	Religious & Faith-Based Organizations
7	Synagogues	Religious & Faith-Based Organizations
8	Faith-based volunteer groups	Religious & Faith-Based Organizations
9	Individual families	Families & Households
10	Stay-at-home parents	Families & Households
11	Multigenerational homes	Families & Households
12	Local nonprofits	Nonprofits & Community Organizations
13	Charities	Nonprofits & Community Organizations
14	Community centers	Nonprofits & Community Organizations
15	Mutual aid groups	Nonprofits & Community Organizations
16	City departments	Government & Civic Programs
17	Youth programs	Government & Civic Programs
18	Senior services	Government & Civic Programs
19	Local employment services	Government & Civic Programs
20	High school students	Students & Youth Groups
21	College clubs	Students & Youth Groups
22	Youth councils	Students & Youth Groups
23	Senior centers	Retiree & Elder Networks
24	Retirement communities	Retiree & Elder Networks
25	Elder advocacy groups	Retiree & Elder Networks
26	Disability support groups	People with Disabilities or Accessibility Needs
27	Inclusive learning networks	People with Disabilities or Accessibility Needs
28	Solo freelancers	Individual Users
29	Hobbyists	Individual Users
30	Skill sharers	Individual Users
31	Local service providers	Small Businesses & Entrepreneurs
32	Startups	Small Businesses & Entrepreneurs
33	Home-based businesses	Small Businesses & Entrepreneurs
\.


--
-- Data for Name: participants; Type: TABLE DATA; Schema: public; Owner: canteradigitalio_bateradmin
--

COPY public.participants (id, chat_id, user_id, joined_at, created_at, updated_at, is_deleted, role, notifications_enabled, status) FROM stdin;
418	174	293	2025-07-30 13:54:26.948524	2025-07-30 18:48:47.217029	2025-07-30 18:48:47.217032	f	owner	t	\N
437	179	64	2025-07-31 03:42:32.687225	2025-07-31 03:44:35.754909	2025-07-31 03:44:35.754912	f	owner	t	active
457	183	290	2025-08-01 15:16:05.314685	2025-08-01 21:15:23.519233	2025-08-01 21:15:23.519237	f	user	t	active
458	184	150	2025-08-01 15:16:05.314685	2025-08-01 21:57:20.684206	2025-08-01 21:57:20.68421	f	owner	t	active
466	189	266	2025-08-02 14:54:22.248076	2025-08-02 18:00:27.339185	2025-08-02 18:00:27.339188	f	owner	t	active
468	159	135	2025-08-02 14:54:22.248076	2025-08-03 14:32:03.698291	2025-08-03 14:32:03.698296	f	user	t	active
469	78	23	2025-08-02 14:54:22.248076	2025-08-04 15:55:48.454831	2025-08-04 15:55:48.454835	f	user	t	active
472	97	282	2025-08-02 14:54:22.248076	2025-08-04 16:37:42.649978	2025-08-04 16:37:42.649981	f	user	t	active
477	97	218	2025-08-02 14:54:22.248076	2025-08-04 16:37:42.666878	2025-08-04 16:37:42.666881	f	user	t	active
483	190	290	2025-08-02 14:54:22.248076	2025-08-04 19:51:59.588551	2025-08-04 19:51:59.588554	f	user	t	active
488	190	285	2025-08-02 14:54:22.248076	2025-08-04 19:51:59.603833	2025-08-04 19:51:59.603835	f	user	t	active
493	190	280	2025-08-02 14:54:22.248076	2025-08-04 19:51:59.618936	2025-08-04 19:51:59.618939	f	user	t	active
498	190	251	2025-08-02 14:54:22.248076	2025-08-04 19:51:59.633736	2025-08-04 19:51:59.633739	f	user	t	active
507	193	94	2025-08-02 14:54:22.248076	2025-08-04 21:28:11.995795	2025-08-04 21:28:11.995798	f	owner	t	active
520	164	94	2025-08-06 19:06:50.305823	2025-08-06 20:15:08.726749	2025-08-06 20:15:08.726754	f	user	t	active
521	186	94	2025-08-06 19:06:50.305823	2025-08-06 20:15:43.61542	2025-08-06 20:15:43.615424	f	user	t	active
529	203	129	2025-08-06 19:06:50.305823	2025-08-07 00:52:12.600392	2025-08-07 00:52:12.600395	f	owner	t	active
542	205	128	2025-08-06 19:06:50.305823	2025-08-07 08:49:45.163834	2025-08-07 08:49:45.163838	f	owner	t	active
533	58	295	2025-08-06 19:06:50.305823	2025-08-07 04:07:38.401602	2025-08-07 09:23:54.823554	t	user	t	active
547	207	287	2025-08-06 19:06:50.305823	2025-08-07 09:47:23.69669	2025-08-07 09:47:23.696693	f	user	t	active
554	211	129	2025-08-08 02:18:51.3124	2025-08-08 02:21:31.18044	2025-08-08 02:21:31.180445	f	owner	t	active
567	213	32	2025-08-08 17:51:52.927383	2025-08-09 21:07:31.880582	2025-08-09 21:07:31.880585	f	owner	t	active
577	216	298	2025-08-11 14:25:28.539178	2025-08-11 19:51:54.176511	2025-08-11 19:51:54.176518	f	user	t	active
611	226	135	2025-08-14 00:16:15.748187	2025-08-14 14:12:45.008886	2025-08-14 14:12:45.008891	f	owner	t	active
619	230	288	2025-08-14 23:52:38.839358	2025-08-15 06:16:48.775284	2025-08-15 06:16:48.775287	f	user	t	active
626	230	123	2025-08-14 23:52:38.839358	2025-08-15 06:16:50.100699	2025-08-15 06:16:50.100702	f	user	t	active
631	231	129	2025-08-14 23:52:38.839358	2025-08-15 19:23:50.638283	2025-08-15 19:23:50.638287	f	owner	t	active
633	232	299	2025-08-14 23:52:38.839358	2025-08-15 22:16:56.21549	2025-08-15 22:16:56.215493	f	owner	t	active
637	234	110	2025-08-14 23:52:38.839358	2025-08-15 23:12:23.495247	2025-08-15 23:12:23.49525	f	owner	t	active
640	216	303	2025-08-14 23:52:38.839358	2025-08-15 23:19:15.330618	2025-08-15 23:19:15.330621	f	user	t	active
645	216	290	2025-08-14 23:52:38.839358	2025-08-15 23:19:15.743456	2025-08-15 23:19:15.743459	f	user	t	active
639	235	110	2025-08-14 23:52:38.839358	2025-08-15 23:17:42.120277	2025-08-15 23:33:53.026123	t	user	t	active
652	216	286	2025-08-14 23:52:38.839358	2025-08-16 01:42:29.777468	2025-08-16 01:42:29.777473	f	user	t	active
657	216	281	2025-08-14 23:52:38.839358	2025-08-16 01:42:30.293952	2025-08-16 01:42:30.293955	f	user	t	active
663	239	288	2025-08-14 23:52:38.839358	2025-08-18 15:39:49.247774	2025-08-18 15:39:49.247777	f	user	t	active
664	240	94	2025-08-14 23:52:38.839358	2025-08-19 00:15:24.673312	2025-08-19 00:15:24.673316	f	owner	t	active
672	243	303	2025-08-21 19:20:37.473176	2025-08-21 22:14:29.373164	2025-08-21 22:14:29.373168	f	user	t	active
675	243	300	2025-08-21 19:20:37.473176	2025-08-21 22:14:29.590203	2025-08-21 22:14:29.590206	f	user	t	active
678	243	296	2025-08-21 19:20:37.473176	2025-08-21 22:14:29.710209	2025-08-21 22:14:29.710212	f	user	t	active
681	243	292	2025-08-21 19:20:37.473176	2025-08-21 22:14:30.025466	2025-08-21 22:14:30.025472	f	user	t	active
684	243	288	2025-08-21 19:20:37.473176	2025-08-21 22:14:30.340944	2025-08-21 22:14:30.340949	f	user	t	active
687	243	282	2025-08-21 19:20:37.473176	2025-08-21 22:14:30.768856	2025-08-21 22:14:30.76886	f	user	t	active
690	243	286	2025-08-21 19:20:37.473176	2025-08-21 22:14:31.006727	2025-08-21 22:14:31.00673	f	user	t	active
693	243	279	2025-08-21 19:20:37.473176	2025-08-21 22:14:31.511319	2025-08-21 22:14:31.511323	f	user	t	active
696	243	251	2025-08-21 19:20:37.473176	2025-08-21 22:14:32.221655	2025-08-21 22:14:32.221659	f	user	t	active
699	243	220	2025-08-21 19:20:37.473176	2025-08-21 22:14:32.246692	2025-08-21 22:14:32.246695	f	user	t	active
705	246	32	2025-08-21 19:20:37.473176	2025-08-22 00:04:37.463513	2025-08-22 00:04:37.463516	f	user	t	active
1	1	2	2025-05-06 17:58:29.500061	2025-05-06 17:58:29.500094	2025-05-06 17:58:29.500119	f	user	t	\N
103	51	80	2025-06-13 17:58:54.954308	2025-06-13 20:10:28.919517	2025-06-13 20:10:28.91952	f	user	t	\N
419	174	127	2025-07-30 13:54:26.948524	2025-07-30 18:48:47.223202	2025-07-30 18:48:47.223205	f	user	t	\N
106	53	145	2025-06-13 17:58:54.954308	2025-06-13 20:33:49.19836	2025-07-30 21:44:16.056187	f	owner	t	\N
438	180	110	2025-07-31 20:47:49.12497	2025-07-31 22:57:19.365206	2025-07-31 22:57:19.36521	f	owner	t	active
439	180	30	2025-07-31 20:47:49.12497	2025-07-31 22:59:36.871928	2025-07-31 22:59:36.871932	f	user	t	active
442	180	94	2025-07-31 20:47:49.12497	2025-07-31 22:59:36.882363	2025-07-31 22:59:36.882366	f	user	t	active
446	97	289	2025-07-31 20:47:49.12497	2025-08-01 00:51:47.663774	2025-08-01 00:51:47.663777	f	user	t	active
449	97	286	2025-07-31 20:47:49.12497	2025-08-01 00:51:47.673114	2025-08-01 00:51:47.673117	f	user	t	active
459	184	110	2025-08-01 15:16:05.314685	2025-08-01 21:57:20.68926	2025-08-01 21:57:20.689263	f	user	t	active
467	189	32	2025-08-02 14:54:22.248076	2025-08-02 18:01:15.37775	2025-08-02 18:01:15.377754	f	user	t	active
470	182	266	2025-08-02 14:54:22.248076	2025-08-04 16:02:42.265859	2025-08-04 16:02:42.265863	f	user	t	active
474	97	274	2025-08-02 14:54:22.248076	2025-08-04 16:37:42.657095	2025-08-04 16:37:42.657098	f	user	t	active
479	97	216	2025-08-02 14:54:22.248076	2025-08-04 16:37:42.673131	2025-08-04 16:37:42.673134	f	user	t	active
485	190	288	2025-08-02 14:54:22.248076	2025-08-04 19:51:59.594732	2025-08-04 19:51:59.594735	f	user	t	active
490	190	283	2025-08-02 14:54:22.248076	2025-08-04 19:51:59.609947	2025-08-04 19:51:59.60995	f	user	t	active
495	190	266	2025-08-02 14:54:22.248076	2025-08-04 19:51:59.624915	2025-08-04 19:51:59.624918	f	user	t	active
500	190	218	2025-08-02 14:54:22.248076	2025-08-04 19:51:59.63948	2025-08-04 19:51:59.639483	f	user	t	active
501	191	110	2025-08-02 14:54:22.248076	2025-08-04 19:52:14.086465	2025-08-04 19:52:14.086484	f	owner	t	active
503	156	94	2025-08-02 14:54:22.248076	2025-08-04 20:07:34.544959	2025-08-04 20:07:34.544963	f	user	t	active
505	192	94	2025-08-02 14:54:22.248076	2025-08-04 21:08:37.86885	2025-08-04 21:08:37.868853	f	owner	t	active
510	194	8	2025-08-02 14:54:22.248076	2025-08-04 22:59:32.543519	2025-08-04 22:59:32.543522	f	user	t	active
532	204	137	2025-08-06 19:06:50.305823	2025-08-07 01:10:36.620379	2025-08-07 01:10:36.620382	f	user	t	active
539	58	287	2025-08-06 19:06:50.305823	2025-08-07 05:04:54.027461	2025-08-07 05:04:54.027466	f	user	t	active
541	199	129	2025-08-06 19:06:50.305823	2025-08-07 06:41:57.398131	2025-08-07 06:41:57.398136	f	user	t	active
522	199	128	2025-08-06 19:06:50.305823	2025-08-06 21:54:12.803482	2025-08-07 06:52:15.271311	f	owner	t	active
535	58	294	2025-08-06 19:06:50.305823	2025-08-07 05:02:57.257512	2025-08-07 09:24:17.823199	t	user	t	active
546	207	128	2025-08-06 19:06:50.305823	2025-08-07 09:47:23.691613	2025-08-07 09:47:23.691617	f	owner	t	active
555	211	296	2025-08-08 02:18:51.3124	2025-08-08 02:22:15.009557	2025-08-08 02:22:15.009563	f	user	t	active
556	211	128	2025-08-08 02:18:51.3124	2025-08-08 02:30:36.896373	2025-08-08 02:30:36.896378	f	user	t	active
568	213	8	2025-08-08 17:51:52.927383	2025-08-09 21:07:31.88535	2025-08-09 21:07:31.885353	f	user	t	active
578	216	297	2025-08-11 14:25:28.539178	2025-08-11 19:51:54.189028	2025-08-11 19:51:54.189033	f	user	t	active
612	226	94	2025-08-14 00:16:15.748187	2025-08-14 14:12:45.014249	2025-08-14 14:12:45.014254	f	user	t	active
620	230	283	2025-08-14 23:52:38.839358	2025-08-15 06:16:48.900991	2025-08-15 06:16:48.900994	f	user	t	active
627	230	121	2025-08-14 23:52:38.839358	2025-08-15 06:16:50.108332	2025-08-15 06:16:50.108335	f	user	t	active
632	231	23	2025-08-14 23:52:38.839358	2025-08-15 19:23:50.641499	2025-08-15 19:23:50.641501	f	user	t	active
635	233	94	2025-08-14 23:52:38.839358	2025-08-15 22:17:19.275625	2025-08-15 22:17:19.275628	f	owner	t	active
643	216	294	2025-08-14 23:52:38.839358	2025-08-15 23:19:15.541259	2025-08-15 23:19:15.541262	f	user	t	active
654	216	284	2025-08-14 23:52:38.839358	2025-08-16 01:42:30.107601	2025-08-16 01:42:30.107605	f	user	t	active
659	237	94	2025-08-14 23:52:38.839358	2025-08-16 17:08:48.970168	2025-08-16 17:08:48.970171	f	user	t	active
702	245	78	2025-08-21 19:20:37.473176	2025-08-21 23:38:01.264148	2025-08-21 23:38:01.264152	f	owner	t	active
213	82	110	2025-06-25 22:23:57.65082	2025-06-26 20:01:45.028591	2025-07-30 20:11:44.029939	t	owner	t	\N
107	53	23	2025-06-13 17:58:54.954308	2025-06-13 20:33:49.203318	2025-07-30 21:44:24.715684	f	user	t	\N
440	180	8	2025-07-31 20:47:49.12497	2025-07-31 22:59:36.875557	2025-07-31 22:59:36.875559	f	user	t	active
443	180	80	2025-07-31 20:47:49.12497	2025-07-31 22:59:36.885402	2025-07-31 22:59:36.885405	f	user	t	active
444	97	292	2025-07-31 20:47:49.12497	2025-08-01 00:51:47.65687	2025-08-01 00:51:47.656873	f	user	t	active
447	97	288	2025-07-31 20:47:49.12497	2025-08-01 00:51:47.666926	2025-08-01 00:51:47.666929	f	user	t	active
450	97	285	2025-07-31 20:47:49.12497	2025-08-01 00:51:47.676064	2025-08-01 00:51:47.676067	f	user	t	active
460	185	150	2025-08-01 23:16:17.420537	2025-08-01 23:25:41.147322	2025-08-01 23:25:41.147326	f	owner	t	active
471	97	283	2025-08-02 14:54:22.248076	2025-08-04 16:37:42.646016	2025-08-04 16:37:42.64602	f	user	t	active
476	97	220	2025-08-02 14:54:22.248076	2025-08-04 16:37:42.663832	2025-08-04 16:37:42.663835	f	user	t	active
511	195	293	2025-08-05 13:53:07.643885	2025-08-05 22:10:39.195239	2025-08-05 22:10:39.195243	f	owner	t	active
517	198	280	2025-08-05 13:53:07.643885	2025-08-05 22:44:07.625481	2025-08-05 22:44:07.625484	f	user	t	active
524	200	129	2025-08-06 19:06:50.305823	2025-08-06 23:46:56.356409	2025-08-06 23:46:56.356428	f	user	t	active
526	201	137	2025-08-06 19:06:50.305823	2025-08-07 00:35:09.92191	2025-08-07 00:35:09.921913	f	user	t	active
528	202	199	2025-08-06 19:06:50.305823	2025-08-07 00:50:50.420142	2025-08-07 00:50:50.420145	f	user	t	active
531	204	23	2025-08-06 19:06:50.305823	2025-08-07 01:10:36.617374	2025-08-07 01:10:36.617377	f	owner	t	active
545	206	294	2025-08-06 19:06:50.305823	2025-08-07 08:49:59.140152	2025-08-07 08:49:59.140155	f	user	t	active
537	58	290	2025-08-06 19:06:50.305823	2025-08-07 05:03:41.074085	2025-08-07 09:32:28.825343	t	user	t	active
557	164	128	2025-08-08 02:57:19.793838	2025-08-08 13:29:47.498901	2025-08-08 13:29:47.498905	f	user	t	active
569	214	32	2025-08-08 17:51:52.927383	2025-08-09 21:07:42.295234	2025-08-09 21:07:42.295238	f	owner	t	active
581	159	300	2025-08-11 22:19:59.204449	2025-08-11 23:35:02.723729	2025-08-11 23:35:02.723734	f	user	t	active
613	227	135	2025-08-14 00:16:15.748187	2025-08-14 14:12:49.812278	2025-08-14 14:12:49.812282	f	owner	t	active
621	230	280	2025-08-14 23:52:38.839358	2025-08-15 06:16:49.042476	2025-08-15 06:16:49.042479	f	user	t	active
625	230	131	2025-08-14 23:52:38.839358	2025-08-15 06:16:50.092905	2025-08-15 06:16:50.092908	f	user	t	active
630	230	76	2025-08-14 23:52:38.839358	2025-08-15 06:16:50.47422	2025-08-15 06:16:50.474223	f	user	t	active
636	233	299	2025-08-14 23:52:38.839358	2025-08-15 22:17:19.27884	2025-08-15 22:17:19.278843	f	user	t	active
642	216	301	2025-08-14 23:52:38.839358	2025-08-15 23:19:15.533851	2025-08-15 23:19:15.533854	f	user	t	active
647	216	304	2025-08-14 23:52:38.839358	2025-08-15 23:19:15.945287	2025-08-15 23:19:15.94529	f	user	t	active
649	236	303	2025-08-14 23:52:38.839358	2025-08-15 23:32:25.441532	2025-08-15 23:32:25.441535	f	owner	t	active
650	216	288	2025-08-14 23:52:38.839358	2025-08-16 01:42:29.51103	2025-08-16 01:42:29.511034	f	user	t	active
655	216	283	2025-08-14 23:52:38.839358	2025-08-16 01:42:30.181038	2025-08-16 01:42:30.18104	f	user	t	active
660	238	266	2025-08-14 23:52:38.839358	2025-08-16 17:13:03.521735	2025-08-16 17:13:03.521739	f	owner	t	active
662	239	110	2025-08-14 23:52:38.839358	2025-08-18 15:39:49.244997	2025-08-18 15:39:49.245	f	owner	t	active
667	241	123	2025-08-14 23:52:38.839358	2025-08-19 16:00:44.67059	2025-08-19 16:00:44.670593	f	user	t	active
703	245	110	2025-08-21 19:20:37.473176	2025-08-21 23:38:01.267425	2025-08-21 23:38:01.267428	f	user	t	active
43	22	110	2025-05-08 22:26:54.666598	2025-05-08 22:26:54.666631	2025-06-13 20:26:57.286988	t	user	t	\N
104	52	145	2025-06-13 17:58:54.954308	2025-06-13 20:32:04.875612	2025-06-13 20:32:04.875615	f	owner	t	\N
105	52	23	2025-06-13 17:58:54.954308	2025-06-13 20:32:04.880464	2025-06-13 20:32:04.880467	f	user	t	\N
108	52	14	2025-06-14 00:06:56.090689	2025-06-14 01:38:26.413618	2025-06-14 01:38:26.413623	f	user	t	\N
109	52	73	2025-06-14 00:06:56.090689	2025-06-14 01:38:26.418409	2025-06-14 01:38:26.418413	f	user	t	\N
110	52	39	2025-06-14 00:06:56.090689	2025-06-14 01:38:26.421699	2025-06-14 01:38:26.421702	f	user	t	\N
420	94	129	2025-07-30 20:13:09.692109	2025-07-30 20:26:09.713638	2025-07-30 20:26:09.713642	f	user	t	\N
421	164	129	2025-07-30 20:13:09.692109	2025-07-30 20:44:55.007883	2025-07-30 20:44:55.007888	f	user	t	\N
192	76	46	2025-06-25 22:23:57.65082	2025-06-25 23:40:49.981059	2025-06-25 23:40:49.981061	f	user	t	\N
194	76	219	2025-06-25 22:23:57.65082	2025-06-25 23:40:49.987317	2025-06-25 23:40:49.98732	f	user	t	\N
198	77	220	2025-06-25 22:23:57.65082	2025-06-25 23:50:02.606608	2025-06-25 23:50:02.606611	f	user	t	\N
200	77	218	2025-06-25 22:23:57.65082	2025-06-25 23:50:02.611918	2025-06-25 23:50:02.61192	f	user	t	\N
202	77	216	2025-06-25 22:23:57.65082	2025-06-25 23:50:02.617599	2025-06-25 23:50:02.617602	f	user	t	\N
204	78	139	2025-06-25 22:23:57.65082	2025-06-26 14:59:59.75138	2025-06-26 14:59:59.751383	f	user	t	\N
209	80	94	2025-06-25 22:23:57.65082	2025-06-26 19:25:44.765065	2025-06-26 19:25:44.765068	f	owner	t	\N
211	81	32	2025-06-25 22:23:57.65082	2025-06-26 19:26:45.365897	2025-06-26 19:26:45.3659	f	owner	t	\N
207	79	80	2025-06-25 22:23:57.65082	2025-06-26 18:51:27.506926	2025-07-21 19:11:22.74356	t	owner	t	\N
196	77	80	2025-06-25 22:23:57.65082	2025-06-25 23:49:54.09537	2025-07-21 19:11:25.807557	t	owner	t	\N
441	180	32	2025-07-31 20:47:49.12497	2025-07-31 22:59:36.879026	2025-07-31 22:59:36.879028	f	user	t	active
445	97	290	2025-07-31 20:47:49.12497	2025-08-01 00:51:47.660431	2025-08-01 00:51:47.660434	f	user	t	active
448	97	287	2025-07-31 20:47:49.12497	2025-08-01 00:51:47.669969	2025-08-01 00:51:47.669972	f	user	t	active
461	185	282	2025-08-01 23:16:17.420537	2025-08-01 23:25:41.154958	2025-08-01 23:25:41.154961	f	user	t	active
473	97	279	2025-08-02 14:54:22.248076	2025-08-04 16:37:42.653554	2025-08-04 16:37:42.653557	f	user	t	active
478	97	145	2025-08-02 14:54:22.248076	2025-08-04 16:37:42.669976	2025-08-04 16:37:42.669979	f	user	t	active
512	195	280	2025-08-05 13:53:07.643885	2025-08-05 22:10:39.201751	2025-08-05 22:10:39.201754	f	user	t	active
513	196	293	2025-08-05 13:53:07.643885	2025-08-05 22:11:59.054981	2025-08-05 22:11:59.054986	f	owner	t	active
516	198	293	2025-08-05 13:53:07.643885	2025-08-05 22:44:07.620765	2025-08-05 22:44:07.620769	f	owner	t	active
538	58	289	2025-08-06 19:06:50.305823	2025-08-07 05:04:54.022113	2025-08-07 05:04:54.022117	f	user	t	active
544	206	128	2025-08-06 19:06:50.305823	2025-08-07 08:49:59.137051	2025-08-07 08:49:59.137055	f	owner	t	active
558	159	128	2025-08-08 02:57:19.793838	2025-08-08 13:29:57.381527	2025-08-08 13:29:57.381531	f	user	t	active
559	78	128	2025-08-08 02:57:19.793838	2025-08-08 13:30:25.617759	2025-08-08 13:30:25.617763	f	user	t	active
560	97	128	2025-08-08 02:57:19.793838	2025-08-08 13:30:37.445306	2025-08-08 13:30:37.44531	f	user	t	active
570	214	46	2025-08-08 17:51:52.927383	2025-08-09 21:07:42.298243	2025-08-09 21:07:42.298246	f	user	t	active
571	215	32	2025-08-08 17:51:52.927383	2025-08-09 21:18:41.696764	2025-08-09 21:18:41.696768	f	owner	t	active
582	217	128	2025-08-13 14:47:36.807586	2025-08-13 14:53:52.89086	2025-08-13 14:53:52.890864	f	owner	t	active
587	219	289	2025-08-13 14:47:36.807586	2025-08-13 15:32:15.233887	2025-08-13 15:32:15.23389	f	user	t	active
591	221	296	2025-08-13 14:47:36.807586	2025-08-13 15:48:06.273084	2025-08-13 15:48:06.273087	f	user	t	active
596	222	26	2025-08-13 14:47:36.807586	2025-08-13 19:09:35.985052	2025-08-13 19:09:35.985055	f	user	t	active
601	222	14	2025-08-13 14:47:36.807586	2025-08-13 19:09:36.262807	2025-08-13 19:09:36.26281	f	user	t	active
602	222	129	2025-08-13 14:47:36.807586	2025-08-13 19:09:52.367003	2025-08-13 19:09:52.367008	f	user	t	active
607	224	129	2025-08-13 14:47:36.807586	2025-08-13 19:14:13.207872	2025-08-13 19:14:13.207878	f	user	t	active
610	211	286	2025-08-13 14:47:36.807586	2025-08-13 22:27:50.580509	2025-08-13 22:27:50.580512	f	user	t	active
614	227	23	2025-08-14 00:16:15.748187	2025-08-14 14:12:49.815697	2025-08-14 14:12:49.8157	f	user	t	active
622	230	265	2025-08-14 23:52:38.839358	2025-08-15 06:16:49.340053	2025-08-15 06:16:49.340056	f	user	t	active
624	230	135	2025-08-14 23:52:38.839358	2025-08-15 06:16:49.977152	2025-08-15 06:16:49.977156	f	user	t	active
629	230	110	2025-08-14 23:52:38.839358	2025-08-15 06:16:50.123364	2025-08-15 06:16:50.123367	f	user	t	active
634	232	298	2025-08-14 23:52:38.839358	2025-08-15 22:16:56.218447	2025-08-15 22:16:56.218449	f	user	t	active
641	216	302	2025-08-14 23:52:38.839358	2025-08-15 23:19:15.433224	2025-08-15 23:19:15.433227	f	user	t	active
646	216	289	2025-08-14 23:52:38.839358	2025-08-15 23:19:15.844915	2025-08-15 23:19:15.844918	f	user	t	active
648	186	300	2025-08-14 23:52:38.839358	2025-08-15 23:30:02.412734	2025-08-15 23:30:02.412739	f	user	t	active
651	216	287	2025-08-14 23:52:38.839358	2025-08-16 01:42:29.659014	2025-08-16 01:42:29.65902	f	user	t	active
656	216	282	2025-08-14 23:52:38.839358	2025-08-16 01:42:30.286268	2025-08-16 01:42:30.286271	f	user	t	active
658	237	266	2025-08-14 23:52:38.839358	2025-08-16 17:08:48.967187	2025-08-16 17:08:48.96719	f	owner	t	active
665	240	299	2025-08-14 23:52:38.839358	2025-08-19 00:15:46.77351	2025-08-19 00:15:46.773513	f	user	t	active
666	241	288	2025-08-14 23:52:38.839358	2025-08-19 16:00:44.667644	2025-08-19 16:00:44.667647	f	owner	t	active
422	175	80	2025-07-30 20:50:44.510609	2025-07-30 20:51:35.353729	2025-07-30 20:51:35.353733	f	owner	t	\N
424	176	129	2025-07-30 20:50:44.510609	2025-07-30 20:57:18.695713	2025-07-30 20:57:18.695717	f	owner	t	\N
425	176	292	2025-07-30 20:50:44.510609	2025-07-30 20:57:48.228346	2025-07-30 20:57:48.22835	f	user	t	\N
432	164	288	2025-07-30 20:50:44.510609	2025-07-31 01:43:51.207845	2025-07-31 01:43:51.207848	f	user	t	\N
451	181	293	2025-08-01 01:13:16.935596	2025-08-01 01:27:08.086176	2025-08-01 01:27:08.08618	f	owner	t	active
462	186	129	2025-08-02 02:45:51.957646	2025-08-02 02:56:08.847804	2025-08-02 02:56:08.847808	f	owner	t	active
475	97	251	2025-08-02 14:54:22.248076	2025-08-04 16:37:42.660476	2025-08-04 16:37:42.660479	f	user	t	active
514	196	280	2025-08-05 13:53:07.643885	2025-08-05 22:11:59.061299	2025-08-05 22:11:59.061302	f	user	t	active
548	208	128	2025-08-07 15:18:33.48539	2025-08-07 18:59:03.536627	2025-08-07 18:59:03.53663	f	owner	t	active
550	209	128	2025-08-07 15:18:33.48539	2025-08-07 18:59:16.949772	2025-08-07 18:59:16.949776	f	owner	t	active
561	212	293	2025-08-08 13:50:54.076831	2025-08-08 13:55:23.609935	2025-08-08 13:55:23.609939	f	owner	t	active
562	212	128	2025-08-08 13:50:54.076831	2025-08-08 13:55:23.617761	2025-08-08 13:55:23.617765	f	user	t	active
572	159	266	2025-08-11 14:25:28.539178	2025-08-11 15:52:58.461385	2025-08-11 15:52:58.461389	f	user	t	active
579	216	296	2025-08-11 14:25:28.539178	2025-08-11 19:51:54.200764	2025-08-11 19:51:54.200768	f	user	t	active
583	217	293	2025-08-13 14:47:36.807586	2025-08-13 14:53:52.898844	2025-08-13 14:53:52.89885	f	user	t	active
586	219	110	2025-08-13 14:47:36.807586	2025-08-13 15:32:15.231049	2025-08-13 15:32:15.231053	f	owner	t	active
589	220	283	2025-08-13 14:47:36.807586	2025-08-13 15:38:29.163928	2025-08-13 15:38:29.163931	f	user	t	active
590	221	129	2025-08-13 14:47:36.807586	2025-08-13 15:48:06.269887	2025-08-13 15:48:06.26989	f	owner	t	active
595	222	34	2025-08-13 14:47:36.807586	2025-08-13 19:09:35.976467	2025-08-13 19:09:35.97647	f	user	t	active
600	222	17	2025-08-13 14:47:36.807586	2025-08-13 19:09:36.188181	2025-08-13 19:09:36.188184	f	user	t	active
603	223	32	2025-08-13 14:47:36.807586	2025-08-13 19:11:14.740413	2025-08-13 19:11:14.740416	f	owner	t	active
605	211	280	2025-08-13 14:47:36.807586	2025-08-13 19:12:45.056238	2025-08-13 19:12:45.056242	f	user	t	active
615	228	94	2025-08-14 19:10:41.911194	2025-08-14 20:06:33.405802	2025-08-14 20:06:33.405805	f	owner	t	active
668	242	32	2025-08-20 18:47:34.994262	2025-08-20 19:29:29.730172	2025-08-20 19:29:29.730175	f	owner	t	active
193	76	218	2025-06-25 22:23:57.65082	2025-06-25 23:40:49.984135	2025-06-25 23:40:49.984137	f	user	t	\N
195	76	251	2025-06-25 22:23:57.65082	2025-06-25 23:40:49.990398	2025-06-25 23:40:49.990401	f	user	t	\N
197	77	221	2025-06-25 22:23:57.65082	2025-06-25 23:50:02.603177	2025-06-25 23:50:02.60318	f	user	t	\N
199	77	219	2025-06-25 22:23:57.65082	2025-06-25 23:50:02.609203	2025-06-25 23:50:02.609205	f	user	t	\N
201	77	217	2025-06-25 22:23:57.65082	2025-06-25 23:50:02.614761	2025-06-25 23:50:02.614764	f	user	t	\N
423	175	129	2025-07-30 20:50:44.510609	2025-07-30 20:51:35.357759	2025-07-30 20:51:35.357763	f	user	t	\N
426	177	129	2025-07-30 20:50:44.510609	2025-07-30 20:58:13.814469	2025-07-30 20:58:13.814472	f	owner	t	\N
48	24	110	2025-05-08 22:26:54.666598	2025-05-08 22:26:54.666631	2025-07-30 21:02:05.701255	t	user	t	\N
428	176	283	2025-07-30 20:50:44.510609	2025-07-30 21:04:37.996887	2025-07-30 21:04:37.996891	f	user	t	\N
429	164	292	2025-07-30 20:50:44.510609	2025-07-31 01:43:51.196954	2025-07-31 01:43:51.196958	f	user	t	\N
433	164	287	2025-07-30 20:50:44.510609	2025-07-31 01:43:51.211319	2025-07-31 01:43:51.211322	f	user	t	\N
452	182	32	2025-08-01 02:48:35.720877	2025-08-01 14:46:35.221115	2025-08-01 14:46:35.221119	f	owner	t	active
454	182	290	2025-08-01 02:48:35.720877	2025-08-01 14:46:45.275646	2025-08-01 14:46:45.275649	f	user	t	active
463	187	110	2025-08-02 03:47:09.985962	2025-08-02 04:18:31.869596	2025-08-02 04:18:31.8696	f	owner	t	active
480	190	110	2025-08-02 14:54:22.248076	2025-08-04 19:51:39.43972	2025-08-04 19:51:39.439723	f	owner	t	active
484	190	289	2025-08-02 14:54:22.248076	2025-08-04 19:51:59.591617	2025-08-04 19:51:59.59162	f	user	t	active
489	190	284	2025-08-02 14:54:22.248076	2025-08-04 19:51:59.606994	2025-08-04 19:51:59.606997	f	user	t	active
494	190	274	2025-08-02 14:54:22.248076	2025-08-04 19:51:59.62198	2025-08-04 19:51:59.621983	f	user	t	active
499	190	220	2025-08-02 14:54:22.248076	2025-08-04 19:51:59.636592	2025-08-04 19:51:59.636595	f	user	t	active
515	197	32	2025-08-05 13:53:07.643885	2025-08-05 22:43:20.423904	2025-08-05 22:43:20.423908	f	owner	t	active
549	208	207	2025-08-07 15:18:33.48539	2025-08-07 18:59:03.54086	2025-08-07 18:59:03.540863	f	user	t	active
563	159	301	2025-08-08 14:28:50.292734	2025-08-08 14:39:40.878462	2025-08-08 14:39:40.878466	f	user	t	active
566	197	301	2025-08-08 14:28:50.292734	2025-08-08 15:17:04.391841	2025-08-08 15:17:04.391845	f	user	t	active
573	197	139	2025-08-11 14:25:28.539178	2025-08-11 15:56:49.17397	2025-08-11 15:56:49.173974	f	user	t	active
580	216	295	2025-08-11 14:25:28.539178	2025-08-11 19:51:54.43687	2025-08-11 19:51:54.436877	f	user	t	active
584	218	32	2025-08-13 14:47:36.807586	2025-08-13 15:24:14.689741	2025-08-13 15:24:14.689745	f	owner	t	active
594	222	105	2025-08-13 14:47:36.807586	2025-08-13 19:09:35.967047	2025-08-13 19:09:35.967052	f	user	t	active
599	222	23	2025-08-13 14:47:36.807586	2025-08-13 19:09:36.010098	2025-08-13 19:09:36.0101	f	user	t	active
606	224	280	2025-08-13 14:47:36.807586	2025-08-13 19:14:13.20374	2025-08-13 19:14:13.203744	f	owner	t	active
609	225	301	2025-08-13 14:47:36.807586	2025-08-13 22:14:46.316899	2025-08-13 22:14:46.316902	f	user	t	active
616	229	94	2025-08-14 19:10:41.911194	2025-08-14 20:08:04.02315	2025-08-14 20:08:04.023154	f	owner	t	active
669	243	32	2025-08-21 19:20:37.473176	2025-08-21 22:13:54.234671	2025-08-21 22:13:54.234675	f	owner	t	active
282	102	285	2025-07-16 22:46:03.934447	2025-07-17 15:54:10.260432	2025-07-17 15:54:10.260436	f	user	t	\N
283	103	286	2025-07-16 22:46:03.934447	2025-07-18 00:50:35.889559	2025-07-18 00:50:35.889567	f	owner	t	\N
284	103	284	2025-07-16 22:46:03.934447	2025-07-18 00:50:35.892453	2025-07-18 00:50:35.892456	f	user	t	\N
285	104	288	2025-07-18 16:13:42.740509	2025-07-18 17:15:16.651883	2025-07-18 17:15:16.651902	f	owner	t	\N
286	104	32	2025-07-18 16:13:42.740509	2025-07-18 17:15:16.657602	2025-07-18 17:15:16.657605	f	user	t	\N
289	106	285	2025-07-18 16:13:42.740509	2025-07-18 19:34:23.941488	2025-07-18 19:34:23.941491	f	owner	t	\N
290	106	265	2025-07-18 16:13:42.740509	2025-07-18 19:45:49.050053	2025-07-18 19:45:49.050057	f	user	t	\N
291	107	32	2025-07-18 22:30:43.774054	2025-07-20 05:10:58.932056	2025-07-20 05:10:58.932059	f	owner	t	\N
292	107	280	2025-07-18 22:30:43.774054	2025-07-20 05:10:58.936085	2025-07-20 05:10:58.936088	f	user	t	\N
293	108	32	2025-07-18 22:30:43.774054	2025-07-20 05:11:32.107593	2025-07-20 05:11:32.107596	f	owner	t	\N
427	177	292	2025-07-30 20:50:44.510609	2025-07-30 20:58:13.818174	2025-07-30 20:58:13.818177	f	user	t	\N
373	158	287	2025-07-24 16:46:24.977443	2025-07-24 21:21:24.825589	2025-07-30 22:54:43.128734	f	owner	f	\N
431	164	289	2025-07-30 20:50:44.510609	2025-07-31 01:43:51.204274	2025-07-31 01:43:51.204277	f	user	t	\N
436	178	129	2025-07-30 20:50:44.510609	2025-07-31 01:59:55.901093	2025-07-31 01:59:55.901097	f	user	t	\N
453	182	292	2025-08-01 02:48:35.720877	2025-08-01 14:46:45.27164	2025-08-01 14:46:45.271644	f	user	t	active
455	182	289	2025-08-01 02:48:35.720877	2025-08-01 14:46:45.279068	2025-08-01 14:46:45.279071	f	user	t	active
464	187	30	2025-08-02 03:47:09.985962	2025-08-02 04:18:31.87492	2025-08-02 04:18:31.874923	f	user	t	active
481	190	294	2025-08-02 14:54:22.248076	2025-08-04 19:51:59.581682	2025-08-04 19:51:59.581685	f	user	t	active
486	190	287	2025-08-02 14:54:22.248076	2025-08-04 19:51:59.597745	2025-08-04 19:51:59.597748	f	user	t	active
491	190	282	2025-08-02 14:54:22.248076	2025-08-04 19:51:59.612913	2025-08-04 19:51:59.612916	f	user	t	active
496	190	279	2025-08-02 14:54:22.248076	2025-08-04 19:51:59.627998	2025-08-04 19:51:59.628001	f	user	t	active
502	156	274	2025-08-02 14:54:22.248076	2025-08-04 20:03:56.556507	2025-08-04 20:03:56.556512	f	user	t	active
508	193	46	2025-08-02 14:54:22.248076	2025-08-04 21:28:11.99891	2025-08-04 21:28:11.998913	f	user	t	active
509	194	110	2025-08-02 14:54:22.248076	2025-08-04 22:59:32.540551	2025-08-04 22:59:32.540555	f	owner	t	active
518	91	128	2025-08-06 02:17:36.465744	2025-08-06 18:35:36.157551	2025-08-06 18:35:36.15758	f	user	t	active
552	210	128	2025-08-07 15:18:33.48539	2025-08-07 20:13:06.00589	2025-08-07 20:13:06.005893	f	owner	t	active
564	186	301	2025-08-08 14:28:50.292734	2025-08-08 14:59:32.851057	2025-08-08 14:59:32.851063	f	user	t	active
574	216	32	2025-08-11 14:25:28.539178	2025-08-11 19:47:58.17302	2025-08-11 19:47:58.173023	f	owner	t	active
575	216	300	2025-08-11 14:25:28.539178	2025-08-11 19:51:53.643711	2025-08-11 19:51:53.643717	f	user	t	active
585	218	128	2025-08-13 14:47:36.807586	2025-08-13 15:24:14.692873	2025-08-13 15:24:14.692876	f	user	t	active
588	220	129	2025-08-13 14:47:36.807586	2025-08-13 15:38:29.160394	2025-08-13 15:38:29.160398	f	owner	t	active
597	222	25	2025-08-13 14:47:36.807586	2025-08-13 19:09:35.993709	2025-08-13 19:09:35.993711	f	user	t	active
604	223	26	2025-08-13 14:47:36.807586	2025-08-13 19:11:14.743174	2025-08-13 19:11:14.743177	f	user	t	active
608	225	32	2025-08-13 14:47:36.807586	2025-08-13 22:14:46.313916	2025-08-13 22:14:46.313919	f	owner	t	active
617	164	110	2025-08-14 19:10:41.911194	2025-08-14 22:54:15.410223	2025-08-14 22:54:15.410226	f	user	t	active
670	243	306	2025-08-21 19:20:37.473176	2025-08-21 22:14:29.259431	2025-08-21 22:14:29.259435	f	user	t	active
673	243	302	2025-08-21 19:20:37.473176	2025-08-21 22:14:29.476755	2025-08-21 22:14:29.47676	f	user	t	active
676	243	298	2025-08-21 19:20:37.473176	2025-08-21 22:14:29.693065	2025-08-21 22:14:29.693085	f	user	t	active
679	243	295	2025-08-21 19:20:37.473176	2025-08-21 22:14:29.815102	2025-08-21 22:14:29.815107	f	user	t	active
682	243	290	2025-08-21 19:20:37.473176	2025-08-21 22:14:30.130793	2025-08-21 22:14:30.130798	f	user	t	active
685	243	287	2025-08-21 19:20:37.473176	2025-08-21 22:14:30.534083	2025-08-21 22:14:30.534087	f	user	t	active
688	243	284	2025-08-21 19:20:37.473176	2025-08-21 22:14:30.777329	2025-08-21 22:14:30.777332	f	user	t	active
691	243	281	2025-08-21 19:20:37.473176	2025-08-21 22:14:31.175009	2025-08-21 22:14:31.175013	f	user	t	active
694	243	266	2025-08-21 19:20:37.473176	2025-08-21 22:14:31.673494	2025-08-21 22:14:31.673498	f	user	t	active
697	243	216	2025-08-21 19:20:37.473176	2025-08-21 22:14:32.230449	2025-08-21 22:14:32.230452	f	user	t	active
700	244	131	2025-08-21 19:20:37.473176	2025-08-21 22:45:43.623854	2025-08-21 22:45:43.623857	f	owner	t	active
704	246	78	2025-08-21 19:20:37.473176	2025-08-22 00:04:37.46037	2025-08-22 00:04:37.460373	f	owner	t	active
706	247	110	2025-08-21 19:20:37.473176	2025-08-22 00:23:09.430548	2025-08-22 00:23:09.430552	f	owner	t	active
3	2	23	2025-05-06 17:58:29.500061	2025-05-06 17:58:29.500094	2025-05-06 17:58:29.500119	f	user	t	\N
4	2	17	2025-05-06 17:58:29.500061	2025-05-06 17:58:29.500094	2025-05-06 17:58:29.500119	f	user	t	\N
45	23	110	2025-05-08 22:26:54.666598	2025-05-08 22:26:54.666631	2025-05-22 20:27:18.613215	t	user	t	\N
6	3	2	2025-05-06 17:58:29.500061	2025-05-06 17:58:29.500094	2025-05-06 17:58:29.500119	f	user	t	\N
65	33	94	2025-05-26 16:57:50.346623	2025-05-26 17:46:41.942963	2025-05-26 17:46:41.942967	f	user	t	\N
10	5	30	2025-05-06 17:58:29.500061	2025-05-06 17:58:29.500094	2025-05-06 17:58:29.500119	f	user	t	\N
46	23	94	2025-05-08 22:26:54.666598	2025-05-08 22:26:54.666631	2025-05-26 17:48:26.488155	t	user	t	\N
67	34	127	2025-05-27 00:00:57.802805	2025-05-28 02:01:46.572724	2025-05-28 02:01:46.572729	f	user	t	\N
68	34	94	2025-05-27 00:00:57.802805	2025-05-28 02:01:46.577814	2025-05-28 02:01:46.577817	f	user	t	\N
14	7	96	2025-05-06 17:58:29.500061	2025-05-06 17:58:29.500094	2025-05-06 17:58:29.500119	f	user	t	\N
69	35	127	2025-05-27 00:00:57.802805	2025-05-28 03:28:06.679586	2025-05-28 03:28:06.679589	f	user	t	\N
16	8	92	2025-05-06 17:58:29.500061	2025-05-06 17:58:29.500094	2025-05-06 17:58:29.500119	f	user	t	\N
70	35	23	2025-05-27 00:00:57.802805	2025-05-28 03:28:06.683388	2025-05-28 03:28:06.683392	f	user	t	\N
18	9	76	2025-05-06 17:58:29.500061	2025-05-06 17:58:29.500094	2025-05-06 17:58:29.500119	f	user	t	\N
19	10	2	2025-05-07 22:21:51.757197	2025-05-07 22:21:51.757228	2025-05-07 22:21:51.757262	f	user	t	\N
20	10	64	2025-05-07 22:21:51.757197	2025-05-07 22:21:51.757228	2025-05-07 22:21:51.757262	f	user	t	\N
21	11	2	2025-05-07 22:21:51.757197	2025-05-07 22:21:51.757228	2025-05-07 22:21:51.757262	f	user	t	\N
23	12	2	2025-05-07 22:21:51.757197	2025-05-07 22:21:51.757228	2025-05-07 22:21:51.757262	f	user	t	\N
25	13	2	2025-05-07 22:21:51.757197	2025-05-07 22:21:51.757228	2025-05-07 22:21:51.757262	f	user	t	\N
27	14	2	2025-05-07 22:21:51.757197	2025-05-07 22:21:51.757228	2025-05-07 22:21:51.757262	f	user	t	\N
287	105	285	2025-07-18 16:13:42.740509	2025-07-18 19:32:46.839069	2025-07-23 18:04:40.487573	t	owner	t	\N
29	15	2	2025-05-07 22:21:51.757197	2025-05-07 22:21:51.757228	2025-05-07 22:21:51.757262	f	user	t	\N
31	16	2	2025-05-07 22:21:51.757197	2025-05-07 22:21:51.757228	2025-05-07 22:21:51.757262	f	user	t	\N
33	17	2	2025-05-07 22:21:51.757197	2025-05-07 22:21:51.757228	2025-05-07 22:21:51.757262	f	user	t	\N
35	18	2	2025-05-07 22:21:51.757197	2025-05-07 22:21:51.757228	2025-05-07 22:21:51.757262	f	user	t	\N
37	19	2	2025-05-07 22:21:51.757197	2025-05-07 22:21:51.757228	2025-05-07 22:21:51.757262	f	user	t	\N
39	20	2	2025-05-07 22:21:51.757197	2025-05-07 22:21:51.757228	2025-05-07 22:21:51.757262	f	user	t	\N
13	7	23	2025-05-06 17:58:29.500061	2025-05-06 17:58:29.500094	2025-05-08 00:27:56.076255	t	user	t	\N
5	3	23	2025-05-06 17:58:29.500061	2025-05-06 17:58:29.500094	2025-05-08 00:27:56.076255	t	user	t	\N
7	4	23	2025-05-06 17:58:29.500061	2025-05-06 17:58:29.500094	2025-05-08 00:27:56.076255	t	user	t	\N
15	8	23	2025-05-06 17:58:29.500061	2025-05-06 17:58:29.500094	2025-05-08 00:27:56.076255	t	user	t	\N
41	21	2	2025-05-08 22:26:54.666598	2025-05-08 22:26:54.666631	2025-05-08 22:26:54.666651	f	user	t	\N
42	21	10	2025-05-08 22:26:54.666598	2025-05-08 22:26:54.666631	2025-05-08 22:26:54.666651	f	user	t	\N
9	5	23	2025-05-06 17:58:29.500061	2025-05-06 17:58:29.500094	2025-05-08 22:26:54.666652	t	user	t	\N
11	6	23	2025-05-06 17:58:29.500061	2025-05-06 17:58:29.500094	2025-05-08 22:26:54.666652	t	user	t	\N
17	9	23	2025-05-06 17:58:29.500061	2025-05-06 17:58:29.500094	2025-05-08 22:26:54.666652	t	user	t	\N
44	22	100	2025-05-08 22:26:54.666598	2025-05-08 22:26:54.666631	2025-05-08 22:26:54.666651	f	user	t	\N
49	25	103	2025-05-08 22:26:54.666598	2025-05-08 22:26:54.666631	2025-05-08 22:26:54.666651	f	user	t	\N
51	26	103	2025-05-08 22:26:54.666598	2025-05-08 22:26:54.666631	2025-05-08 22:26:54.666652	t	user	t	\N
53	27	117	2025-05-08 22:26:54.666598	2025-05-08 22:26:54.666631	2025-05-08 22:26:54.666651	f	user	t	\N
54	27	107	2025-05-08 22:26:54.666598	2025-05-08 22:26:54.666631	2025-05-08 22:26:54.666651	f	user	t	\N
55	28	23	2025-05-08 22:26:54.666598	2025-05-08 22:26:54.666631	2025-05-08 22:26:54.666651	f	user	t	\N
12	6	32	2025-05-06 17:58:29.500061	2025-05-06 17:58:29.500094	2025-05-16 15:01:57.709155	t	user	t	\N
47	24	32	2025-05-08 22:26:54.666598	2025-05-08 22:26:54.666631	2025-05-16 15:10:03.872918	t	user	t	\N
57	29	32	2025-05-15 22:12:36.91275	2025-05-16 20:25:49.943634	2025-05-16 20:25:49.943637	f	user	t	\N
58	29	117	2025-05-15 22:12:36.91275	2025-05-16 20:25:49.946596	2025-05-16 20:25:49.9466	f	user	t	\N
59	30	32	2025-05-15 22:12:36.91275	2025-05-16 20:26:13.764617	2025-05-16 20:26:13.76462	f	user	t	\N
60	30	96	2025-05-15 22:12:36.91275	2025-05-16 20:26:13.767377	2025-05-16 20:26:13.767379	f	user	t	\N
71	36	123	2025-05-27 00:00:57.802805	2025-05-28 16:52:23.339095	2025-05-28 16:52:23.339099	f	user	t	\N
72	36	23	2025-05-27 00:00:57.802805	2025-05-28 16:52:23.342185	2025-05-28 16:52:23.342188	f	user	t	\N
52	26	23	2025-05-08 22:26:54.666598	2025-05-08 22:26:54.666631	2025-06-04 16:32:21.960376	t	user	t	\N
61	31	23	2025-05-16 21:21:17.545734	2025-05-18 04:23:47.494647	2025-06-04 16:32:29.198148	t	user	t	\N
63	32	23	2025-05-16 21:21:17.545734	2025-05-18 04:24:17.75058	2025-06-04 16:32:34.019091	t	user	t	\N
73	37	32	2025-06-05 16:20:13.763104	2025-06-05 16:40:52.326155	2025-06-05 16:40:52.326158	f	owner	t	\N
74	37	134	2025-06-05 16:20:13.763104	2025-06-05 16:40:52.331419	2025-06-05 16:40:52.331422	f	user	t	\N
75	38	32	2025-06-05 17:13:36.569939	2025-06-05 17:55:31.076611	2025-06-05 17:55:31.076615	f	owner	t	\N
76	38	76	2025-06-05 17:13:36.569939	2025-06-05 17:55:31.08194	2025-06-05 17:55:31.081943	f	user	t	\N
79	40	141	2025-06-05 17:13:36.569939	2025-06-05 23:06:33.284464	2025-06-05 23:06:33.284468	f	owner	t	\N
80	40	23	2025-06-05 17:13:36.569939	2025-06-05 23:06:33.28778	2025-06-05 23:06:33.287784	f	user	t	\N
81	41	17	2025-06-05 17:13:36.569939	2025-06-06 19:41:42.672806	2025-06-06 19:41:42.672809	f	owner	t	\N
82	41	23	2025-06-05 17:13:36.569939	2025-06-06 19:41:42.677219	2025-06-06 19:41:42.677222	f	user	t	\N
83	42	17	2025-06-05 17:13:36.569939	2025-06-06 19:48:53.682568	2025-06-06 19:48:53.682573	f	owner	t	\N
84	42	23	2025-06-05 17:13:36.569939	2025-06-06 19:48:53.687865	2025-06-06 19:48:53.687868	f	user	t	\N
85	43	17	2025-06-05 17:13:36.569939	2025-06-06 21:47:30.094141	2025-06-06 21:47:30.094145	f	owner	t	\N
86	43	23	2025-06-05 17:13:36.569939	2025-06-06 21:47:30.098748	2025-06-06 21:47:30.098751	f	user	t	\N
87	44	17	2025-06-05 17:13:36.569939	2025-06-06 22:45:56.667182	2025-06-06 22:45:56.667185	f	owner	t	\N
88	44	23	2025-06-05 17:13:36.569939	2025-06-06 22:45:56.671971	2025-06-06 22:45:56.671973	f	user	t	\N
89	45	32	2025-06-10 21:37:38.419004	2025-06-11 00:48:37.001665	2025-06-11 00:48:37.001668	f	owner	t	\N
90	45	123	2025-06-10 21:37:38.419004	2025-06-11 00:48:37.007443	2025-06-11 00:48:37.007447	f	user	t	\N
91	46	2	2025-06-11 15:49:58.210894	2025-06-11 21:59:15.040722	2025-06-11 21:59:15.040725	f	owner	t	\N
92	46	144	2025-06-11 15:49:58.210894	2025-06-11 21:59:15.046501	2025-06-11 21:59:15.046505	f	user	t	\N
93	47	144	2025-06-12 15:28:07.014604	2025-06-12 19:43:01.472882	2025-06-12 19:43:01.472886	f	owner	t	\N
94	47	23	2025-06-12 15:28:07.014604	2025-06-12 19:43:01.480312	2025-06-12 19:43:01.480315	f	user	t	\N
95	48	144	2025-06-12 15:28:07.014604	2025-06-12 21:01:33.687647	2025-06-12 21:01:33.68765	f	owner	t	\N
96	48	23	2025-06-12 15:28:07.014604	2025-06-12 21:01:33.692675	2025-06-12 21:01:33.692695	f	user	t	\N
97	48	17	2025-06-12 15:28:07.014604	2025-06-12 21:10:28.912294	2025-06-12 21:10:28.912298	f	user	t	\N
98	49	17	2025-06-12 15:28:07.014604	2025-06-12 21:37:39.530337	2025-06-12 21:37:39.530342	f	owner	t	\N
99	49	144	2025-06-12 15:28:07.014604	2025-06-12 21:37:39.534085	2025-06-12 21:37:39.534088	f	user	t	\N
100	50	145	2025-06-13 17:58:54.954308	2025-06-13 20:03:16.183124	2025-06-13 20:03:16.183127	f	owner	t	\N
101	50	17	2025-06-13 17:58:54.954308	2025-06-13 20:03:16.188138	2025-06-13 20:03:16.188141	f	user	t	\N
102	51	110	2025-06-13 17:58:54.954308	2025-06-13 20:10:28.916534	2025-06-13 20:10:28.916538	f	owner	t	\N
66	33	32	2025-05-26 16:57:50.346623	2025-05-26 17:46:41.94746	2025-06-20 06:43:28.620147	t	user	t	\N
77	39	32	2025-06-05 17:13:36.569939	2025-06-05 20:42:21.536256	2025-06-26 14:49:26.392231	t	owner	t	\N
78	39	139	2025-06-05 17:13:36.569939	2025-06-05 20:42:21.539439	2025-07-14 17:02:15.975932	t	user	t	\N
111	52	46	2025-06-14 00:06:56.090689	2025-06-14 01:55:15.867437	2025-06-14 01:55:15.867441	f	user	t	\N
112	52	56	2025-06-14 00:06:56.090689	2025-06-14 01:55:48.828428	2025-06-14 01:55:48.828432	f	user	t	\N
113	52	34	2025-06-14 00:06:56.090689	2025-06-14 01:55:48.832088	2025-06-14 01:55:48.832091	f	user	t	\N
114	52	26	2025-06-14 00:06:56.090689	2025-06-14 01:55:48.835129	2025-06-14 01:55:48.835132	f	user	t	\N
115	52	66	2025-06-14 00:06:56.090689	2025-06-14 01:59:09.491877	2025-06-14 01:59:09.491881	f	user	t	\N
116	52	8	2025-06-14 00:06:56.090689	2025-06-14 01:59:38.568096	2025-06-14 01:59:38.568099	f	user	t	\N
118	52	10	2025-06-14 00:06:56.090689	2025-06-14 01:59:38.574394	2025-06-14 01:59:38.574397	f	user	t	\N
119	52	35	2025-06-14 00:06:56.090689	2025-06-14 02:01:36.747318	2025-06-14 02:01:36.747322	f	user	t	\N
120	52	24	2025-06-14 00:06:56.090689	2025-06-14 02:03:01.954725	2025-06-14 02:03:01.954728	f	user	t	\N
121	52	21	2025-06-14 00:06:56.090689	2025-06-14 02:03:01.958143	2025-06-14 02:03:01.958146	f	user	t	\N
122	52	13	2025-06-14 00:06:56.090689	2025-06-14 02:03:01.961168	2025-06-14 02:03:01.961171	f	user	t	\N
123	54	145	2025-06-14 00:06:56.090689	2025-06-14 02:06:52.002781	2025-06-14 02:06:52.002785	f	owner	t	\N
124	54	23	2025-06-14 00:06:56.090689	2025-06-14 02:06:52.007379	2025-06-14 02:06:52.007382	f	user	t	\N
125	54	24	2025-06-14 00:06:56.090689	2025-06-14 02:07:06.731552	2025-06-14 02:07:06.731557	f	user	t	\N
50	25	110	2025-05-08 22:26:54.666598	2025-05-08 22:26:54.666631	2025-07-30 21:02:09.117778	t	user	t	\N
56	28	110	2025-05-08 22:26:54.666598	2025-05-08 22:26:54.666631	2025-07-30 21:02:12.950901	t	user	t	\N
117	52	18	2025-06-14 00:06:56.090689	2025-06-14 01:59:38.57156	2025-07-31 18:41:02.851233	f	user	t	deleted
126	54	21	2025-06-14 00:06:56.090689	2025-06-14 02:07:06.73496	2025-06-14 02:07:06.734963	f	user	t	\N
127	54	30	2025-06-14 00:06:56.090689	2025-06-14 02:07:06.737743	2025-06-14 02:07:06.737746	f	user	t	\N
128	47	17	2025-06-14 00:06:56.090689	2025-06-14 03:00:09.976576	2025-06-14 03:00:09.97658	f	user	t	\N
129	47	127	2025-06-14 00:06:56.090689	2025-06-14 03:08:58.569531	2025-06-14 03:08:58.569535	f	user	t	\N
130	41	127	2025-06-14 00:06:56.090689	2025-06-14 03:24:36.401819	2025-06-14 03:24:36.401822	f	administrator	t	\N
131	41	32	2025-06-15 19:53:26.951015	2025-06-16 23:09:25.858594	2025-06-16 23:09:25.858599	f	user	t	\N
132	41	30	2025-06-15 19:53:26.951015	2025-06-16 23:09:25.863309	2025-06-16 23:09:25.863312	f	user	t	\N
133	55	17	2025-06-15 19:53:26.951015	2025-06-16 23:10:49.446328	2025-06-16 23:10:49.446333	f	owner	t	\N
134	55	135	2025-06-15 19:53:26.951015	2025-06-16 23:11:17.57225	2025-06-16 23:11:17.572253	f	user	t	\N
135	56	135	2025-06-15 19:53:26.951015	2025-06-16 23:30:08.484575	2025-06-16 23:30:08.484579	f	owner	t	\N
136	56	17	2025-06-15 19:53:26.951015	2025-06-16 23:30:08.487801	2025-06-16 23:30:08.487804	f	user	t	\N
137	57	128	2025-06-19 01:05:06.598603	2025-06-19 19:56:09.897808	2025-06-19 19:56:09.897812	f	owner	t	\N
138	58	128	2025-06-19 01:05:06.598603	2025-06-19 20:43:08.466225	2025-06-19 20:43:08.466228	f	owner	t	\N
147	60	135	2025-06-19 21:11:30.392085	2025-06-20 06:42:01.682448	2025-06-20 06:42:01.682451	f	owner	t	\N
148	60	32	2025-06-19 21:11:30.392085	2025-06-20 06:42:01.685978	2025-06-20 06:42:01.685981	f	user	t	\N
151	61	131	2025-06-19 21:11:30.392085	2025-06-20 15:58:39.539054	2025-06-20 15:58:39.539057	f	user	t	\N
152	61	127	2025-06-19 21:11:30.392085	2025-06-20 15:58:39.542356	2025-06-20 15:58:39.542359	f	user	t	\N
153	61	123	2025-06-19 21:11:30.392085	2025-06-20 15:58:39.545571	2025-06-20 15:58:39.545574	f	user	t	\N
154	61	121	2025-06-19 21:11:30.392085	2025-06-20 15:58:39.548464	2025-06-20 15:58:39.548466	f	user	t	\N
155	61	73	2025-06-19 21:11:30.392085	2025-06-20 15:58:39.551366	2025-06-20 15:58:39.551368	f	user	t	\N
156	61	71	2025-06-19 21:11:30.392085	2025-06-20 15:58:39.55431	2025-06-20 15:58:39.554313	f	user	t	\N
157	61	67	2025-06-19 21:11:30.392085	2025-06-20 15:58:39.557147	2025-06-20 15:58:39.55715	f	user	t	\N
158	61	60	2025-06-19 21:11:30.392085	2025-06-20 15:58:39.559877	2025-06-20 15:58:39.55988	f	user	t	\N
159	61	57	2025-06-19 21:11:30.392085	2025-06-20 15:58:39.562847	2025-06-20 15:58:39.56285	f	user	t	\N
160	61	51	2025-06-19 21:11:30.392085	2025-06-20 15:58:39.56549	2025-06-20 15:58:39.565493	f	user	t	\N
161	57	23	2025-06-20 20:32:03.036281	2025-06-20 21:31:00.591658	2025-06-20 21:31:00.591664	f	user	t	\N
162	62	76	2025-06-20 22:59:10.155584	2025-06-22 17:43:01.214479	2025-06-22 17:43:01.214482	f	owner	t	\N
163	62	219	2025-06-20 22:59:10.155584	2025-06-22 17:43:36.668987	2025-06-22 17:43:36.66899	f	user	t	\N
164	62	218	2025-06-20 22:59:10.155584	2025-06-22 17:43:36.67259	2025-06-22 17:43:36.672593	f	user	t	\N
165	62	138	2025-06-20 22:59:10.155584	2025-06-22 17:43:36.675911	2025-06-22 17:43:36.67593	f	user	t	\N
166	62	84	2025-06-20 22:59:10.155584	2025-06-22 17:43:36.67918	2025-06-22 17:43:36.679182	f	user	t	\N
167	62	83	2025-06-20 22:59:10.155584	2025-06-22 17:43:36.682263	2025-06-22 17:43:36.682265	f	user	t	\N
168	62	77	2025-06-20 22:59:10.155584	2025-06-22 17:43:36.685521	2025-06-22 17:43:36.68554	f	user	t	\N
171	64	17	2025-06-20 22:59:10.155584	2025-06-23 21:31:31.189298	2025-06-23 21:31:31.189301	f	owner	t	\N
172	64	145	2025-06-20 22:59:10.155584	2025-06-23 21:31:39.087477	2025-06-23 21:31:39.08748	f	user	t	\N
173	65	220	2025-06-23 21:59:52.09216	2025-06-23 23:02:40.550631	2025-06-23 23:02:40.550634	f	owner	t	\N
174	65	144	2025-06-23 21:59:52.09216	2025-06-23 23:02:48.718421	2025-06-23 23:02:48.718427	f	user	t	\N
175	66	220	2025-06-23 21:59:52.09216	2025-06-23 23:10:44.807594	2025-06-23 23:10:44.807599	f	owner	t	\N
176	66	144	2025-06-23 21:59:52.09216	2025-06-23 23:10:50.716373	2025-06-23 23:10:50.716376	f	user	t	\N
178	68	80	2025-06-24 22:32:28.884295	2025-06-25 00:51:21.333784	2025-06-25 00:51:21.333787	f	owner	t	\N
180	70	80	2025-06-24 22:32:28.884295	2025-06-25 00:53:21.739415	2025-06-25 00:53:21.739418	f	owner	t	\N
181	71	80	2025-06-24 22:32:28.884295	2025-06-25 00:56:06.627405	2025-06-25 00:56:06.627408	f	owner	t	\N
182	72	80	2025-06-24 22:32:28.884295	2025-06-25 00:56:06.830624	2025-06-25 00:56:06.830627	f	owner	t	\N
184	74	17	2025-06-25 13:33:25.631157	2025-06-25 19:24:27.824891	2025-06-25 19:24:27.824895	f	owner	t	\N
185	74	76	2025-06-25 13:33:25.631157	2025-06-25 19:24:27.829397	2025-06-25 19:24:27.8294	f	user	t	\N
187	76	80	2025-06-25 22:23:57.65082	2025-06-25 23:33:28.556878	2025-06-25 23:33:28.556882	f	owner	t	\N
188	76	138	2025-06-25 22:23:57.65082	2025-06-25 23:40:49.968747	2025-06-25 23:40:49.96875	f	user	t	\N
189	76	94	2025-06-25 22:23:57.65082	2025-06-25 23:40:49.972161	2025-06-25 23:40:49.972164	f	user	t	\N
190	76	32	2025-06-25 22:23:57.65082	2025-06-25 23:40:49.975085	2025-06-25 23:40:49.975087	f	user	t	\N
191	76	34	2025-06-25 22:23:57.65082	2025-06-25 23:40:49.978014	2025-06-25 23:40:49.978017	f	user	t	\N
150	61	139	2025-06-19 21:11:30.392085	2025-06-20 15:58:39.535438	2025-07-14 17:02:18.693495	t	user	t	\N
149	61	32	2025-06-19 21:11:30.392085	2025-06-20 15:57:27.346378	2025-07-14 17:02:25.470147	t	owner	t	\N
139	59	32	2025-06-19 21:11:30.392085	2025-06-20 06:37:17.467424	2025-07-15 21:31:22.23196	t	owner	t	\N
140	59	138	2025-06-19 21:11:30.392085	2025-06-20 06:37:45.872227	2025-07-15 21:31:22.231965	t	user	t	\N
177	67	80	2025-06-24 22:32:28.884295	2025-06-25 00:47:02.555524	2025-07-21 19:11:08.908185	t	owner	t	\N
179	69	80	2025-06-24 22:32:28.884295	2025-06-25 00:52:51.968735	2025-07-21 19:11:12.155948	t	owner	t	\N
183	73	80	2025-06-24 22:32:28.884295	2025-06-25 00:56:06.844025	2025-07-21 19:11:28.348083	t	owner	t	\N
186	75	80	2025-06-25 22:23:57.65082	2025-06-25 23:13:10.468863	2025-07-21 19:11:38.019075	t	owner	t	\N
203	78	32	2025-06-25 22:23:57.65082	2025-06-26 14:59:38.182828	2025-06-26 14:59:38.182831	f	owner	t	\N
205	78	134	2025-06-25 22:23:57.65082	2025-06-26 14:59:59.754904	2025-06-26 14:59:59.754906	f	user	t	\N
208	79	220	2025-06-25 22:23:57.65082	2025-06-26 18:51:27.509837	2025-06-26 18:51:27.50984	f	user	t	\N
210	80	80	2025-06-25 22:23:57.65082	2025-06-26 19:25:44.768199	2025-06-26 19:25:44.768202	f	user	t	\N
212	81	80	2025-06-25 22:23:57.65082	2025-06-26 19:26:45.368994	2025-06-26 19:26:45.368997	f	user	t	\N
214	82	265	2025-06-25 22:23:57.65082	2025-06-26 20:01:45.031741	2025-06-26 20:01:45.031744	f	user	t	\N
215	83	135	2025-06-25 22:23:57.65082	2025-06-26 20:09:20.163187	2025-06-26 20:09:20.163191	f	owner	t	\N
216	83	265	2025-06-25 22:23:57.65082	2025-06-26 20:09:20.16731	2025-06-26 20:09:20.167313	f	user	t	\N
217	84	127	2025-06-25 22:23:57.65082	2025-06-26 23:32:27.633214	2025-06-26 23:32:27.633218	f	owner	t	\N
218	84	220	2025-06-25 22:23:57.65082	2025-06-26 23:32:45.290608	2025-06-26 23:32:45.290611	f	user	t	\N
219	85	127	2025-06-25 22:23:57.65082	2025-06-26 23:45:04.889785	2025-06-26 23:45:04.889788	f	owner	t	\N
220	85	217	2025-06-25 22:23:57.65082	2025-06-26 23:45:12.4589	2025-06-26 23:45:12.458904	f	user	t	\N
221	85	23	2025-06-25 22:23:57.65082	2025-06-26 23:57:57.598302	2025-06-26 23:57:57.598306	f	user	t	\N
169	63	23	2025-06-20 22:59:10.155584	2025-06-23 20:13:59.002289	2025-06-27 00:28:04.026262	t	owner	t	\N
170	63	129	2025-06-20 22:59:10.155584	2025-06-23 20:14:30.370368	2025-06-27 00:28:04.026266	t	user	t	\N
222	86	23	2025-06-25 22:23:57.65082	2025-06-27 00:30:52.962542	2025-06-27 00:30:52.962545	f	owner	t	\N
223	86	24	2025-06-25 22:23:57.65082	2025-06-27 00:30:52.965475	2025-06-27 00:30:52.965477	f	user	t	\N
224	87	127	2025-06-25 22:23:57.65082	2025-06-27 00:33:33.238857	2025-06-27 00:33:33.23886	f	owner	t	\N
225	87	217	2025-06-25 22:23:57.65082	2025-06-27 00:33:33.24212	2025-06-27 00:33:33.242123	f	user	t	\N
226	88	23	2025-06-25 22:23:57.65082	2025-06-27 00:35:50.19112	2025-06-27 00:35:50.191124	f	owner	t	\N
227	88	145	2025-06-25 22:23:57.65082	2025-06-27 00:35:50.194776	2025-06-27 00:35:50.194779	f	user	t	\N
206	78	135	2025-06-25 22:23:57.65082	2025-06-26 14:59:59.75815	2025-08-01 23:49:15.334121	f	user	t	\N
228	89	144	2025-06-27 14:43:45.502891	2025-06-27 18:05:13.16246	2025-06-27 18:05:13.162463	f	owner	t	\N
229	89	110	2025-06-27 14:43:45.502891	2025-06-27 18:05:13.166877	2025-06-27 18:05:13.16688	f	user	t	\N
230	90	144	2025-06-27 14:43:45.502891	2025-06-27 18:05:50.56698	2025-06-27 18:05:50.566983	f	owner	t	\N
231	90	23	2025-06-27 14:43:45.502891	2025-06-27 18:05:50.5701	2025-06-27 18:05:50.570103	f	user	t	\N
232	91	23	2025-06-27 14:43:45.502891	2025-06-27 21:48:48.476487	2025-06-27 21:48:48.476491	f	owner	t	\N
233	91	145	2025-06-27 14:43:45.502891	2025-06-27 21:50:56.58978	2025-06-27 21:50:56.589784	f	user	t	\N
234	91	144	2025-06-27 14:43:45.502891	2025-06-27 21:50:56.594423	2025-06-27 21:50:56.594426	f	user	t	\N
235	91	142	2025-06-27 14:43:45.502891	2025-06-27 21:50:56.597958	2025-06-27 21:50:56.59796	f	user	t	\N
236	91	141	2025-06-27 14:43:45.502891	2025-06-27 21:50:56.601413	2025-06-27 21:50:56.601416	f	user	t	\N
237	91	140	2025-06-27 14:43:45.502891	2025-06-27 21:50:56.604799	2025-06-27 21:50:56.604802	f	user	t	\N
238	91	137	2025-06-27 14:43:45.502891	2025-06-27 21:50:56.608127	2025-06-27 21:50:56.60813	f	user	t	\N
239	92	32	2025-06-27 23:58:30.519721	2025-06-28 01:24:59.830536	2025-06-28 01:24:59.830539	f	owner	t	\N
240	92	266	2025-06-27 23:58:30.519721	2025-06-28 01:24:59.839481	2025-06-28 01:24:59.839484	f	user	t	\N
241	93	94	2025-06-30 16:04:29.539162	2025-06-30 20:25:14.299085	2025-06-30 20:25:14.299089	f	owner	t	\N
242	93	23	2025-06-30 16:04:29.539162	2025-06-30 20:25:14.303771	2025-06-30 20:25:14.303774	f	user	t	\N
243	94	64	2025-07-09 18:00:03.65658	2025-07-09 19:13:01.095853	2025-07-09 19:13:01.095856	f	owner	t	\N
244	94	23	2025-07-09 18:00:03.65658	2025-07-09 19:13:01.105473	2025-07-09 19:13:01.105476	f	user	t	\N
245	95	64	2025-07-09 18:00:03.65658	2025-07-10 03:20:41.307716	2025-07-10 03:20:41.307719	f	owner	t	\N
246	95	23	2025-07-09 18:00:03.65658	2025-07-10 03:20:41.312763	2025-07-10 03:20:41.312766	f	user	t	\N
247	96	64	2025-07-09 18:00:03.65658	2025-07-10 03:49:04.02755	2025-07-10 03:49:04.027554	f	owner	t	\N
248	96	135	2025-07-09 18:00:03.65658	2025-07-10 03:49:04.032673	2025-07-10 03:49:04.032676	f	user	t	\N
252	98	284	2025-07-15 17:58:48.236953	2025-07-15 18:57:48.320525	2025-07-15 18:57:48.320528	f	owner	t	\N
253	98	110	2025-07-15 17:58:48.236953	2025-07-15 18:57:48.326545	2025-07-15 18:57:48.326548	f	user	t	\N
254	99	284	2025-07-15 17:58:48.236953	2025-07-15 21:05:37.807026	2025-07-15 21:05:37.807029	f	owner	t	\N
255	99	279	2025-07-15 17:58:48.236953	2025-07-15 21:05:37.810211	2025-07-15 21:05:37.810214	f	user	t	\N
256	100	284	2025-07-15 17:58:48.236953	2025-07-15 21:09:05.24012	2025-07-15 21:09:05.240124	f	owner	t	\N
257	100	23	2025-07-15 17:58:48.236953	2025-07-15 21:09:05.243509	2025-07-15 21:09:05.243512	f	user	t	\N
141	59	139	2025-06-19 21:11:30.392085	2025-06-20 06:37:45.875887	2025-07-15 21:31:22.231966	t	user	t	\N
142	59	134	2025-06-19 21:11:30.392085	2025-06-20 06:37:45.879029	2025-07-15 21:31:22.231967	t	user	t	\N
143	59	131	2025-06-19 21:11:30.392085	2025-06-20 06:37:45.881944	2025-07-15 21:31:22.231968	t	user	t	\N
144	59	119	2025-06-19 21:11:30.392085	2025-06-20 06:37:45.885018	2025-07-15 21:31:22.231969	t	user	t	\N
145	59	110	2025-06-19 21:11:30.392085	2025-06-20 06:37:45.888031	2025-07-15 21:31:22.23197	t	user	t	\N
146	59	105	2025-06-19 21:11:30.392085	2025-06-20 06:37:45.891167	2025-07-15 21:31:22.231971	t	user	t	\N
260	59	121	2025-07-15 17:58:48.236953	2025-07-15 21:31:39.859857	2025-07-15 21:31:39.85986	f	user	t	\N
261	78	121	2025-07-15 17:58:48.236953	2025-07-15 21:32:19.707094	2025-07-15 21:32:19.707099	f	user	t	\N
262	78	119	2025-07-15 17:58:48.236953	2025-07-15 21:32:19.71155	2025-07-15 21:32:19.711554	f	user	t	\N
263	78	111	2025-07-15 17:58:48.236953	2025-07-15 21:32:19.715266	2025-07-15 21:32:19.715268	f	user	t	\N
264	78	105	2025-07-15 17:58:48.236953	2025-07-15 21:32:19.718919	2025-07-15 21:32:19.718922	f	user	t	\N
265	78	103	2025-07-15 17:58:48.236953	2025-07-15 21:32:19.722314	2025-07-15 21:32:19.722317	f	user	t	\N
266	78	101	2025-07-15 17:58:48.236953	2025-07-15 21:32:19.725766	2025-07-15 21:32:19.725769	f	user	t	\N
267	78	100	2025-07-15 17:58:48.236953	2025-07-15 21:32:19.729088	2025-07-15 21:32:19.729091	f	user	t	\N
268	78	97	2025-07-15 17:58:48.236953	2025-07-15 21:32:19.732404	2025-07-15 21:32:19.732406	f	user	t	\N
269	78	96	2025-07-15 17:58:48.236953	2025-07-15 21:32:19.735637	2025-07-15 21:32:19.73564	f	user	t	\N
270	78	94	2025-07-15 17:58:48.236953	2025-07-15 21:32:19.738775	2025-07-15 21:32:19.738778	f	user	t	\N
271	78	93	2025-07-15 17:58:48.236953	2025-07-15 21:32:19.742211	2025-07-15 21:32:19.742215	f	user	t	\N
272	78	92	2025-07-15 17:58:48.236953	2025-07-15 21:32:19.74578	2025-07-15 21:32:19.745783	f	user	t	\N
273	78	91	2025-07-15 17:58:48.236953	2025-07-15 21:32:19.749072	2025-07-15 21:32:19.749074	f	user	t	\N
274	78	83	2025-07-15 17:58:48.236953	2025-07-15 21:32:19.752316	2025-07-15 21:32:19.752318	f	user	t	\N
275	78	84	2025-07-15 17:58:48.236953	2025-07-15 21:32:19.75551	2025-07-15 21:32:19.755512	f	user	t	\N
276	78	85	2025-07-15 17:58:48.236953	2025-07-15 21:32:19.759024	2025-07-15 21:32:19.759027	f	user	t	\N
277	78	82	2025-07-15 17:58:48.236953	2025-07-15 21:32:19.762507	2025-07-15 21:32:19.76251	f	user	t	\N
278	78	81	2025-07-15 17:58:48.236953	2025-07-15 21:32:19.765656	2025-07-15 21:32:19.765659	f	user	t	\N
279	101	76	2025-07-15 17:58:48.236953	2025-07-15 22:22:01.903091	2025-07-15 22:22:01.903096	f	owner	t	\N
280	101	84	2025-07-15 17:58:48.236953	2025-07-15 22:22:01.907241	2025-07-15 22:22:01.907245	f	user	t	\N
281	102	287	2025-07-16 22:46:03.934447	2025-07-17 15:54:10.254604	2025-07-17 15:54:10.254608	f	owner	t	\N
294	108	265	2025-07-18 22:30:43.774054	2025-07-20 05:11:32.110803	2025-07-20 05:11:32.110806	f	user	t	\N
296	110	110	2025-07-18 22:30:43.774054	2025-07-21 16:46:02.96977	2025-07-21 16:53:17.902671	t	owner	t	\N
297	110	32	2025-07-18 22:30:43.774054	2025-07-21 16:52:35.187084	2025-07-21 16:53:17.902674	t	user	t	\N
298	110	94	2025-07-18 22:30:43.774054	2025-07-21 16:52:58.326444	2025-07-21 16:53:17.902675	t	user	t	\N
299	111	94	2025-07-18 22:30:43.774054	2025-07-21 18:16:17.435137	2025-07-21 18:16:17.43514	f	owner	t	\N
300	111	139	2025-07-18 22:30:43.774054	2025-07-21 18:16:17.438313	2025-07-21 18:16:17.438316	f	user	t	\N
301	112	289	2025-07-18 22:30:43.774054	2025-07-22 14:58:04.279963	2025-07-22 14:58:04.279966	f	owner	t	\N
302	112	109	2025-07-18 22:30:43.774054	2025-07-22 14:58:04.282969	2025-07-22 14:58:04.282972	f	user	t	\N
303	113	285	2025-07-22 15:28:24.733695	2025-07-22 19:02:23.399014	2025-07-22 19:02:23.399017	f	owner	t	\N
304	113	288	2025-07-22 15:28:24.733695	2025-07-22 19:02:23.403501	2025-07-22 19:02:23.403503	f	user	t	\N
305	114	285	2025-07-22 15:28:24.733695	2025-07-22 19:02:25.275067	2025-07-22 19:02:25.275071	f	owner	t	\N
306	114	265	2025-07-22 15:28:24.733695	2025-07-22 19:02:25.277868	2025-07-22 19:02:25.277871	f	user	t	\N
307	115	285	2025-07-22 15:28:24.733695	2025-07-22 20:27:37.400113	2025-07-22 20:27:37.400116	f	owner	t	\N
308	115	288	2025-07-22 15:28:24.733695	2025-07-22 20:29:51.898212	2025-07-22 20:29:51.898215	f	user	t	\N
309	116	285	2025-07-22 15:28:24.733695	2025-07-22 20:42:26.423984	2025-07-22 20:42:26.423987	f	owner	t	\N
310	116	288	2025-07-22 15:28:24.733695	2025-07-22 20:50:01.679244	2025-07-22 20:50:01.679247	f	user	t	\N
311	116	287	2025-07-22 15:28:24.733695	2025-07-22 20:50:01.683645	2025-07-22 20:50:01.68365	f	user	t	\N
312	117	285	2025-07-22 15:28:24.733695	2025-07-22 21:50:22.216238	2025-07-22 21:50:22.216241	f	owner	t	\N
313	118	285	2025-07-22 15:28:24.733695	2025-07-22 21:50:22.231574	2025-07-22 21:50:22.231577	f	owner	t	\N
314	118	288	2025-07-22 15:28:24.733695	2025-07-22 21:50:40.43484	2025-07-22 21:50:40.434844	f	user	t	\N
315	119	285	2025-07-22 15:28:24.733695	2025-07-22 21:55:51.547657	2025-07-22 21:55:51.547675	f	owner	t	\N
259	97	281	2025-07-15 17:58:48.236953	2025-07-15 21:29:45.377169	2025-07-31 01:58:50.677477	f	user	t	\N
251	97	266	2025-07-12 00:21:21.05354	2025-07-12 22:21:27.977037	2025-07-31 01:58:55.69426	f	user	t	\N
258	97	280	2025-07-15 17:58:48.236953	2025-07-15 21:29:45.373055	2025-07-31 01:58:59.084653	f	user	t	\N
250	97	265	2025-07-10 16:13:07.756255	2025-07-10 17:09:00.693712	2025-07-31 01:59:04.92488	f	user	t	\N
316	120	285	2025-07-22 15:28:24.733695	2025-07-22 21:55:51.77497	2025-07-22 21:55:51.774973	f	owner	t	\N
317	121	285	2025-07-22 15:28:24.733695	2025-07-22 21:55:51.792238	2025-07-22 21:55:51.792241	f	owner	t	\N
318	122	285	2025-07-22 15:28:24.733695	2025-07-22 21:55:51.807031	2025-07-22 21:55:51.807034	f	owner	t	\N
319	122	283	2025-07-22 15:28:24.733695	2025-07-22 21:56:02.010767	2025-07-22 21:56:02.01077	f	user	t	\N
320	123	285	2025-07-22 15:28:24.733695	2025-07-22 21:59:47.512752	2025-07-22 21:59:47.512755	f	owner	t	\N
321	124	285	2025-07-22 15:28:24.733695	2025-07-22 22:00:16.947056	2025-07-22 22:00:16.947059	f	owner	t	\N
322	125	285	2025-07-22 15:28:24.733695	2025-07-22 22:00:16.962846	2025-07-22 22:00:16.962849	f	owner	t	\N
323	126	285	2025-07-22 15:28:24.733695	2025-07-22 22:00:17.133101	2025-07-22 22:00:17.133104	f	owner	t	\N
324	127	285	2025-07-22 15:28:24.733695	2025-07-22 22:00:17.147118	2025-07-22 22:00:17.147121	f	owner	t	\N
325	128	285	2025-07-22 15:28:24.733695	2025-07-22 22:00:17.176645	2025-07-22 22:00:17.176648	f	owner	t	\N
326	128	281	2025-07-22 15:28:24.733695	2025-07-22 22:00:25.784496	2025-07-22 22:00:25.7845	f	user	t	\N
327	129	285	2025-07-22 15:28:24.733695	2025-07-22 22:01:17.450208	2025-07-22 22:01:17.450211	f	owner	t	\N
328	130	285	2025-07-22 15:28:24.733695	2025-07-22 22:01:17.527164	2025-07-22 22:01:17.527167	f	owner	t	\N
329	131	285	2025-07-22 15:28:24.733695	2025-07-22 22:01:46.519395	2025-07-22 22:01:46.519398	f	owner	t	\N
330	132	285	2025-07-22 15:28:24.733695	2025-07-22 22:01:46.644483	2025-07-22 22:01:46.644486	f	owner	t	\N
331	133	285	2025-07-22 15:28:24.733695	2025-07-22 22:01:46.721696	2025-07-22 22:01:46.721699	f	owner	t	\N
332	134	285	2025-07-22 15:28:24.733695	2025-07-22 22:01:46.735101	2025-07-22 22:01:46.735104	f	owner	t	\N
333	135	285	2025-07-22 15:28:24.733695	2025-07-22 22:01:46.750621	2025-07-22 22:01:46.750624	f	owner	t	\N
334	136	285	2025-07-22 15:28:24.733695	2025-07-22 22:01:46.761952	2025-07-22 22:01:46.761955	f	owner	t	\N
335	137	285	2025-07-22 15:28:24.733695	2025-07-22 22:02:47.410257	2025-07-22 22:02:47.41026	f	owner	t	\N
336	138	285	2025-07-22 15:28:24.733695	2025-07-22 22:02:47.604381	2025-07-22 22:02:47.604385	f	owner	t	\N
337	139	285	2025-07-22 15:28:24.733695	2025-07-22 22:02:47.675834	2025-07-22 22:02:47.675837	f	owner	t	\N
338	140	285	2025-07-22 15:28:24.733695	2025-07-22 22:02:47.692057	2025-07-22 22:02:47.69206	f	owner	t	\N
339	141	285	2025-07-22 15:28:24.733695	2025-07-22 22:02:47.706244	2025-07-22 22:02:47.706246	f	owner	t	\N
340	142	285	2025-07-22 15:28:24.733695	2025-07-22 22:02:47.733406	2025-07-22 22:02:47.733409	f	owner	t	\N
341	143	285	2025-07-22 15:28:24.733695	2025-07-22 22:04:07.278484	2025-07-22 22:04:07.278487	f	owner	t	\N
342	144	285	2025-07-22 15:28:24.733695	2025-07-22 22:05:53.713235	2025-07-22 22:05:53.713238	f	owner	t	\N
343	145	285	2025-07-22 15:28:24.733695	2025-07-22 22:05:53.732744	2025-07-22 22:05:53.732748	f	owner	t	\N
344	146	285	2025-07-22 15:28:24.733695	2025-07-22 22:05:53.752942	2025-07-22 22:05:53.752945	f	owner	t	\N
345	147	285	2025-07-22 15:28:24.733695	2025-07-22 22:05:53.762961	2025-07-22 22:05:53.762964	f	owner	t	\N
346	148	285	2025-07-22 15:28:24.733695	2025-07-22 22:06:21.244693	2025-07-22 22:06:21.244696	f	owner	t	\N
347	149	285	2025-07-22 15:28:24.733695	2025-07-22 22:06:21.276382	2025-07-22 22:06:21.276384	f	owner	t	\N
348	150	285	2025-07-22 15:28:24.733695	2025-07-22 22:06:21.290197	2025-07-22 22:06:21.290199	f	owner	t	\N
349	151	285	2025-07-22 15:28:24.733695	2025-07-22 22:06:21.311921	2025-07-22 22:06:21.311924	f	owner	t	\N
350	152	285	2025-07-22 15:28:24.733695	2025-07-22 22:06:21.565199	2025-07-22 22:06:21.565202	f	owner	t	\N
351	153	285	2025-07-22 15:28:24.733695	2025-07-22 22:06:56.852753	2025-07-22 22:06:56.852756	f	owner	t	\N
352	154	285	2025-07-22 22:46:46.276651	2025-07-22 23:51:15.433308	2025-07-22 23:51:15.433311	f	owner	t	\N
353	155	285	2025-07-22 22:46:46.276651	2025-07-22 23:56:55.925135	2025-07-22 23:56:55.925138	f	owner	t	\N
366	106	274	2025-07-23 15:02:22.802105	2025-07-23 18:05:52.282093	2025-07-23 18:05:52.282096	f	user	t	\N
295	109	32	2025-07-18 22:30:43.774054	2025-07-20 06:04:43.589622	2025-07-26 01:48:50.70619	t	owner	t	\N
288	105	288	2025-07-18 16:13:42.740509	2025-07-18 19:33:59.176195	2025-07-23 18:04:40.487577	t	user	t	\N
354	105	274	2025-07-23 15:02:22.802105	2025-07-23 17:17:41.653396	2025-07-23 18:04:40.487578	t	user	t	\N
355	105	94	2025-07-23 15:02:22.802105	2025-07-23 17:28:38.806938	2025-07-23 18:04:40.487579	t	user	t	\N
356	105	144	2025-07-23 15:02:22.802105	2025-07-23 17:29:39.81957	2025-07-23 18:04:40.48758	t	user	t	\N
357	105	282	2025-07-23 15:02:22.802105	2025-07-23 17:31:15.681634	2025-07-23 18:04:40.487581	t	user	t	\N
358	105	86	2025-07-23 15:02:22.802105	2025-07-23 17:32:52.165349	2025-07-23 18:04:40.487582	t	user	t	\N
359	105	280	2025-07-23 15:02:22.802105	2025-07-23 17:39:00.38635	2025-07-23 18:04:40.487583	t	user	t	\N
360	105	266	2025-07-23 15:02:22.802105	2025-07-23 17:41:29.510233	2025-07-23 18:04:40.487584	t	user	t	\N
361	105	109	2025-07-23 15:02:22.802105	2025-07-23 17:43:26.161635	2025-07-23 18:04:40.487585	t	user	t	\N
362	105	281	2025-07-23 15:02:22.802105	2025-07-23 17:46:51.217611	2025-07-23 18:04:40.487586	t	user	t	\N
363	105	289	2025-07-23 15:02:22.802105	2025-07-23 17:48:16.809205	2025-07-23 18:04:40.487587	t	user	t	\N
364	105	145	2025-07-23 15:02:22.802105	2025-07-23 17:50:54.150212	2025-07-23 18:04:40.487588	t	user	t	\N
365	105	73	2025-07-23 15:02:22.802105	2025-07-23 17:54:09.947633	2025-07-23 18:04:40.487589	t	user	t	\N
367	106	287	2025-07-23 18:30:21.55782	2025-07-23 19:43:18.408123	2025-07-23 19:43:18.408126	f	user	t	\N
368	156	110	2025-07-23 18:30:21.55782	2025-07-23 20:34:38.386963	2025-07-23 20:34:38.386967	f	owner	t	\N
369	156	289	2025-07-23 18:30:21.55782	2025-07-23 20:34:45.200705	2025-07-23 20:34:45.200709	f	user	t	\N
370	157	100	2025-07-23 18:30:21.55782	2025-07-23 21:02:52.786379	2025-07-23 21:02:52.786382	f	owner	t	\N
371	157	139	2025-07-23 18:30:21.55782	2025-07-23 21:02:52.79019	2025-07-23 21:02:52.790195	f	user	t	\N
372	62	32	2025-07-23 18:30:21.55782	2025-07-23 21:30:46.86207	2025-07-23 21:30:46.862075	f	user	t	\N
374	159	32	2025-07-25 03:00:08.124355	2025-07-25 16:43:31.013876	2025-07-25 16:43:31.01388	f	owner	t	\N
375	159	286	2025-07-25 03:00:08.124355	2025-07-25 16:43:39.759071	2025-07-25 16:43:39.759076	f	user	t	\N
376	159	285	2025-07-25 03:00:08.124355	2025-07-25 16:43:39.762809	2025-07-25 16:43:39.762812	f	user	t	\N
377	160	285	2025-07-25 18:28:27.56228	2025-07-25 19:52:56.417274	2025-07-25 19:52:56.417278	f	owner	t	\N
378	160	289	2025-07-25 18:28:27.56228	2025-07-25 19:53:04.78133	2025-07-25 19:53:04.781334	f	user	t	\N
379	160	288	2025-07-25 18:28:27.56228	2025-07-25 19:53:04.784635	2025-07-25 19:53:04.784638	f	user	t	\N
380	161	128	2025-07-25 18:28:27.56228	2025-07-25 22:44:28.874753	2025-07-25 22:44:28.874756	f	owner	t	\N
381	161	129	2025-07-25 18:28:27.56228	2025-07-25 22:44:28.877981	2025-07-25 22:44:28.877984	f	user	t	\N
382	162	128	2025-07-25 18:28:27.56228	2025-07-25 23:01:23.954612	2025-07-25 23:01:23.954616	f	owner	t	\N
383	162	23	2025-07-25 18:28:27.56228	2025-07-25 23:01:23.957932	2025-07-25 23:01:23.957935	f	user	t	\N
384	163	280	2025-07-26 00:26:21.878898	2025-07-26 01:08:46.26957	2025-07-26 01:08:46.269574	f	owner	t	\N
385	163	285	2025-07-26 00:26:21.878898	2025-07-26 01:09:05.0859	2025-07-26 01:09:05.085904	f	user	t	\N
386	163	287	2025-07-26 00:26:21.878898	2025-07-26 01:09:05.089721	2025-07-26 01:09:05.089724	f	user	t	\N
387	164	32	2025-07-26 00:26:21.878898	2025-07-26 01:18:10.824563	2025-07-26 01:18:10.824566	f	owner	t	\N
388	164	139	2025-07-26 00:26:21.878898	2025-07-26 01:19:18.12359	2025-07-26 01:19:18.123596	f	user	t	\N
389	164	135	2025-07-26 00:26:21.878898	2025-07-26 01:19:18.127449	2025-07-26 01:19:18.127453	f	user	t	\N
390	164	134	2025-07-26 00:26:21.878898	2025-07-26 01:19:18.130723	2025-07-26 01:19:18.130726	f	user	t	\N
391	165	64	2025-07-26 02:30:29.799968	2025-07-26 22:29:23.61979	2025-07-26 22:29:23.619793	f	owner	t	\N
392	165	289	2025-07-26 02:30:29.799968	2025-07-26 22:29:23.626916	2025-07-26 22:29:23.626919	f	user	t	\N
393	166	64	2025-07-28 13:35:41.754053	2025-07-28 13:44:16.16153	2025-07-28 13:44:16.161533	f	owner	t	\N
394	166	94	2025-07-28 13:35:41.754053	2025-07-28 13:44:16.169554	2025-07-28 13:44:16.169557	f	user	t	\N
395	164	76	2025-07-28 15:49:22.645432	2025-07-28 16:22:01.229174	2025-07-28 16:22:01.229177	f	user	t	\N
396	164	71	2025-07-28 15:49:22.645432	2025-07-28 16:22:01.234319	2025-07-28 16:22:01.234323	f	user	t	\N
397	164	72	2025-07-28 15:49:22.645432	2025-07-28 16:22:01.237911	2025-07-28 16:22:01.237914	f	user	t	\N
398	164	80	2025-07-28 15:49:22.645432	2025-07-28 16:22:01.241429	2025-07-28 16:22:01.241432	f	user	t	\N
399	164	81	2025-07-28 15:49:22.645432	2025-07-28 16:22:01.244829	2025-07-28 16:22:01.244832	f	user	t	\N
400	164	121	2025-07-28 15:49:22.645432	2025-07-28 16:22:01.248006	2025-07-28 16:22:01.248009	f	user	t	\N
401	164	123	2025-07-28 15:49:22.645432	2025-07-28 16:22:01.25123	2025-07-28 16:22:01.251233	f	user	t	\N
402	167	32	2025-07-28 15:49:22.645432	2025-07-28 17:30:47.408398	2025-07-28 17:30:47.408403	f	owner	t	\N
403	167	30	2025-07-28 15:49:22.645432	2025-07-28 17:30:47.411723	2025-07-28 17:30:47.411726	f	user	t	\N
404	168	64	2025-07-29 06:14:04.18438	2025-07-29 06:16:14.222608	2025-07-29 06:16:14.222612	f	owner	t	\N
405	168	292	2025-07-29 06:14:04.18438	2025-07-29 06:16:14.231767	2025-07-29 06:16:14.231771	f	user	t	\N
406	169	64	2025-07-29 06:14:04.18438	2025-07-29 06:22:58.105264	2025-07-29 06:22:58.105268	f	owner	t	\N
407	169	290	2025-07-29 06:14:04.18438	2025-07-29 06:22:58.110871	2025-07-29 06:22:58.110874	f	user	t	\N
408	170	64	2025-07-29 06:14:04.18438	2025-07-29 06:38:12.390144	2025-07-29 06:38:12.390148	f	owner	t	\N
409	170	290	2025-07-29 06:14:04.18438	2025-07-29 06:38:12.3968	2025-07-29 06:38:12.396805	f	user	t	\N
410	171	64	2025-07-29 06:56:23.313597	2025-07-29 06:57:14.215928	2025-07-29 06:57:14.215932	f	owner	t	\N
411	171	290	2025-07-29 06:56:23.313597	2025-07-29 06:57:14.225593	2025-07-29 06:57:14.225598	f	user	t	\N
412	172	139	2025-07-29 07:12:24.220006	2025-07-29 16:39:36.25995	2025-07-29 16:39:36.259953	f	owner	t	\N
413	172	135	2025-07-29 07:12:24.220006	2025-07-29 16:39:36.263983	2025-07-29 16:39:36.263986	f	user	t	\N
430	164	290	2025-07-30 20:50:44.510609	2025-07-31 01:43:51.200628	2025-07-31 01:43:51.200631	f	user	t	\N
434	164	266	2025-07-30 20:50:44.510609	2025-07-31 01:43:51.214479	2025-07-31 01:43:51.214482	f	user	t	\N
249	97	32	2025-07-10 16:13:07.756255	2025-07-10 17:08:56.001438	2025-07-31 01:58:46.896608	f	owner	t	\N
435	178	32	2025-07-30 20:50:44.510609	2025-07-31 01:59:55.897908	2025-07-31 01:59:55.897911	f	owner	t	\N
456	183	32	2025-08-01 15:16:05.314685	2025-08-01 21:15:23.513429	2025-08-01 21:15:23.513433	f	owner	t	active
465	188	76	2025-08-02 04:27:32.988218	2025-08-02 05:07:57.906605	2025-08-02 05:07:57.906609	f	owner	t	active
482	190	292	2025-08-02 14:54:22.248076	2025-08-04 19:51:59.585315	2025-08-04 19:51:59.585317	f	user	t	active
487	190	286	2025-08-02 14:54:22.248076	2025-08-04 19:51:59.600623	2025-08-04 19:51:59.600626	f	user	t	active
492	190	281	2025-08-02 14:54:22.248076	2025-08-04 19:51:59.615943	2025-08-04 19:51:59.615946	f	user	t	active
497	190	265	2025-08-02 14:54:22.248076	2025-08-04 19:51:59.630826	2025-08-04 19:51:59.630829	f	user	t	active
504	156	80	2025-08-02 14:54:22.248076	2025-08-04 20:07:57.215321	2025-08-04 20:07:57.215325	f	user	t	active
506	192	8	2025-08-02 14:54:22.248076	2025-08-04 21:08:37.871793	2025-08-04 21:08:37.871796	f	user	t	active
519	164	92	2025-08-06 19:06:50.305823	2025-08-06 20:14:34.607991	2025-08-06 20:14:34.607994	f	user	t	active
523	200	94	2025-08-06 19:06:50.305823	2025-08-06 23:46:56.353298	2025-08-06 23:46:56.353301	f	owner	t	active
525	201	128	2025-08-06 19:06:50.305823	2025-08-07 00:35:09.91868	2025-08-07 00:35:09.918684	f	owner	t	active
527	202	128	2025-08-06 19:06:50.305823	2025-08-07 00:50:50.416953	2025-08-07 00:50:50.416956	f	owner	t	active
530	203	137	2025-08-06 19:06:50.305823	2025-08-07 00:52:12.603747	2025-08-07 00:52:12.60375	f	user	t	active
540	58	286	2025-08-06 19:06:50.305823	2025-08-07 05:04:54.031617	2025-08-07 05:04:54.031621	f	user	t	active
414	173	23	2025-07-29 07:12:24.220006	2025-07-29 19:04:56.812486	2025-08-07 06:36:55.907889	t	owner	t	\N
415	173	288	2025-07-29 07:12:24.220006	2025-07-29 19:05:18.462759	2025-08-07 06:36:55.907894	t	user	t	\N
416	173	289	2025-07-29 07:12:24.220006	2025-07-29 19:05:18.466462	2025-08-07 06:36:55.907895	t	user	t	\N
417	173	290	2025-07-29 07:12:24.220006	2025-07-29 19:05:18.469968	2025-08-07 06:36:55.907896	t	user	t	\N
543	205	295	2025-08-06 19:06:50.305823	2025-08-07 08:49:45.167721	2025-08-07 08:49:45.167725	f	user	t	active
534	58	288	2025-08-06 19:06:50.305823	2025-08-07 04:25:49.631339	2025-08-07 09:32:42.640563	t	user	t	active
536	58	292	2025-08-06 19:06:50.305823	2025-08-07 05:02:57.261949	2025-08-07 09:37:13.937463	t	user	t	active
553	210	58	2025-08-07 15:18:33.48539	2025-08-07 20:13:06.009367	2025-08-07 20:13:06.00937	f	user	t	active
576	216	299	2025-08-11 14:25:28.539178	2025-08-11 19:51:53.880075	2025-08-11 19:51:53.88008	f	user	t	active
592	222	32	2025-08-13 14:47:36.807586	2025-08-13 19:08:27.253475	2025-08-13 19:08:27.253478	f	owner	t	active
593	222	127	2025-08-13 14:47:36.807586	2025-08-13 19:09:35.797073	2025-08-13 19:09:35.797077	f	user	t	active
598	222	24	2025-08-13 14:47:36.807586	2025-08-13 19:09:36.002017	2025-08-13 19:09:36.00202	f	user	t	active
565	186	128	2025-08-08 14:28:50.292734	2025-08-08 14:59:49.045457	2025-08-15 00:01:59.031597	t	user	t	active
618	230	32	2025-08-14 23:52:38.839358	2025-08-15 06:15:31.262667	2025-08-15 06:15:31.26267	f	owner	t	active
623	230	139	2025-08-14 23:52:38.839358	2025-08-15 06:16:49.686499	2025-08-15 06:16:49.686503	f	user	t	active
628	230	118	2025-08-14 23:52:38.839358	2025-08-15 06:16:50.116173	2025-08-15 06:16:50.116176	f	user	t	active
644	216	292	2025-08-14 23:52:38.839358	2025-08-15 23:19:15.64067	2025-08-15 23:19:15.640673	f	user	t	active
638	235	94	2025-08-14 23:52:38.839358	2025-08-15 23:13:15.164939	2025-08-15 23:33:53.026119	t	owner	t	active
653	216	285	2025-08-14 23:52:38.839358	2025-08-16 01:42:29.944277	2025-08-16 01:42:29.944281	f	user	t	active
661	238	32	2025-08-14 23:52:38.839358	2025-08-16 17:14:29.466539	2025-08-16 17:14:29.466542	f	user	t	active
671	243	305	2025-08-21 19:20:37.473176	2025-08-21 22:14:29.363515	2025-08-21 22:14:29.36352	f	user	t	active
674	243	301	2025-08-21 19:20:37.473176	2025-08-21 22:14:29.580991	2025-08-21 22:14:29.580996	f	user	t	active
677	243	297	2025-08-21 19:20:37.473176	2025-08-21 22:14:29.701825	2025-08-21 22:14:29.701828	f	user	t	active
680	243	294	2025-08-21 19:20:37.473176	2025-08-21 22:14:29.920125	2025-08-21 22:14:29.92013	f	user	t	active
683	243	289	2025-08-21 19:20:37.473176	2025-08-21 22:14:30.235416	2025-08-21 22:14:30.235421	f	user	t	active
686	243	283	2025-08-21 19:20:37.473176	2025-08-21 22:14:30.637066	2025-08-21 22:14:30.637069	f	user	t	active
689	243	285	2025-08-21 19:20:37.473176	2025-08-21 22:14:30.840209	2025-08-21 22:14:30.840212	f	user	t	active
692	243	280	2025-08-21 19:20:37.473176	2025-08-21 22:14:31.347895	2025-08-21 22:14:31.3479	f	user	t	active
695	243	265	2025-08-21 19:20:37.473176	2025-08-21 22:14:32.019676	2025-08-21 22:14:32.01968	f	user	t	active
698	243	218	2025-08-21 19:20:37.473176	2025-08-21 22:14:32.238661	2025-08-21 22:14:32.238664	f	user	t	active
701	244	127	2025-08-21 19:20:37.473176	2025-08-21 22:45:43.627242	2025-08-21 22:45:43.627245	f	user	t	active
707	247	150	2025-08-21 19:20:37.473176	2025-08-22 00:23:09.43361	2025-08-22 00:23:09.433613	f	user	t	active
\.


--
-- Data for Name: profiles; Type: TABLE DATA; Schema: public; Owner: canteradigitalio_bateradmin
--

COPY public.profiles (id, user_id, biography, birthdate, gender, profile_photo, identity_document, customer_rating, supplier_rating, facebook, youtube, x, instagram, linkedin, created_at, updated_at) FROM stdin;
116	118	\N	\N	\N	\N	\N	5.00	5.00	\N	\N	\N	\N	\N	2025-05-15 22:12:36.885695	2025-05-15 22:12:36.885724
31	32	hola soy proveedor	1970-01-01	\N	3605f5f1-bac3-492b-84c9-896208f56479.png	830da4c6-df15-4c32-9a85-3e0cd7ed8282.png	3.50	2.90	hhh	hjhh	\N	\N	\N	2025-04-04 15:38:55.35197	2025-08-07 15:18:33.453314
118	120	\N	\N	\N	\N	\N	5.00	5.00	\N	\N	\N	\N	\N	2025-05-22 17:56:56.722453	2025-05-22 17:56:56.72248
79	81	\N	1970-01-01	\N	ead8f54a-c30e-4d50-931b-e1e464f9a8b2.jpg	173a7855-eac5-46e5-84b6-9bee977da71e.png	5.00	5.00	\N	\N	\N	\N	\N	2025-04-10 15:24:08.59759	2025-04-15 18:41:02.556153
124	126	\N	\N	\N	\N	\N	5.00	5.00	\N	\N	\N	\N	\N	2025-05-26 19:24:08.057702	2025-05-26 19:24:08.057732
121	123	\N	1970-01-01	\N	d103c386-651d-48b3-aac8-1d7ab3a3067d.jpg	40467268-cd9a-4b38-a10c-96ccc6804550.jpg	5.00	5.00	\N	\N	\N	\N	\N	2025-05-23 16:28:55.995473	2025-05-23 16:28:55.995503
82	84	\N	\N	\N	\N	\N	5.00	5.00	\N	\N	\N	\N	\N	2025-04-15 18:41:02.556125	2025-04-15 18:41:02.556152
7	8	\N	\N	\N	\N	\N	5.00	5.00	\N	\N	\N	\N	\N	2025-04-02 23:17:33.826703	2025-04-02 23:17:33.826731
127	129	\N	\N	\N	6459bf10-7de3-4357-90bd-1358d34f4cdb.jpg	60262d5d-032c-446b-8f6d-41461e80efce.jpg	0.00	5.00	\N	\N	\N	\N	\N	2025-05-27 00:00:57.773868	2025-08-13 14:47:36.774846
64	66	\N	\N	\N	\N	\N	5.00	5.00	\N	\N	\N	\N	\N	2025-04-08 01:46:07.472386	2025-04-08 01:46:07.472419
9	10	\N	\N	\N	\N	\N	5.00	5.00	\N	\N	\N	\N	\N	2025-04-02 23:17:33.826703	2025-04-02 23:17:33.826731
131	133	\N	\N	\N	\N	\N	5.00	5.00	\N	\N	\N	\N	\N	2025-06-03 17:54:25.927965	2025-06-03 17:54:25.927995
129	131	\N	1970-01-01	\N	4c9414ae-78af-4e40-863d-c2fb0fea60fc.jpg	\N	5.00	5.00	\N	\N	\N	\N	\N	2025-06-03 17:54:25.927965	2025-06-03 17:54:25.927996
12	13	\N	\N	\N	\N	\N	5.00	5.00	\N	\N	\N	\N	\N	2025-04-02 23:17:33.826703	2025-04-02 23:17:33.826731
13	14	\N	1970-01-01	\N	\N	\N	5.00	5.00	\N	\N	\N	\N	\N	2025-04-02 23:17:33.826703	2025-04-02 23:17:33.826732
136	138	\N	\N	\N	\N	\N	5.00	5.00	\N	\N	\N	\N	\N	2025-06-05 17:13:36.541892	2025-06-05 17:13:36.541923
17	18	\N	\N	\N	\N	\N	5.00	5.00	\N	\N	\N	\N	\N	2025-04-03 16:17:53.440493	2025-04-03 16:17:53.44052
19	20	\N	\N	\N	\N	\N	5.00	5.00	\N	\N	\N	\N	\N	2025-04-03 16:17:53.440493	2025-04-03 16:17:53.44052
20	21	\N	\N	\N	\N	\N	5.00	5.00	\N	\N	\N	\N	\N	2025-04-03 16:17:53.440493	2025-04-03 16:17:53.44052
29	30	conoces mi nombre pero no mi historia	1970-01-01	\N	44378f8b-559d-4840-91a2-d6923dbf1db7.jpg	\N	5.00	5.00	\N	\N	\N	\N	\N	2025-04-03 16:17:53.440493	2025-04-03 16:17:53.440521
30	31	\N	\N	\N	\N	\N	5.00	5.00	\N	\N	\N	\N	\N	2025-04-04 15:38:55.35197	2025-04-04 15:38:55.351998
139	141	\N	\N	\N	\N	\N	5.00	5.00	\N	\N	\N	\N	\N	2025-06-05 17:13:36.541892	2025-06-05 17:13:36.541923
65	67	\N	\N	\N	\N	\N	5.00	5.00	\N	\N	\N	\N	\N	2025-04-08 01:46:07.472386	2025-04-08 01:46:07.472419
55	56	asadasdasd	2007-01-01	\N	61335943-43b0-44fd-a544-e5c5905178c7.jpg	c6db2dba-95f8-4f08-bc01-36d4b93c9e67.jpg	5.00	5.00	\N	\N	asdadasage and I are going to the store to get the store to the store to get th get the 	\N	\N	2025-04-04 19:38:59.427714	2025-04-10 15:24:08.597618
141	143	\N	\N	\N	\N	\N	5.00	5.00	\N	\N	\N	\N	\N	2025-06-11 15:49:58.180721	2025-06-11 15:49:58.180748
33	34	\N	\N	\N	\N	\N	5.00	5.00	\N	\N	\N	\N	\N	2025-04-04 15:38:55.35197	2025-04-04 15:38:55.351998
23	24	\N	\N	\N	\N	\N	5.00	5.00	\N	\N	\N	\N	\N	2025-04-03 16:17:53.440493	2025-04-03 16:17:53.44052
24	25	\N	\N	\N	\N	\N	5.00	5.00	\N	\N	\N	\N	\N	2025-04-03 16:17:53.440493	2025-04-03 16:17:53.44052
25	26	\N	\N	\N	\N	\N	5.00	5.00	\N	\N	\N	\N	\N	2025-04-03 16:17:53.440493	2025-04-03 16:17:53.44052
34	35	\N	\N	\N	\N	\N	5.00	5.00	\N	\N	\N	\N	\N	2025-04-04 15:38:55.35197	2025-04-04 15:38:55.351998
143	145	\N	\N	\N	\N	\N	0.00	0.00	\N	\N	\N	\N	\N	2025-06-13 17:58:54.925946	2025-06-13 17:58:54.925995
76	78	\N	1970-01-01	\N	6427557c-6a46-4f42-9042-b7d05175f2c5.jpg	dfa3092b-ff79-44db-a9aa-dc0dcdfd5de1.jpg	5.00	5.00	\N	\N	\N	\N	\N	2025-04-10 15:24:08.59759	2025-08-21 19:20:37.44033
36	37	\N	\N	\N	\N	\N	5.00	5.00	\N	\N	\N	\N	\N	2025-04-04 17:19:46.120803	2025-04-04 17:19:46.120831
37	38	\N	\N	\N	\N	\N	5.00	5.00	\N	\N	\N	\N	\N	2025-04-04 17:19:46.120803	2025-04-04 17:19:46.120831
38	39	\N	\N	\N	\N	\N	5.00	5.00	\N	\N	\N	\N	\N	2025-04-04 17:19:46.120803	2025-04-04 17:19:46.120831
39	40	\N	\N	\N	\N	\N	5.00	5.00	\N	\N	\N	\N	\N	2025-04-04 17:19:46.120803	2025-04-04 17:19:46.120831
137	139	\N	1970-01-01	\N	da3b35a4-0762-40e9-a403-046a02927564.jpg	\N	5.00	5.00	\N	\N	\N	\N	\N	2025-06-05 17:13:36.541892	2025-06-25 22:23:57.620022
91	93	\N	\N	\N	\N	\N	5.00	5.00	\N	\N	\N	\N	\N	2025-04-21 16:21:34.92596	2025-04-21 16:21:34.925992
146	152	\N	\N	\N	\N	\N	0.00	0.00	\N	\N	\N	\N	\N	2025-06-18 01:06:44.945179	2025-06-18 01:06:44.945211
149	155	\N	\N	\N	\N	\N	0.00	0.00	\N	\N	\N	\N	\N	2025-06-18 01:06:44.945179	2025-06-18 01:06:44.945211
150	156	\N	\N	\N	\N	\N	0.00	0.00	\N	\N	\N	\N	\N	2025-06-18 01:06:44.945179	2025-06-18 01:06:44.945211
92	94	nhxdhndxhnzdnhzdnhzdnhdnhdnhdnhdhnznzhdnhzdnhdnhsznhsznhsznhszihn xihx dqugu gxqdbugwdxbugwxdbguwdxubgwdxgbuwbudgxbugxdwbugwdxbugwdxbugwdxbugdwxgbudwxbugbugwxdgudwugdxwbguxwdbugxdqubgbqxd	1970-01-01	\N	5d284352-54b5-405d-aa0b-1164770500ee.jpg	fb90b7c5-3c27-46a5-8d1f-879b26187f3c.jpg	5.00	2.40	\N	\N	\N	\N	\N	2025-04-21 16:21:34.92596	2025-08-05 13:53:07.60973
45	46	\N	\N	\N	\N	\N	5.00	5.00	\N	\N	\N	\N	\N	2025-04-04 17:19:46.120803	2025-04-04 17:19:46.120831
46	47	\N	\N	\N	\N	\N	5.00	5.00	\N	\N	\N	\N	\N	2025-04-04 17:19:46.120803	2025-04-04 17:19:46.120831
47	48	\N	\N	\N	\N	\N	5.00	5.00	\N	\N	\N	\N	\N	2025-04-04 17:19:46.120803	2025-04-04 17:19:46.120831
48	49	\N	\N	\N	\N	\N	5.00	5.00	\N	\N	\N	\N	\N	2025-04-04 17:19:46.120803	2025-04-04 17:19:46.120831
49	50	\N	\N	\N	\N	\N	5.00	5.00	\N	\N	\N	\N	\N	2025-04-04 17:19:46.120803	2025-04-04 17:19:46.120831
50	51	\N	\N	\N	\N	\N	5.00	5.00	\N	\N	\N	\N	\N	2025-04-04 17:19:46.120803	2025-04-04 17:19:46.120831
56	57	\N	\N	\N	\N	\N	5.00	5.00	\N	\N	\N	\N	\N	2025-04-04 19:38:59.427714	2025-04-04 19:38:59.427743
57	58	\N	\N	\N	\N	\N	5.00	5.00	\N	\N	\N	\N	\N	2025-04-04 19:38:59.427714	2025-04-04 19:38:59.427743
59	60	\N	\N	\N	\N	\N	5.00	5.00	\N	\N	\N	\N	\N	2025-04-04 19:38:59.427714	2025-04-04 19:38:59.427743
70	72	\N	1970-01-01	\N	382e237b-1bc6-4e55-84ae-b948d11f561e.jpg	\N	5.00	5.00	\N	\N	\N	\N	\N	2025-04-09 19:38:55.529277	2025-04-09 19:38:55.529309
69	71	\N	1970-01-01	\N	f8180af5-c497-40e4-af73-4ecabf40d66b.png	\N	5.00	5.00	\N	\N	\N	\N	\N	2025-04-09 19:38:55.529277	2025-04-09 19:38:55.529309
58	59	\N	1989-10-12	male	be5e7093-8929-442b-afb3-624ea5c181e9.jpg	\N	5.00	5.00	\N	\N	\N	\N	\N	2025-04-04 19:38:59.427714	2025-04-04 19:38:59.427744
60	61	\N	\N	\N	\N	\N	5.00	5.00	\N	\N	\N	\N	\N	2025-04-04 19:38:59.427714	2025-04-04 19:38:59.427743
78	80	\N	1970-01-01	\N	81b13b2c-a259-4ffd-80ea-6b15800230d5.jpg	635c732b-64f2-45bc-b143-c847538707f1.jpg	5.00	5.00	\N	\N	\N	\N	\N	2025-04-10 15:24:08.59759	2025-04-21 16:21:34.925993
71	73	\N	\N	\N	\N	\N	5.00	5.00	\N	\N	\N	\N	\N	2025-04-10 15:24:08.59759	2025-04-10 15:24:08.597617
66	68		1998-09-14	male	\N	6a9b721a-0f80-49ee-ad9d-4f5dd7720279.jpg	5.00	5.00	\N	\N	\N	\N	\N	2025-04-08 01:46:07.472386	2025-04-08 01:46:07.47242
68	70	\N	\N	\N	\N	\N	5.00	5.00	\N	\N	\N	\N	\N	2025-04-09 00:03:28.044488	2025-04-09 00:03:28.044518
72	74	\N	\N	\N	\N	\N	5.00	5.00	\N	\N	\N	\N	\N	2025-04-10 15:24:08.59759	2025-04-10 15:24:08.597617
80	82	\N	\N	\N	\N	\N	5.00	5.00	\N	\N	\N	\N	\N	2025-04-15 18:41:02.556125	2025-04-15 18:41:02.556152
77	79	\N	\N	\N	\N	\N	5.00	5.00	\N	\N	\N	\N	\N	2025-04-10 15:24:08.59759	2025-04-10 15:24:08.597617
75	77		1970-01-01	\N	6a2049e2-d1b6-4c70-8561-12711575d5d9.jpg	c616a587-bdc1-470b-8027-b8c5943aca2f.jpg	5.00	5.00	\N	\N	\N	\N	\N	2025-04-10 15:24:08.59759	2025-04-24 18:15:26.210698
83	85	\N	\N	\N	\N	\N	5.00	5.00	\N	\N	\N	\N	\N	2025-04-15 18:41:02.556125	2025-04-15 18:41:02.556152
84	86	\N	\N	\N	\N	\N	5.00	5.00	\N	\N	\N	\N	\N	2025-04-15 18:41:02.556125	2025-04-15 18:41:02.556152
81	83	tearing 	1970-01-01	\N	41de0be2-c341-4b07-8eb5-c48e4d51691e.jpg	\N	5.00	5.00	\N	\N	\N	\N	\N	2025-04-15 18:41:02.556125	2025-04-15 18:41:02.556153
89	91	\N	\N	\N	\N	\N	5.00	5.00	\N	\N	\N	\N	\N	2025-04-16 23:37:06.550169	2025-04-16 23:37:06.550196
94	96	\N	\N	\N	\N	\N	5.00	5.00	\N	\N	\N	\N	\N	2025-04-23 16:51:42.356042	2025-04-23 16:51:42.356084
90	92	\N	1970-01-01	male	7fcfcc08-9e05-4a45-891b-8a967ed1c415.jpg	7a33ec82-6b3d-4d09-8fac-8d743aa0f32b.jpg	5.00	5.00	\N	\N	\N	\N	\N	2025-04-17 16:11:08.445583	2025-04-21 16:21:34.925993
168	174	\N	\N	\N	\N	\N	0.00	0.00	\N	\N	\N	\N	\N	2025-06-19 01:05:06.567474	2025-06-19 01:05:06.567505
105	107	\N	1970-01-01	\N	\N	9f91078b-1273-4188-8e8a-f5e2e406c69b.png	5.00	5.00	\N	\N	\N	\N	\N	2025-05-02 20:06:08.528121	2025-05-08 22:26:54.637407
95	97	\N	2000-01-01	female	e2f9ad9d-0fb1-4edd-beec-db059852da69.jpg	4b0ba8e5-44cf-4ace-92ce-79feb215acb1.jpg	5.00	5.00	\N	\N	\N	\N	\N	2025-04-24 18:15:26.210664	2025-04-24 18:15:26.210698
169	175	\N	\N	\N	\N	\N	0.00	0.00	\N	\N	\N	\N	\N	2025-06-19 01:05:06.567474	2025-06-19 01:05:06.567505
99	101	\N	\N	\N	\N	\N	5.00	5.00	\N	\N	\N	\N	\N	2025-05-02 20:06:08.528121	2025-05-02 20:06:08.528152
100	102	\N	\N	\N	\N	\N	5.00	5.00	\N	\N	\N	\N	\N	2025-05-02 20:06:08.528121	2025-05-02 20:06:08.528152
101	103	\N	1970-01-01	\N	\N	6211c53e-2bff-4899-8d65-c1e6591a9f6f.png	5.00	5.00	\N	\N	\N	\N	\N	2025-05-02 20:06:08.528121	2025-05-02 20:06:08.528153
102	104	\N	\N	\N	\N	\N	5.00	5.00	\N	\N	\N	\N	\N	2025-05-02 20:06:08.528121	2025-05-02 20:06:08.528152
103	105	\N	\N	\N	\N	\N	5.00	5.00	\N	\N	\N	\N	\N	2025-05-02 20:06:08.528121	2025-05-02 20:06:08.528152
117	119	\N	1974-10-01	male	4386314e-b3f1-4092-aac1-40403406cf0b.jpg	8961a3c8-9b3e-4122-809f-b80ccb79cc62.jpg	5.00	5.00	\N	\N	\N	\N	\N	2025-05-19 21:39:35.781112	2025-05-19 21:39:35.781144
98	100	\N	1970-01-01	\N	\N	\N	5.00	5.00	\N	\N	\N	\N	\N	2025-04-29 21:01:14.885754	2025-06-03 17:54:25.927996
119	121	\N	1970-01-01	\N	f04ba42b-1d9f-45bc-b572-c5e966371385.jpg	\N	5.00	5.00	\N	\N	\N	\N	\N	2025-05-23 16:28:55.995473	2025-05-23 16:28:55.995503
132	134	soy genial	1970-01-01	\N	7cb32303-ae04-4fcf-be61-47295a5f4749.jpg	eaf9e31d-b033-4b1d-8b29-3a73c2be6207.jpg	5.00	5.00	\N	\N	\N	\N	\N	2025-06-03 17:54:25.927965	2025-06-03 17:54:25.927996
170	176	\N	\N	\N	\N	\N	0.00	0.00	\N	\N	\N	\N	\N	2025-06-19 01:05:06.567474	2025-06-19 01:05:06.567505
107	109	hola! soy maestro de grupo	1970-01-01	\N	\N	11d2a003-dc16-4162-919f-4bafcd93b9a3.png	5.00	5.00	guitarra Lolo	lolo	Lolox 	Lolox	lo Lili J.	2025-05-02 20:06:08.528121	2025-05-06 17:58:29.471307
109	111	\N	\N	\N	\N	\N	5.00	5.00	\N	\N	\N	\N	\N	2025-05-06 17:58:29.471266	2025-05-06 17:58:29.471305
1	2	Mi biografia	2000-03-15	male	\N	49be2de5-61d2-4a60-9cfa-456d0ac2cf08.jpg	5.00	5.00	facebook.com	youtube.com	x.com	instagram.com	linkedin.com	2025-04-02 16:12:31.783655	2025-06-17 21:51:08.820656
126	128	\N	1970-01-01	\N	\N	e3b9f054-9329-448f-a9db-291a81495f4b.jpg	5.00	5.00	\N	\N	\N	\N	\N	2025-05-27 00:00:57.773868	2025-07-25 18:28:27.528927
145	151	\N	\N	\N	\N	\N	0.00	0.00	\N	\N	\N	\N	\N	2025-06-18 01:06:44.945179	2025-06-18 01:06:44.945211
114	116	\N	\N	\N	\N	\N	5.00	5.00	\N	\N	\N	\N	\N	2025-05-08 00:27:56.047616	2025-05-08 00:27:56.047651
135	137	\N	\N	\N	\N	\N	5.00	5.00	\N	\N	\N	\N	\N	2025-06-05 17:13:36.541892	2025-06-05 17:13:36.541923
138	140	\N	\N	\N	\N	\N	5.00	5.00	\N	\N	\N	\N	\N	2025-06-05 17:13:36.541892	2025-06-05 17:13:36.541923
115	117	\N	1970-01-01	\N	a4821a01-f363-4351-aa46-353a97e3d2b8.jpg	cd53ce30-4cd1-4f49-a65e-f0e907a22fa8.jpg	5.00	5.00	\N	\N	\N	\N	\N	2025-05-08 22:26:54.637376	2025-05-08 22:26:54.637407
147	153	\N	\N	\N	\N	\N	0.00	0.00	\N	\N	\N	\N	\N	2025-06-18 01:06:44.945179	2025-06-18 01:06:44.945211
128	130	\N	\N	\N	\N	\N	5.00	5.00	\N	\N	\N	\N	\N	2025-05-27 00:00:57.773868	2025-05-27 00:00:57.773899
130	132	\N	\N	\N	\N	\N	5.00	5.00	\N	\N	\N	\N	\N	2025-06-03 17:54:25.927965	2025-06-03 17:54:25.927995
148	154	\N	\N	\N	\N	\N	0.00	0.00	\N	\N	\N	\N	\N	2025-06-18 01:06:44.945179	2025-06-18 01:06:44.945211
140	142	\N	\N	\N	\N	\N	5.00	5.00	\N	\N	\N	\N	\N	2025-06-11 15:49:58.180721	2025-06-11 15:49:58.180748
142	144	\N	1970-01-01	\N	\N	\N	5.00	5.00	\N	\N	\N	\N	\N	2025-06-11 15:49:58.180721	2025-06-12 15:28:06.985877
151	157	\N	\N	\N	\N	\N	0.00	0.00	\N	\N	\N	\N	\N	2025-06-18 01:06:44.945179	2025-06-18 01:06:44.945211
152	158	\N	\N	\N	\N	\N	0.00	0.00	\N	\N	\N	\N	\N	2025-06-18 01:06:44.945179	2025-06-18 01:06:44.945211
153	159	\N	\N	\N	\N	\N	0.00	0.00	\N	\N	\N	\N	\N	2025-06-18 01:06:44.945179	2025-06-18 01:06:44.945211
154	160	\N	\N	\N	\N	\N	0.00	0.00	\N	\N	\N	\N	\N	2025-06-18 01:06:44.945179	2025-06-18 01:06:44.945211
155	161	\N	\N	\N	\N	\N	0.00	0.00	\N	\N	\N	\N	\N	2025-06-18 01:06:44.945179	2025-06-18 01:06:44.945211
156	162	\N	\N	\N	\N	\N	0.00	0.00	\N	\N	\N	\N	\N	2025-06-18 01:06:44.945179	2025-06-18 01:06:44.945211
157	163	\N	\N	\N	\N	\N	0.00	0.00	\N	\N	\N	\N	\N	2025-06-19 01:05:06.567474	2025-06-19 01:05:06.567505
171	177	\N	\N	\N	\N	\N	0.00	0.00	\N	\N	\N	\N	\N	2025-06-19 01:05:06.567474	2025-06-19 01:05:06.567505
158	164	\N	\N	\N	\N	\N	0.00	0.00	\N	\N	\N	\N	\N	2025-06-19 01:05:06.567474	2025-06-19 01:05:06.567505
159	165	\N	\N	\N	\N	\N	0.00	0.00	\N	\N	\N	\N	\N	2025-06-19 01:05:06.567474	2025-06-19 01:05:06.567505
160	166	\N	\N	\N	\N	\N	0.00	0.00	\N	\N	\N	\N	\N	2025-06-19 01:05:06.567474	2025-06-19 01:05:06.567505
161	167	\N	\N	\N	\N	\N	0.00	0.00	\N	\N	\N	\N	\N	2025-06-19 01:05:06.567474	2025-06-19 01:05:06.567505
162	168	\N	\N	\N	\N	\N	0.00	0.00	\N	\N	\N	\N	\N	2025-06-19 01:05:06.567474	2025-06-19 01:05:06.567505
163	169	\N	\N	\N	\N	\N	0.00	0.00	\N	\N	\N	\N	\N	2025-06-19 01:05:06.567474	2025-06-19 01:05:06.567505
164	170	\N	\N	\N	\N	\N	0.00	0.00	\N	\N	\N	\N	\N	2025-06-19 01:05:06.567474	2025-06-19 01:05:06.567505
165	171	\N	\N	\N	\N	\N	0.00	0.00	\N	\N	\N	\N	\N	2025-06-19 01:05:06.567474	2025-06-19 01:05:06.567505
166	172	\N	\N	\N	\N	\N	0.00	0.00	\N	\N	\N	\N	\N	2025-06-19 01:05:06.567474	2025-06-19 01:05:06.567505
167	173	\N	\N	\N	\N	\N	0.00	0.00	\N	\N	\N	\N	\N	2025-06-19 01:05:06.567474	2025-06-19 01:05:06.567505
172	178	\N	\N	\N	\N	\N	0.00	0.00	\N	\N	\N	\N	\N	2025-06-19 21:11:30.356768	2025-06-19 21:11:30.3568
173	179	\N	\N	\N	\N	\N	0.00	0.00	\N	\N	\N	\N	\N	2025-06-19 21:11:30.356768	2025-06-19 21:11:30.3568
174	180	\N	\N	\N	\N	\N	0.00	0.00	\N	\N	\N	\N	\N	2025-06-19 21:11:30.356768	2025-06-19 21:11:30.3568
175	181	\N	\N	\N	\N	\N	0.00	0.00	\N	\N	\N	\N	\N	2025-06-19 21:11:30.356768	2025-06-19 21:11:30.3568
176	182	\N	\N	\N	\N	\N	0.00	0.00	\N	\N	\N	\N	\N	2025-06-19 21:11:30.356768	2025-06-19 21:11:30.3568
177	183	\N	\N	\N	\N	\N	0.00	0.00	\N	\N	\N	\N	\N	2025-06-19 21:11:30.356768	2025-06-19 21:11:30.3568
178	184	\N	\N	\N	\N	\N	0.00	0.00	\N	\N	\N	\N	\N	2025-06-19 21:11:30.356768	2025-06-19 21:11:30.3568
179	185	\N	\N	\N	\N	\N	0.00	0.00	\N	\N	\N	\N	\N	2025-06-19 21:11:30.356768	2025-06-19 21:11:30.3568
180	186	\N	\N	\N	\N	\N	0.00	0.00	\N	\N	\N	\N	\N	2025-06-19 21:11:30.356768	2025-06-19 21:11:30.3568
181	187	\N	\N	\N	\N	\N	0.00	0.00	\N	\N	\N	\N	\N	2025-06-19 21:11:30.356768	2025-06-19 21:11:30.3568
182	188	\N	\N	\N	\N	\N	0.00	0.00	\N	\N	\N	\N	\N	2025-06-19 21:11:30.356768	2025-06-19 21:11:30.3568
183	189	\N	\N	\N	\N	\N	0.00	0.00	\N	\N	\N	\N	\N	2025-06-19 21:11:30.356768	2025-06-19 21:11:30.3568
184	190	\N	\N	\N	\N	\N	0.00	0.00	\N	\N	\N	\N	\N	2025-06-19 21:11:30.356768	2025-06-19 21:11:30.3568
185	191	\N	\N	\N	\N	\N	0.00	0.00	\N	\N	\N	\N	\N	2025-06-19 21:11:30.356768	2025-06-19 21:11:30.3568
186	192	\N	\N	\N	\N	\N	0.00	0.00	\N	\N	\N	\N	\N	2025-06-19 21:11:30.356768	2025-06-19 21:11:30.3568
133	135	\N	1970-01-01	\N	c8b952a2-7da9-42fa-bb19-6bf4f39554ae.jpg	cc3d0cd9-4db3-42a2-9514-33a23630fff4.jpg	0.00	3.30	\N	\N	\N	\N	\N	2025-06-03 17:54:25.927965	2025-07-30 13:54:26.913773
187	193	\N	\N	\N	\N	\N	0.00	0.00	\N	\N	\N	\N	\N	2025-06-19 21:11:30.356768	2025-06-19 21:11:30.3568
188	194	\N	\N	\N	\N	\N	0.00	0.00	\N	\N	\N	\N	\N	2025-06-19 21:11:30.356768	2025-06-19 21:11:30.3568
189	195	\N	\N	\N	\N	\N	0.00	0.00	\N	\N	\N	\N	\N	2025-06-19 21:11:30.356768	2025-06-19 21:11:30.3568
190	196	\N	\N	\N	\N	\N	0.00	0.00	\N	\N	\N	\N	\N	2025-06-19 21:11:30.356768	2025-06-19 21:11:30.3568
191	197	\N	\N	\N	\N	\N	0.00	0.00	\N	\N	\N	\N	\N	2025-06-19 21:11:30.356768	2025-06-19 21:11:30.3568
192	198	\N	\N	\N	\N	\N	0.00	0.00	\N	\N	\N	\N	\N	2025-06-19 21:11:30.356768	2025-06-19 21:11:30.3568
193	199	\N	\N	\N	\N	\N	0.00	0.00	\N	\N	\N	\N	\N	2025-06-19 21:11:30.356768	2025-06-19 21:11:30.3568
194	200	\N	\N	\N	\N	\N	0.00	0.00	\N	\N	\N	\N	\N	2025-06-19 21:11:30.356768	2025-06-19 21:11:30.3568
195	201	\N	\N	\N	\N	\N	0.00	0.00	\N	\N	\N	\N	\N	2025-06-19 21:11:30.356768	2025-06-19 21:11:30.3568
196	202	\N	\N	\N	\N	\N	0.00	0.00	\N	\N	\N	\N	\N	2025-06-19 21:11:30.356768	2025-06-19 21:11:30.3568
197	203	\N	\N	\N	\N	\N	0.00	0.00	\N	\N	\N	\N	\N	2025-06-19 21:11:30.356768	2025-06-19 21:11:30.3568
198	204	\N	\N	\N	\N	\N	0.00	0.00	\N	\N	\N	\N	\N	2025-06-19 21:11:30.356768	2025-06-19 21:11:30.3568
199	205	\N	\N	\N	\N	\N	0.00	0.00	\N	\N	\N	\N	\N	2025-06-19 21:11:30.356768	2025-06-19 21:11:30.3568
200	206	\N	\N	\N	\N	\N	0.00	0.00	\N	\N	\N	\N	\N	2025-06-19 21:11:30.356768	2025-06-19 21:11:30.3568
201	207	\N	\N	\N	\N	\N	0.00	0.00	\N	\N	\N	\N	\N	2025-06-19 21:11:30.356768	2025-06-19 21:11:30.3568
202	208	\N	\N	\N	\N	\N	0.00	0.00	\N	\N	\N	\N	\N	2025-06-19 21:11:30.356768	2025-06-19 21:11:30.3568
203	209	\N	\N	\N	\N	\N	0.00	0.00	\N	\N	\N	\N	\N	2025-06-19 21:11:30.356768	2025-06-19 21:11:30.3568
204	210	\N	\N	\N	\N	\N	0.00	0.00	\N	\N	\N	\N	\N	2025-06-19 21:11:30.356768	2025-06-19 21:11:30.3568
205	211	\N	\N	\N	\N	\N	0.00	0.00	\N	\N	\N	\N	\N	2025-06-19 21:11:30.356768	2025-06-19 21:11:30.3568
206	212	\N	\N	\N	\N	\N	0.00	0.00	\N	\N	\N	\N	\N	2025-06-19 21:11:30.356768	2025-06-19 21:11:30.3568
207	213	\N	\N	\N	\N	\N	0.00	0.00	\N	\N	\N	\N	\N	2025-06-19 21:11:30.356768	2025-06-19 21:11:30.3568
208	214	\N	\N	\N	\N	\N	0.00	0.00	\N	\N	\N	\N	\N	2025-06-19 21:11:30.356768	2025-06-19 21:11:30.3568
209	215	\N	\N	\N	\N	\N	0.00	0.00	\N	\N	\N	\N	\N	2025-06-19 21:11:30.356768	2025-06-19 21:11:30.3568
210	216	\N	\N	\N	\N	\N	0.00	0.00	\N	\N	\N	\N	\N	2025-06-20 20:32:03.003176	2025-06-20 20:32:03.003206
211	217	\N	\N	\N	\N	\N	0.00	0.00	\N	\N	\N	\N	\N	2025-06-20 20:32:03.003176	2025-06-20 20:32:03.003206
212	218	\N	\N	\N	\N	\N	0.00	0.00	\N	\N	\N	\N	\N	2025-06-20 20:32:03.003176	2025-06-20 20:32:03.003206
213	219	\N	\N	\N	\N	\N	0.00	0.00	\N	\N	\N	\N	\N	2025-06-20 20:32:03.003176	2025-06-20 20:32:03.003206
266	272	\N	\N	\N	\N	\N	0.00	0.00	\N	\N	\N	\N	\N	2025-07-07 23:17:41.106042	2025-07-07 23:17:41.106071
267	273	\N	\N	\N	\N	\N	0.00	0.00	\N	\N	\N	\N	\N	2025-07-09 18:00:03.621453	2025-07-09 18:00:03.621514
22	23	hola.............	2000-01-01	male	fff1c1e4-489a-4b2b-add0-e338a83dd548.jpg	e37e27a6-fe3c-46de-ac4c-765a9bbc44a8.png	5.00	5.00						2025-04-03 16:17:53.440493	2025-06-20 22:59:10.123577
16	17	Lorem Ipsum is simply dummy text of the printing and typesetting industry. Lorem Ipsum has been the industry's standard dummy text ever since the 1500s, when an unknown printer took a galley of type and scrambled it to make a type specimen book.	\N	\N	6e41522d-7853-4371-8932-31e5d99efa9f.jpg	241daa6b-30aa-41e8-80de-709f29d008e8.png	5.00	5.00	https://www.facebook.com/	https://www.youtube.com/				2025-04-03 16:17:53.440493	2025-06-23 21:59:52.058841
214	220	\N	\N	\N	\N	\N	0.00	0.00	\N	\N	\N	\N	\N	2025-06-23 21:59:52.058811	2025-06-23 21:59:52.05884
215	221	\N	\N	\N	\N	\N	0.00	0.00	\N	\N	\N	\N	\N	2025-06-24 22:32:28.85245	2025-06-24 22:32:28.852477
216	222	\N	\N	\N	\N	\N	0.00	0.00	\N	\N	\N	\N	\N	2025-06-25 13:33:25.602656	2025-06-25 13:33:25.602683
217	223	\N	\N	\N	\N	\N	0.00	0.00	\N	\N	\N	\N	\N	2025-06-25 13:33:25.602656	2025-06-25 13:33:25.602683
218	224	\N	\N	\N	\N	\N	0.00	0.00	\N	\N	\N	\N	\N	2025-06-25 13:33:25.602656	2025-06-25 13:33:25.602683
219	225	\N	\N	\N	\N	\N	0.00	0.00	\N	\N	\N	\N	\N	2025-06-25 13:33:25.602656	2025-06-25 13:33:25.602683
220	226	\N	\N	\N	\N	\N	0.00	0.00	\N	\N	\N	\N	\N	2025-06-25 13:33:25.602656	2025-06-25 13:33:25.602683
221	227	\N	\N	\N	\N	\N	0.00	0.00	\N	\N	\N	\N	\N	2025-06-25 13:33:25.602656	2025-06-25 13:33:25.602683
222	228	\N	\N	\N	\N	\N	0.00	0.00	\N	\N	\N	\N	\N	2025-06-25 13:33:25.602656	2025-06-25 13:33:25.602683
223	229	\N	\N	\N	\N	\N	0.00	0.00	\N	\N	\N	\N	\N	2025-06-25 13:33:25.602656	2025-06-25 13:33:25.602683
224	230	\N	\N	\N	\N	\N	0.00	0.00	\N	\N	\N	\N	\N	2025-06-25 13:33:25.602656	2025-06-25 13:33:25.602683
225	231	\N	\N	\N	\N	\N	0.00	0.00	\N	\N	\N	\N	\N	2025-06-25 13:33:25.602656	2025-06-25 13:33:25.602683
226	232	\N	\N	\N	\N	\N	0.00	0.00	\N	\N	\N	\N	\N	2025-06-25 13:33:25.602656	2025-06-25 13:33:25.602683
227	233	\N	\N	\N	\N	\N	0.00	0.00	\N	\N	\N	\N	\N	2025-06-25 13:33:25.602656	2025-06-25 13:33:25.602683
228	234	\N	\N	\N	\N	\N	0.00	0.00	\N	\N	\N	\N	\N	2025-06-25 13:33:25.602656	2025-06-25 13:33:25.602683
229	235	\N	\N	\N	\N	\N	0.00	0.00	\N	\N	\N	\N	\N	2025-06-25 13:33:25.602656	2025-06-25 13:33:25.602683
230	236	\N	\N	\N	\N	\N	0.00	0.00	\N	\N	\N	\N	\N	2025-06-25 13:33:25.602656	2025-06-25 13:33:25.602683
231	237	\N	\N	\N	\N	\N	0.00	0.00	\N	\N	\N	\N	\N	2025-06-25 13:33:25.602656	2025-06-25 13:33:25.602683
232	238	\N	\N	\N	\N	\N	0.00	0.00	\N	\N	\N	\N	\N	2025-06-25 13:33:25.602656	2025-06-25 13:33:25.602683
233	239	\N	\N	\N	\N	\N	0.00	0.00	\N	\N	\N	\N	\N	2025-06-25 13:33:25.602656	2025-06-25 13:33:25.602683
234	240	\N	\N	\N	\N	\N	0.00	0.00	\N	\N	\N	\N	\N	2025-06-25 13:33:25.602656	2025-06-25 13:33:25.602683
235	241	\N	\N	\N	\N	\N	0.00	0.00	\N	\N	\N	\N	\N	2025-06-25 13:33:25.602656	2025-06-25 13:33:25.602683
236	242	\N	\N	\N	\N	\N	0.00	0.00	\N	\N	\N	\N	\N	2025-06-25 13:33:25.602656	2025-06-25 13:33:25.602683
237	243	\N	\N	\N	\N	\N	0.00	0.00	\N	\N	\N	\N	\N	2025-06-25 13:33:25.602656	2025-06-25 13:33:25.602683
238	244	\N	\N	\N	\N	\N	0.00	0.00	\N	\N	\N	\N	\N	2025-06-25 13:33:25.602656	2025-06-25 13:33:25.602683
239	245	\N	\N	\N	\N	\N	0.00	0.00	\N	\N	\N	\N	\N	2025-06-25 13:33:25.602656	2025-06-25 13:33:25.602683
240	246	\N	\N	\N	\N	\N	0.00	0.00	\N	\N	\N	\N	\N	2025-06-25 13:33:25.602656	2025-06-25 13:33:25.602683
241	247	\N	\N	\N	\N	\N	0.00	0.00	\N	\N	\N	\N	\N	2025-06-25 13:33:25.602656	2025-06-25 13:33:25.602683
242	248	\N	\N	\N	\N	\N	0.00	0.00	\N	\N	\N	\N	\N	2025-06-25 13:33:25.602656	2025-06-25 13:33:25.602683
243	249	\N	\N	\N	\N	\N	0.00	0.00	\N	\N	\N	\N	\N	2025-06-25 13:33:25.602656	2025-06-25 13:33:25.602683
244	250	\N	\N	\N	\N	\N	0.00	0.00	\N	\N	\N	\N	\N	2025-06-25 13:33:25.602656	2025-06-25 13:33:25.602683
246	252	\N	\N	\N	\N	\N	0.00	0.00	\N	\N	\N	\N	\N	2025-06-25 22:23:57.619994	2025-06-25 22:23:57.620021
247	253	\N	\N	\N	\N	\N	0.00	0.00	\N	\N	\N	\N	\N	2025-06-25 22:23:57.619994	2025-06-25 22:23:57.620021
248	254	\N	\N	\N	\N	\N	0.00	0.00	\N	\N	\N	\N	\N	2025-06-25 22:23:57.619994	2025-06-25 22:23:57.620021
249	255	\N	\N	\N	\N	\N	0.00	0.00	\N	\N	\N	\N	\N	2025-06-25 22:23:57.619994	2025-06-25 22:23:57.620021
250	256	\N	\N	\N	\N	\N	0.00	0.00	\N	\N	\N	\N	\N	2025-06-25 22:23:57.619994	2025-06-25 22:23:57.620021
251	257	\N	\N	\N	\N	\N	0.00	0.00	\N	\N	\N	\N	\N	2025-06-25 22:23:57.619994	2025-06-25 22:23:57.620021
252	258	\N	\N	\N	\N	\N	0.00	0.00	\N	\N	\N	\N	\N	2025-06-25 22:23:57.619994	2025-06-25 22:23:57.620021
253	259	\N	\N	\N	\N	\N	0.00	0.00	\N	\N	\N	\N	\N	2025-06-25 22:23:57.619994	2025-06-25 22:23:57.620021
254	260	\N	\N	\N	\N	\N	0.00	0.00	\N	\N	\N	\N	\N	2025-06-25 22:23:57.619994	2025-06-25 22:23:57.620021
255	261	\N	\N	\N	\N	\N	0.00	0.00	\N	\N	\N	\N	\N	2025-06-25 22:23:57.619994	2025-06-25 22:23:57.620021
256	262	\N	\N	\N	\N	\N	0.00	0.00	\N	\N	\N	\N	\N	2025-06-25 22:23:57.619994	2025-06-25 22:23:57.620021
257	263	\N	\N	\N	\N	\N	0.00	0.00	\N	\N	\N	\N	\N	2025-06-25 22:23:57.619994	2025-06-25 22:23:57.620021
258	264	\N	\N	\N	\N	\N	0.00	0.00	\N	\N	\N	\N	\N	2025-06-25 22:23:57.619994	2025-06-25 22:23:57.620021
268	274	\N	\N	\N	\N	\N	0.00	0.00	\N	\N	\N	\N	\N	2025-07-09 18:00:03.621453	2025-07-09 18:00:03.621514
245	251	\N	2001-08-28	female	\N	\N	0.00	0.00	\N	\N	\N	\N	\N	2025-06-25 22:23:57.619994	2025-07-01 22:37:39.604413
261	267	\N	\N	\N	\N	\N	0.00	0.00	\N	\N	\N	\N	\N	2025-07-01 23:53:09.783384	2025-07-01 23:53:09.783413
125	127	hola.............	1970-01-01	\N	d11d6f33-d201-4b1f-8f90-77a15362b476.jpg	954d9f2f-9942-434a-8d6c-748495ad41ee.jpg	5.00	5.00	\N	\N	\N	\N	\N	2025-05-27 00:00:57.773868	2025-06-25 22:23:57.620022
144	150	\N	\N	\N	49bbd3f9-bc93-44ba-9b52-1e0f478cb6cc.jpg	\N	0.00	0.00	\N	\N	\N	\N	\N	2025-06-18 01:06:44.945179	2025-06-27 23:58:30.490304
259	265	\N	1970-01-01	\N	ffdc0da8-da52-4fad-8d98-a2965f7cd84b.jpg	\N	0.00	0.00	\N	\N	\N	\N	\N	2025-06-25 22:23:57.619994	2025-06-30 16:04:29.50425
262	268	\N	\N	\N	\N	\N	0.00	0.00	\N	\N	\N	\N	\N	2025-07-01 23:53:09.783384	2025-07-01 23:53:09.783413
263	269	\N	\N	\N	\N	\N	0.00	0.00	\N	\N	\N	\N	\N	2025-07-01 23:53:09.783384	2025-07-01 23:53:09.783413
264	270	\N	\N	\N	\N	\N	0.00	0.00	\N	\N	\N	\N	\N	2025-07-07 23:17:41.106042	2025-07-07 23:17:41.106071
265	271	\N	\N	\N	\N	\N	0.00	0.00	\N	\N	\N	\N	\N	2025-07-07 23:17:41.106042	2025-07-07 23:17:41.106071
269	275	\N	\N	\N	\N	\N	0.00	0.00	\N	\N	\N	\N	\N	2025-07-10 19:09:51.951162	2025-07-10 19:09:51.951189
270	276	\N	\N	\N	\N	\N	0.00	0.00	\N	\N	\N	\N	\N	2025-07-11 16:00:30.226517	2025-07-11 16:00:30.226546
271	277	\N	\N	\N	\N	\N	0.00	0.00	\N	\N	\N	\N	\N	2025-07-11 16:00:30.226517	2025-07-11 16:00:30.226546
272	278	\N	\N	\N	\N	\N	0.00	0.00	\N	\N	\N	\N	\N	2025-07-11 16:00:30.226517	2025-07-11 16:00:30.226546
275	281	\N	\N	\N	\N	\N	0.00	0.00	\N	\N	\N	\N	\N	2025-07-12 00:21:21.018106	2025-07-12 00:21:21.018138
273	279	\N	1970-01-01	\N	\N	38a6358f-3d1f-4380-9118-4bb587bd0025.jpg	0.00	4.50	\N	\N	\N	\N	\N	2025-07-11 16:00:30.226517	2025-07-12 00:21:21.018139
278	284	\N	1970-01-01	\N	\N	a5e6ff01-e36a-4ef5-b007-6bc1980fb6d2.jpg	0.00	0.00	\N	\N	\N	\N	\N	2025-07-12 00:21:21.018106	2025-07-15 17:58:48.199228
274	280	\N	1970-01-01	\N	\N	2c2ce828-74e9-442c-9728-0a38419e58b7.jpg	0.00	0.00	\N	\N	\N	\N	\N	2025-07-11 23:21:26.633453	2025-07-16 22:46:03.900355
276	282	\N	\N	\N	\N	\N	0.00	0.00	\N	\N	\N	\N	\N	2025-07-12 00:21:21.018106	2025-07-12 00:21:21.018138
277	283	\N	\N	\N	\N	\N	0.00	0.00	\N	\N	\N	\N	\N	2025-07-12 00:21:21.018106	2025-07-12 00:21:21.018138
283	289	\N	1970-01-01	\N	\N	835de1c8-6300-44fa-828a-4a6c17803298.jpg	0.00	0.00	\N	\N	\N	\N	\N	2025-07-18 16:13:42.705569	2025-07-18 22:30:43.73815
279	285	\N	\N	\N	\N	\N	0.00	0.00	\N	\N	\N	\N	\N	2025-07-15 17:58:48.199195	2025-07-15 17:58:48.199227
280	286	\N	\N	\N	\N	\N	0.00	0.00	\N	\N	\N	\N	\N	2025-07-16 22:46:03.900318	2025-07-16 22:46:03.900354
74	76	I'm  a visionary entrepreneur, community builder, and founder of BarterFlip — a platform designed to redefine how people access value through skills, time, and trust instead of money. With a passion for empowering underserved communities. \n\nDriven by purpose and innovation, I love to build tools that reconnect people, unlock opportunity, and reshape the future of work.\n\nI  believe that every person has hidden value waiting to be seen, shared, and celebrated. As the founder of BarterFlip, I'm  on a mission to build a new kind of economy — one based on contribution, not cash.\nDrawing from my experiences as a father, entrepreneur, and community advocate, my work bridges gaps between people, skills, and opportunity, starting one neighborhood at a time.\n\nmy mission is simple: to create systems that honor effort, unlock opportunity, and bring people together. 	1970-01-01	\N	60bcdfaf-a5e3-40c9-9bcd-81a06a54dbac.jpg	d27074c5-af7c-41b3-8a65-5f1ebd4e4caf.png	5.00	3.20	https://www.facebook.com/jesse.pelayo.3?mibextid=ZbWKwL	\N	\N	\N	\N	2025-04-10 15:24:08.59759	2025-07-24 16:46:24.945185
281	287	\N	1970-01-01	\N	\N	e1773db3-ce32-4668-aaac-d70c433830a8.jpg	0.00	4.20	\N	\N	\N	\N	\N	2025-07-16 22:46:03.900318	2025-07-28 18:40:07.351256
282	288	Maduro 40 años, especialista en experiencia gastronómicas	1970-01-01	male	c7b0a22c-4a98-4a32-a221-8397b310eaa2.jpg	70628b7e-7068-4ffb-ac74-91e8f7792c21.jpg	0.00	0.00	\N	\N	\N	\N	\N	2025-07-18 16:13:42.705569	2025-08-14 00:16:15.716875
284	290	\N	\N	\N	\N	\N	0.00	0.00	\N	\N	\N	\N	\N	2025-07-28 18:40:07.351193	2025-07-28 18:40:07.351254
285	291	\N	\N	\N	\N	\N	0.00	0.00	\N	\N	\N	\N	\N	2025-07-28 18:40:07.351193	2025-07-28 18:40:07.351254
286	292	\N	\N	\N	\N	\N	0.00	0.00	\N	\N	\N	\N	\N	2025-07-28 18:40:07.351193	2025-07-28 18:40:07.351254
287	293	\N	\N	\N	\N	\N	0.00	0.00	\N	\N	\N	\N	\N	2025-07-28 21:16:16.472812	2025-07-28 21:16:16.472843
288	294	\N	\N	\N	\N	\N	0.00	0.00	\N	\N	\N	\N	\N	2025-08-02 14:54:22.21645	2025-08-02 14:54:22.216479
289	295	\N	\N	\N	\N	\N	0.00	0.00	\N	\N	\N	\N	\N	2025-08-02 14:54:22.21645	2025-08-02 14:54:22.216479
108	110	aaaaaaaaaassssssssssddddddddddffffffffffgggggggggghhhhhhhhhhjjjjjjjjjjkkkkkkkkkkllllllllllppppppppppaaaaaaaaaassssssssssddddddddddffffffffffgggggggggghhhhhhhhhhjjjjjjjjjjkkkkkkkkkkllllllllllppppppppppaaaaaaaaaassssssssssddddddddddffffffffffgggggggggghhhhhhhhhhjjjjjjjjjjkkkkkkkkkkllllllllllppppppppppjdjdjsjsjnsnssjdnnsnsnsnsjswkwnwbwjwjffffffffgggggggggghhhhhhhhhhjjjjjjjjjjkkkkkkkkkkllllllllllppppppppppaaaaaaaaaassssssssssddddddddddffffffffffgggggggggghhhhhhhhhhjjjjjjjjjjkkkkkkkkkkllllllllllppppppppppjdjdjsjsjnsnssjdnnsnsnsnsjswkwnwbwjwj aquí habrá un salto de minea\n estos son los últimos caracteres de mi biografía y\n	1970-01-01	\N	a8d66be2-b5e0-43dc-b8d8-5d4aeac0309f.jpg	263dd723-b227-4360-9f86-09cbfc00e1ec.jpg	0.00	2.30	https://www.facebook.com/share/1GftGFAxB2/	https://youtu.be/NeknEVMUGoM?si=duV4Si8nEHXXG-nY	https://x.com/En_jupiter_/status/1919501433381990724?t=pUcwDiheFPqNrgYF1qjjDw&s=19	https://www.instagram.com/anton_lividieb?igsh=ZW1vMTR0MDE0dHg5	ttttt	2025-05-02 20:06:08.528121	2025-08-06 02:17:36.432096
290	296	\N	\N	\N	\N	\N	0.00	0.00	\N	\N	\N	\N	\N	2025-08-06 19:06:50.271598	2025-08-06 19:06:50.27163
291	297	\N	\N	\N	\N	\N	0.00	0.00	\N	\N	\N	\N	\N	2025-08-08 02:18:51.275277	2025-08-08 02:18:51.275307
292	298	\N	\N	\N	\N	\N	0.00	0.00	\N	\N	\N	\N	\N	2025-08-08 02:18:51.275277	2025-08-08 02:18:51.275307
293	299	\N	\N	\N	\N	\N	0.00	0.00	\N	\N	\N	\N	\N	2025-08-08 02:57:19.761054	2025-08-08 02:57:19.761081
294	300	\N	\N	\N	\N	\N	0.00	0.00	\N	\N	\N	\N	\N	2025-08-08 02:57:19.761054	2025-08-08 02:57:19.761081
295	301	\N	\N	\N	\N	\N	0.00	0.00	\N	\N	\N	\N	\N	2025-08-08 14:28:50.259676	2025-08-08 14:28:50.259705
296	302	\N	\N	\N	\N	\N	0.00	0.00	\N	\N	\N	\N	\N	2025-08-11 13:13:36.719489	2025-08-11 13:13:36.719516
297	303	\N	1970-01-01	\N	\N	8e64c2bd-ac8c-4ac2-9e69-fdb33f247200.jpg	0.00	0.00	\N	\N	\N	\N	\N	2025-08-13 14:47:36.774816	2025-08-13 14:47:36.774846
298	304	\N	\N	\N	\N	\N	0.00	0.00	\N	\N	\N	\N	\N	2025-08-14 00:16:15.716848	2025-08-14 00:16:15.716874
260	266	hhhhh	1970-01-01	female	38a9b6ab-7bac-4dec-a296-3fbcf00efb43.jpg	d8924b03-8682-4a58-86cb-38f02c53ea9f.jpg	0.00	0.00	\N	\N	\N	\N	\N	2025-06-27 23:58:30.490273	2025-08-14 23:52:38.802692
299	305	\N	\N	\N	\N	\N	0.00	0.00	\N	\N	\N	\N	\N	2025-08-14 23:52:38.802661	2025-08-14 23:52:38.802691
300	306	\N	1970-01-01	\N	187dbe5b-606d-4190-a2e9-d0c53b23b5f7.jpg	7b216034-67bf-410e-8e34-d3b7b27a7488.jpg	0.00	0.00	\N	\N	\N	\N	\N	2025-08-19 16:36:20.423961	2025-08-19 16:36:20.423989
\.


--
-- Data for Name: referral_codes; Type: TABLE DATA; Schema: public; Owner: canteradigitalio_bateradmin
--

COPY public.referral_codes (id, referrer_id, referral_code, status, max_uses, disabled_by, disabled_reason, created_at) FROM stdin;
1	293	94LCWISI	ACTIVE	10	\N	\N	2025-08-11 13:15:26.255545+00
\.


--
-- Data for Name: referral_usages; Type: TABLE DATA; Schema: public; Owner: canteradigitalio_bateradmin
--

COPY public.referral_usages (id, referral_code_id, referred_user_id, tokens_awarded, used_at, created_at) FROM stdin;
1	1	302	t	2025-08-11 13:16:59.11364+00	2025-08-11 13:16:59.105782+00
\.


--
-- Data for Name: referrals; Type: TABLE DATA; Schema: public; Owner: canteradigitalio_bateradmin
--

COPY public.referrals (id, referrer_id, referred_id, referral_code, is_used, tokens_awarded, created_at, used_at, status, current_uses, max_uses, disabled_by, disabled_reason) FROM stdin;
\.


--
-- Data for Name: reported_general_users; Type: TABLE DATA; Schema: public; Owner: canteradigitalio_bateradmin
--

COPY public.reported_general_users (id, reporter_id, reported_id, reason, created_at) FROM stdin;
1	23	103	Me cae mal 	2025-06-02 21:34:56.765001
2	23	103	Bbbbbbb	2025-06-02 21:36:49.229775
3	23	103	reporte	2025-06-04 16:18:41.587588
4	110	80	QA tester	2025-06-20 19:36:48.510199
5	110	80	Otro mas	2025-06-20 19:37:00.491181
6	129	23	me cae mal	2025-08-15 20:17:23.881117
7	129	23	me cae msl 	2025-08-15 20:17:33.523014
\.


--
-- Data for Name: reported_users; Type: TABLE DATA; Schema: public; Owner: canteradigitalio_bateradmin
--

COPY public.reported_users (id, reporter_id, reported_id, reason, created_at) FROM stdin;
\.


--
-- Data for Name: review_answers; Type: TABLE DATA; Schema: public; Owner: canteradigitalio_bateradmin
--

COPY public.review_answers (id, service_request_review_id, question_id, numeric_answer, text_answer, created_at, updated_at) FROM stdin;
1	1	1	3	\N	2025-07-11 20:16:49.347237	2025-07-11 20:16:49.34724
2	1	2	\N	yes	2025-07-11 20:16:49.347242	2025-07-11 20:16:49.347243
3	1	3	\N	no	2025-07-11 20:16:49.347244	2025-07-11 20:16:49.347245
4	1	4	\N	yes	2025-07-11 20:16:49.347246	2025-07-11 20:16:49.347247
5	1	5	3	\N	2025-07-11 20:16:49.347248	2025-07-11 20:16:49.347249
6	1	6	\N	no	2025-07-11 20:16:49.34725	2025-07-11 20:16:49.347251
7	1	7	3	\N	2025-07-11 20:16:49.347252	2025-07-11 20:16:49.347252
8	1	8	\N	yes	2025-07-11 20:16:49.347253	2025-07-11 20:16:49.347254
9	1	9	\N	yes	2025-07-11 20:16:49.347255	2025-07-11 20:16:49.347256
10	1	10	\N	Todo bien	2025-07-11 20:16:49.347257	2025-07-11 20:16:49.347257
11	2	1	3	\N	2025-07-12 00:22:29.137547	2025-07-12 00:22:29.137551
12	2	2	\N	no	2025-07-12 00:22:29.137553	2025-07-12 00:22:29.137554
13	2	3	\N	yes	2025-07-12 00:22:29.137556	2025-07-12 00:22:29.137557
14	2	4	\N	no	2025-07-12 00:22:29.137558	2025-07-12 00:22:29.137559
15	2	5	3	\N	2025-07-12 00:22:29.13756	2025-07-12 00:22:29.137561
16	2	6	\N	yes	2025-07-12 00:22:29.137562	2025-07-12 00:22:29.137563
17	2	7	3	\N	2025-07-12 00:22:29.137564	2025-07-12 00:22:29.137564
18	2	8	\N	\N	2025-07-12 00:22:29.137565	2025-07-12 00:22:29.137566
19	2	9	\N	yes	2025-07-12 00:22:29.137567	2025-07-12 00:22:29.137568
20	2	10	\N	\N	2025-07-12 00:22:29.137569	2025-07-12 00:22:29.13757
21	3	1	3	\N	2025-07-12 00:47:24.265139	2025-07-12 00:47:24.265143
22	3	2	\N	yes	2025-07-12 00:47:24.265144	2025-07-12 00:47:24.265145
23	3	3	\N	yes	2025-07-12 00:47:24.265146	2025-07-12 00:47:24.265147
24	3	4	\N	yes	2025-07-12 00:47:24.265148	2025-07-12 00:47:24.265149
25	3	5	5	\N	2025-07-12 00:47:24.26515	2025-07-12 00:47:24.265151
26	3	6	\N	yes	2025-07-12 00:47:24.265152	2025-07-12 00:47:24.265152
27	3	7	5	\N	2025-07-12 00:47:24.265153	2025-07-12 00:47:24.265154
28	3	8	\N	yes	2025-07-12 00:47:24.265155	2025-07-12 00:47:24.265156
29	3	9	\N	yes	2025-07-12 00:47:24.265157	2025-07-12 00:47:24.265158
30	3	10	\N	\N	2025-07-12 00:47:24.265159	2025-07-12 00:47:24.26516
31	4	1	4	\N	2025-07-12 00:47:42.911731	2025-07-12 00:47:42.911734
32	4	2	\N	yes	2025-07-12 00:47:42.911735	2025-07-12 00:47:42.911736
33	4	3	\N	yes	2025-07-12 00:47:42.911737	2025-07-12 00:47:42.911738
34	4	4	\N	yes	2025-07-12 00:47:42.911738	2025-07-12 00:47:42.911739
35	4	5	3	\N	2025-07-12 00:47:42.91174	2025-07-12 00:47:42.911741
36	4	6	\N	yes	2025-07-12 00:47:42.911741	2025-07-12 00:47:42.911742
37	4	7	3	\N	2025-07-12 00:47:42.911743	2025-07-12 00:47:42.911744
38	4	8	\N	yes	2025-07-12 00:47:42.911745	2025-07-12 00:47:42.911746
39	4	9	\N	yes	2025-07-12 00:47:42.911747	2025-07-12 00:47:42.911748
40	4	10	\N	\N	2025-07-12 00:47:42.911748	2025-07-12 00:47:42.911749
41	5	1	2	\N	2025-07-12 03:08:55.198152	2025-07-12 03:08:55.198156
42	5	2	\N	yes	2025-07-12 03:08:55.198157	2025-07-12 03:08:55.198158
43	5	3	\N	yes	2025-07-12 03:08:55.198159	2025-07-12 03:08:55.19816
44	5	4	\N	yes	2025-07-12 03:08:55.198161	2025-07-12 03:08:55.198161
45	5	5	3	\N	2025-07-12 03:08:55.198162	2025-07-12 03:08:55.198163
46	5	6	\N	yes	2025-07-12 03:08:55.198164	2025-07-12 03:08:55.198165
47	5	7	3	\N	2025-07-12 03:08:55.198166	2025-07-12 03:08:55.198166
48	5	8	\N	yes	2025-07-12 03:08:55.198167	2025-07-12 03:08:55.198168
49	5	9	\N	yes	2025-07-12 03:08:55.198169	2025-07-12 03:08:55.19817
50	5	10	\N	\N	2025-07-12 03:08:55.19817	2025-07-12 03:08:55.198171
51	6	1	4	\N	2025-07-12 22:00:13.303697	2025-07-12 22:00:13.3037
52	6	2	\N	yes	2025-07-12 22:00:13.303701	2025-07-12 22:00:13.303702
53	6	3	\N	yes	2025-07-12 22:00:13.303703	2025-07-12 22:00:13.303704
54	6	4	\N	yes	2025-07-12 22:00:13.303705	2025-07-12 22:00:13.303706
55	6	5	5	\N	2025-07-12 22:00:13.303707	2025-07-12 22:00:13.303708
56	6	6	\N	yes	2025-07-12 22:00:13.303709	2025-07-12 22:00:13.303709
57	6	7	3	\N	2025-07-12 22:00:13.30371	2025-07-12 22:00:13.303711
58	6	8	\N	yes	2025-07-12 22:00:13.303712	2025-07-12 22:00:13.303713
59	6	9	\N	yes	2025-07-12 22:00:13.303714	2025-07-12 22:00:13.303715
60	6	10	\N	\N	2025-07-12 22:00:13.303715	2025-07-12 22:00:13.303716
61	7	1	5	\N	2025-07-12 22:15:41.109357	2025-07-12 22:15:41.109361
62	7	2	\N	\N	2025-07-12 22:15:41.109363	2025-07-12 22:15:41.109364
63	7	3	\N	no	2025-07-12 22:15:41.109365	2025-07-12 22:15:41.109366
64	7	4	\N	yes	2025-07-12 22:15:41.109367	2025-07-12 22:15:41.109368
65	7	5	4	\N	2025-07-12 22:15:41.109369	2025-07-12 22:15:41.10937
66	7	6	\N	no	2025-07-12 22:15:41.109371	2025-07-12 22:15:41.109372
67	7	7	3	\N	2025-07-12 22:15:41.109373	2025-07-12 22:15:41.109374
68	7	8	\N	yes	2025-07-12 22:15:41.109376	2025-07-12 22:15:41.109376
69	7	9	\N	no	2025-07-12 22:15:41.109377	2025-07-12 22:15:41.109378
70	7	10	\N	\N	2025-07-12 22:15:41.109379	2025-07-12 22:15:41.10938
71	8	1	3	\N	2025-07-12 22:22:08.449935	2025-07-12 22:22:08.449938
72	8	2	\N	yes	2025-07-12 22:22:08.44994	2025-07-12 22:22:08.44994
73	8	3	\N	yes	2025-07-12 22:22:08.449941	2025-07-12 22:22:08.449942
74	8	4	\N	\N	2025-07-12 22:22:08.449943	2025-07-12 22:22:08.449944
75	8	5	4	\N	2025-07-12 22:22:08.449945	2025-07-12 22:22:08.449946
76	8	6	\N	yes	2025-07-12 22:22:08.449947	2025-07-12 22:22:08.449947
77	8	7	3	\N	2025-07-12 22:22:08.449948	2025-07-12 22:22:08.449949
78	8	8	\N	no	2025-07-12 22:22:08.44995	2025-07-12 22:22:08.449951
79	8	9	\N	yes	2025-07-12 22:22:08.449952	2025-07-12 22:22:08.449953
80	8	10	\N	\N	2025-07-12 22:22:08.449953	2025-07-12 22:22:08.449954
91	10	1	4	\N	2025-07-15 21:16:41.271516	2025-07-15 21:16:41.27152
92	10	2	\N	yes	2025-07-15 21:16:41.271522	2025-07-15 21:16:41.271523
93	10	3	\N	yes	2025-07-15 21:16:41.271524	2025-07-15 21:16:41.271525
94	10	4	\N	yes	2025-07-15 21:16:41.271526	2025-07-15 21:16:41.271527
95	10	5	5	\N	2025-07-15 21:16:41.271528	2025-07-15 21:16:41.271529
96	10	6	\N	yes	2025-07-15 21:16:41.27153	2025-07-15 21:16:41.271531
97	10	7	4	\N	2025-07-15 21:16:41.271532	2025-07-15 21:16:41.271533
98	10	8	\N	yes	2025-07-15 21:16:41.271534	2025-07-15 21:16:41.271535
99	10	9	\N	yes	2025-07-15 21:16:41.271536	2025-07-15 21:16:41.271537
100	10	10	\N	Great experience would recommend	2025-07-15 21:16:41.271538	2025-07-15 21:16:41.271539
101	11	1	3	\N	2025-07-16 14:48:15.810631	2025-07-16 14:48:15.810634
102	11	2	\N	no	2025-07-16 14:48:15.810636	2025-07-16 14:48:15.810637
103	11	3	\N	yes	2025-07-16 14:48:15.810638	2025-07-16 14:48:15.810638
104	11	4	\N	no	2025-07-16 14:48:15.810639	2025-07-16 14:48:15.81064
105	11	5	4	\N	2025-07-16 14:48:15.810641	2025-07-16 14:48:15.810642
106	11	6	\N	no	2025-07-16 14:48:15.810643	2025-07-16 14:48:15.810644
107	11	7	4	\N	2025-07-16 14:48:15.810645	2025-07-16 14:48:15.810646
108	11	8	\N	no	2025-07-16 14:48:15.810647	2025-07-16 14:48:15.810648
109	11	9	\N	no	2025-07-16 14:48:15.810649	2025-07-16 14:48:15.81065
110	11	10	\N	Asi es	2025-07-16 14:48:15.810651	2025-07-16 14:48:15.810651
111	12	1	0	\N	2025-07-17 18:37:26.051165	2025-07-17 18:37:26.051169
112	12	2	\N	\N	2025-07-17 18:37:26.051173	2025-07-17 18:37:26.051174
113	12	3	\N	\N	2025-07-17 18:37:26.051176	2025-07-17 18:37:26.051177
114	12	4	\N	\N	2025-07-17 18:37:26.051178	2025-07-17 18:37:26.051179
115	12	5	0	\N	2025-07-17 18:37:26.05118	2025-07-17 18:37:26.051181
116	12	6	\N	\N	2025-07-17 18:37:26.051182	2025-07-17 18:37:26.051183
117	12	7	0	\N	2025-07-17 18:37:26.051184	2025-07-17 18:37:26.051185
118	12	8	\N	\N	2025-07-17 18:37:26.051186	2025-07-17 18:37:26.051187
119	12	9	\N	\N	2025-07-17 18:37:26.051188	2025-07-17 18:37:26.051189
120	12	10	\N	\N	2025-07-17 18:37:26.05119	2025-07-17 18:37:26.051191
121	13	1	3	\N	2025-07-18 16:47:46.274185	2025-07-18 16:47:46.274189
122	13	2	\N	yes	2025-07-18 16:47:46.274191	2025-07-18 16:47:46.274192
123	13	3	\N	no	2025-07-18 16:47:46.274194	2025-07-18 16:47:46.274194
124	13	4	\N	no	2025-07-18 16:47:46.274195	2025-07-18 16:47:46.274196
125	13	5	3	\N	2025-07-18 16:47:46.274197	2025-07-18 16:47:46.274198
126	13	6	\N	yes	2025-07-18 16:47:46.274199	2025-07-18 16:47:46.2742
127	13	7	4	\N	2025-07-18 16:47:46.274201	2025-07-18 16:47:46.274202
128	13	8	\N	\N	2025-07-18 16:47:46.274203	2025-07-18 16:47:46.274203
129	13	9	\N	no	2025-07-18 16:47:46.274204	2025-07-18 16:47:46.274205
130	13	10	\N	E	2025-07-18 16:47:46.274206	2025-07-18 16:47:46.274207
131	14	1	2	\N	2025-07-18 18:07:44.258983	2025-07-18 18:07:44.258987
132	14	2	\N	no	2025-07-18 18:07:44.258989	2025-07-18 18:07:44.25899
133	14	3	\N	no	2025-07-18 18:07:44.258991	2025-07-18 18:07:44.258992
134	14	4	\N	no	2025-07-18 18:07:44.258993	2025-07-18 18:07:44.258993
135	14	5	1	\N	2025-07-18 18:07:44.258994	2025-07-18 18:07:44.258995
136	14	6	\N	no	2025-07-18 18:07:44.258996	2025-07-18 18:07:44.258997
137	14	7	1	\N	2025-07-18 18:07:44.258998	2025-07-18 18:07:44.258998
138	14	8	\N	\N	2025-07-18 18:07:44.258999	2025-07-18 18:07:44.259
139	14	9	\N	no	2025-07-18 18:07:44.259001	2025-07-18 18:07:44.259002
140	14	10	\N	\N	2025-07-18 18:07:44.259003	2025-07-18 18:07:44.259004
141	15	1	2	\N	2025-07-18 18:08:34.87763	2025-07-18 18:08:34.877634
142	15	2	\N	no	2025-07-18 18:08:34.877635	2025-07-18 18:08:34.877636
143	15	3	\N	yes	2025-07-18 18:08:34.877637	2025-07-18 18:08:34.877638
144	15	4	\N	no	2025-07-18 18:08:34.877639	2025-07-18 18:08:34.87764
145	15	5	3	\N	2025-07-18 18:08:34.877641	2025-07-18 18:08:34.877642
146	15	6	\N	no	2025-07-18 18:08:34.877643	2025-07-18 18:08:34.877643
147	15	7	3	\N	2025-07-18 18:08:34.877645	2025-07-18 18:08:34.877646
148	15	8	\N	no	2025-07-18 18:08:34.877647	2025-07-18 18:08:34.877648
149	15	9	\N	no	2025-07-18 18:08:34.877649	2025-07-18 18:08:34.877649
150	15	10	\N	\N	2025-07-18 18:08:34.87765	2025-07-18 18:08:34.877651
151	16	1	1	\N	2025-07-20 04:32:24.600007	2025-07-20 04:32:24.600011
152	16	2	\N	no	2025-07-20 04:32:24.600014	2025-07-20 04:32:24.600015
153	16	3	\N	yes	2025-07-20 04:32:24.600016	2025-07-20 04:32:24.600017
154	16	4	\N	\N	2025-07-20 04:32:24.600018	2025-07-20 04:32:24.600019
155	16	5	2	\N	2025-07-20 04:32:24.60002	2025-07-20 04:32:24.600021
156	16	6	\N	no	2025-07-20 04:32:24.600022	2025-07-20 04:32:24.600023
157	16	7	2	\N	2025-07-20 04:32:24.600024	2025-07-20 04:32:24.600025
158	16	8	\N	no	2025-07-20 04:32:24.600026	2025-07-20 04:32:24.600027
159	16	9	\N	\N	2025-07-20 04:32:24.600028	2025-07-20 04:32:24.600029
160	16	10	\N	\N	2025-07-20 04:32:24.60003	2025-07-20 04:32:24.60003
161	17	1	3	\N	2025-07-21 20:01:25.238474	2025-07-21 20:01:25.238478
162	17	2	\N	yes	2025-07-21 20:01:25.238479	2025-07-21 20:01:25.23848
163	17	3	\N	yes	2025-07-21 20:01:25.238482	2025-07-21 20:01:25.238483
164	17	4	\N	yes	2025-07-21 20:01:25.238483	2025-07-21 20:01:25.238484
165	17	5	3	\N	2025-07-21 20:01:25.238485	2025-07-21 20:01:25.238486
166	17	6	\N	yes	2025-07-21 20:01:25.238487	2025-07-21 20:01:25.238488
167	17	7	3	\N	2025-07-21 20:01:25.238489	2025-07-21 20:01:25.23849
168	17	8	\N	yes	2025-07-21 20:01:25.238491	2025-07-21 20:01:25.238492
169	17	9	\N	yes	2025-07-21 20:01:25.238493	2025-07-21 20:01:25.238493
170	17	10	\N	hwjj	2025-07-21 20:01:25.238494	2025-07-21 20:01:25.238495
171	18	1	2	\N	2025-07-21 22:36:34.716942	2025-07-21 22:36:34.716946
172	18	2	\N	no	2025-07-21 22:36:34.716948	2025-07-21 22:36:34.716949
173	18	3	\N	no	2025-07-21 22:36:34.71695	2025-07-21 22:36:34.716951
174	18	4	\N	no	2025-07-21 22:36:34.716952	2025-07-21 22:36:34.716953
175	18	5	2	\N	2025-07-21 22:36:34.716954	2025-07-21 22:36:34.716955
176	18	6	\N	\N	2025-07-21 22:36:34.716956	2025-07-21 22:36:34.716957
177	18	7	1	\N	2025-07-21 22:36:34.716959	2025-07-21 22:36:34.71696
178	18	8	\N	no	2025-07-21 22:36:34.716961	2025-07-21 22:36:34.716962
179	18	9	\N	no	2025-07-21 22:36:34.716963	2025-07-21 22:36:34.716963
180	18	10	\N	Y	2025-07-21 22:36:34.716965	2025-07-21 22:36:34.716966
181	19	1	1	\N	2025-07-22 15:59:34.340726	2025-07-22 15:59:34.34073
182	19	2	\N	no	2025-07-22 15:59:34.340732	2025-07-22 15:59:34.340733
183	19	3	\N	no	2025-07-22 15:59:34.340734	2025-07-22 15:59:34.340735
184	19	4	\N	no	2025-07-22 15:59:34.340736	2025-07-22 15:59:34.340736
185	19	5	2	\N	2025-07-22 15:59:34.340737	2025-07-22 15:59:34.340738
186	19	6	\N	no	2025-07-22 15:59:34.340739	2025-07-22 15:59:34.34074
187	19	7	2	\N	2025-07-22 15:59:34.340741	2025-07-22 15:59:34.340742
188	19	8	\N	\N	2025-07-22 15:59:34.340743	2025-07-22 15:59:34.340743
189	19	9	\N	no	2025-07-22 15:59:34.340744	2025-07-22 15:59:34.340745
190	19	10	\N	Hthh	2025-07-22 15:59:34.340746	2025-07-22 15:59:34.340747
191	20	1	2	\N	2025-07-23 02:32:26.937904	2025-07-23 02:32:26.937908
192	20	2	\N	no	2025-07-23 02:32:26.93791	2025-07-23 02:32:26.937911
193	20	3	\N	no	2025-07-23 02:32:26.937912	2025-07-23 02:32:26.937913
194	20	4	\N	no	2025-07-23 02:32:26.937914	2025-07-23 02:32:26.937915
195	20	5	2	\N	2025-07-23 02:32:26.937916	2025-07-23 02:32:26.937917
196	20	6	\N	no	2025-07-23 02:32:26.937918	2025-07-23 02:32:26.937919
197	20	7	2	\N	2025-07-23 02:32:26.93792	2025-07-23 02:32:26.93792
198	20	8	\N	no	2025-07-23 02:32:26.937921	2025-07-23 02:32:26.937922
199	20	9	\N	no	2025-07-23 02:32:26.937923	2025-07-23 02:32:26.937924
200	20	10	\N	\N	2025-07-23 02:32:26.937925	2025-07-23 02:32:26.937925
201	21	1	0	\N	2025-07-24 17:20:13.718169	2025-07-24 17:20:13.718172
202	21	2	\N	yes	2025-07-24 17:20:13.718175	2025-07-24 17:20:13.718176
203	21	3	\N	yes	2025-07-24 17:20:13.718177	2025-07-24 17:20:13.718178
204	21	4	\N	yes	2025-07-24 17:20:13.718179	2025-07-24 17:20:13.718179
205	21	5	0	\N	2025-07-24 17:20:13.71818	2025-07-24 17:20:13.718181
206	21	6	\N	yes	2025-07-24 17:20:13.718182	2025-07-24 17:20:13.718183
207	21	7	0	\N	2025-07-24 17:20:13.718183	2025-07-24 17:20:13.718184
208	21	8	\N	yes	2025-07-24 17:20:13.718185	2025-07-24 17:20:13.718186
209	21	9	\N	yes	2025-07-24 17:20:13.718187	2025-07-24 17:20:13.718187
210	21	10	\N	\N	2025-07-24 17:20:13.718188	2025-07-24 17:20:13.718189
211	22	1	4	\N	2025-07-28 20:19:45.355987	2025-07-28 20:19:45.35599
212	22	2	\N	yes	2025-07-28 20:19:45.355992	2025-07-28 20:19:45.355994
213	22	3	\N	yes	2025-07-28 20:19:45.355995	2025-07-28 20:19:45.355995
214	22	4	\N	yes	2025-07-28 20:19:45.355996	2025-07-28 20:19:45.355997
215	22	5	4	\N	2025-07-28 20:19:45.355998	2025-07-28 20:19:45.355999
216	22	6	\N	yes	2025-07-28 20:19:45.356	2025-07-28 20:19:45.356001
217	22	7	4	\N	2025-07-28 20:19:45.356002	2025-07-28 20:19:45.356002
218	22	8	\N	yes	2025-07-28 20:19:45.356003	2025-07-28 20:19:45.356004
219	22	9	\N	no	2025-07-28 20:19:45.356005	2025-07-28 20:19:45.356006
220	22	10	\N		2025-07-28 20:19:45.356006	2025-07-28 20:19:45.356007
221	23	1	3	\N	2025-07-28 22:16:49.372586	2025-07-28 22:16:49.372589
222	23	2	\N	no	2025-07-28 22:16:49.372591	2025-07-28 22:16:49.372592
223	23	3	\N	no	2025-07-28 22:16:49.372593	2025-07-28 22:16:49.372594
224	23	4	\N	no	2025-07-28 22:16:49.372595	2025-07-28 22:16:49.372596
225	23	5	1	\N	2025-07-28 22:16:49.372597	2025-07-28 22:16:49.372597
226	23	6	\N	\N	2025-07-28 22:16:49.372598	2025-07-28 22:16:49.372599
227	23	7	3	\N	2025-07-28 22:16:49.3726	2025-07-28 22:16:49.372601
228	23	8	\N	no	2025-07-28 22:16:49.372602	2025-07-28 22:16:49.372602
229	23	9	\N	yes	2025-07-28 22:16:49.372603	2025-07-28 22:16:49.372604
230	23	10	\N	H	2025-07-28 22:16:49.372605	2025-07-28 22:16:49.372606
231	24	1	4	\N	2025-07-30 14:31:58.955696	2025-07-30 14:31:58.9557
232	24	2	\N	no	2025-07-30 14:31:58.955702	2025-07-30 14:31:58.955703
233	24	3	\N	no	2025-07-30 14:31:58.955704	2025-07-30 14:31:58.955705
234	24	4	\N	no	2025-07-30 14:31:58.955706	2025-07-30 14:31:58.955707
235	24	5	2	\N	2025-07-30 14:31:58.955708	2025-07-30 14:31:58.955709
236	24	6	\N	no	2025-07-30 14:31:58.95571	2025-07-30 14:31:58.955711
237	24	7	2	\N	2025-07-30 14:31:58.955712	2025-07-30 14:31:58.955713
238	24	8	\N	no	2025-07-30 14:31:58.955714	2025-07-30 14:31:58.955714
239	24	9	\N	yes	2025-07-30 14:31:58.955715	2025-07-30 14:31:58.955716
240	24	10	\N	G	2025-07-30 14:31:58.955717	2025-07-30 14:31:58.955718
241	25	1	3	\N	2025-08-05 22:23:26.527995	2025-08-05 22:23:26.527998
242	25	2	\N	no	2025-08-05 22:23:26.528001	2025-08-05 22:23:26.528002
243	25	3	\N	yes	2025-08-05 22:23:26.528003	2025-08-05 22:23:26.528004
244	25	4	\N	no	2025-08-05 22:23:26.528005	2025-08-05 22:23:26.528005
245	25	5	3	\N	2025-08-05 22:23:26.528006	2025-08-05 22:23:26.528007
246	25	6	\N	no	2025-08-05 22:23:26.528008	2025-08-05 22:23:26.528009
247	25	7	2	\N	2025-08-05 22:23:26.52801	2025-08-05 22:23:26.528011
248	25	8	\N	no	2025-08-05 22:23:26.528011	2025-08-05 22:23:26.528012
249	25	9	\N	yes	2025-08-05 22:23:26.528013	2025-08-05 22:23:26.528014
250	25	10	\N	Es una experiencia magica	2025-08-05 22:23:26.528015	2025-08-05 22:23:26.528016
251	26	1	1	\N	2025-08-06 17:03:39.000094	2025-08-06 17:03:39.000098
252	26	2	\N	no	2025-08-06 17:03:39.0001	2025-08-06 17:03:39.000101
253	26	3	\N	no	2025-08-06 17:03:39.000102	2025-08-06 17:03:39.000103
254	26	4	\N	no	2025-08-06 17:03:39.000104	2025-08-06 17:03:39.000105
255	26	5	2	\N	2025-08-06 17:03:39.000106	2025-08-06 17:03:39.000107
256	26	6	\N	no	2025-08-06 17:03:39.000108	2025-08-06 17:03:39.000109
257	26	7	1	\N	2025-08-06 17:03:39.000109	2025-08-06 17:03:39.00011
258	26	8	\N	no	2025-08-06 17:03:39.000111	2025-08-06 17:03:39.000112
259	26	9	\N	no	2025-08-06 17:03:39.000113	2025-08-06 17:03:39.000113
260	26	10	\N	Fea experiencia, no lo recomiendo pecas	2025-08-06 17:03:39.000114	2025-08-06 17:03:39.000115
261	27	1	3	\N	2025-08-14 00:04:05.565325	2025-08-14 00:04:05.565329
262	27	2	\N	no	2025-08-14 00:04:05.565331	2025-08-14 00:04:05.565333
263	27	3	\N	no	2025-08-14 00:04:05.565334	2025-08-14 00:04:05.565334
264	27	4	\N	no	2025-08-14 00:04:05.565335	2025-08-14 00:04:05.565336
265	27	5	3	\N	2025-08-14 00:04:05.565337	2025-08-14 00:04:05.565338
266	27	6	\N	no	2025-08-14 00:04:05.565339	2025-08-14 00:04:05.56534
267	27	7	2	\N	2025-08-14 00:04:05.565341	2025-08-14 00:04:05.565341
268	27	8	\N	no	2025-08-14 00:04:05.565342	2025-08-14 00:04:05.565343
269	27	9	\N	no	2025-08-14 00:04:05.565344	2025-08-14 00:04:05.565345
270	27	10	\N	El peor servicio de la vida 😉😚, jamas lo usen	2025-08-14 00:04:05.565346	2025-08-14 00:04:05.565346
\.


--
-- Data for Name: role_module_action; Type: TABLE DATA; Schema: public; Owner: canteradigitalio_bateradmin
--

COPY public.role_module_action (role_id, module_id, action_id) FROM stdin;
2	1	1
2	1	2
2	1	3
2	1	4
2	18	8
2	18	9
2	18	2
2	18	3
2	19	8
2	19	9
2	19	4
2	19	3
17	1	3
17	1	4
17	7	10
17	7	11
17	7	12
17	7	13
17	8	2
17	8	4
17	8	14
17	8	9
17	18	3
44	1	1
44	9	5
44	10	1
44	18	8
1	11	9
1	11	3
1	11	4
1	11	2
1	11	17
1	12	9
1	12	1
1	13	1
23	1	1
23	9	5
23	9	6
23	9	3
23	9	4
23	9	2
23	9	15
23	9	16
23	10	1
23	10	10
23	10	11
23	10	12
23	10	13
24	17	10
24	17	11
24	17	12
24	17	13
24	18	8
24	18	2
24	18	3
24	18	9
24	19	8
24	19	9
24	19	4
24	19	3
1	13	14
1	13	4
1	13	2
1	14	1
1	14	4
1	14	2
1	15	1
1	15	10
1	15	11
1	15	12
1	15	13
1	16	1
1	17	1
1	17	10
1	17	11
1	17	12
1	17	13
1	18	8
1	18	9
1	18	2
1	18	3
1	19	9
1	19	8
1	19	4
1	19	3
1	1	1
1	1	2
1	1	3
1	1	4
1	2	1
1	3	1
1	4	1
1	5	1
1	6	1
1	7	10
1	7	11
1	7	12
1	7	13
1	7	1
1	8	4
1	8	2
1	8	14
41	1	1
41	2	1
41	3	1
41	9	5
41	10	1
41	17	1
41	19	9
1	8	9
1	8	1
1	9	5
1	9	6
1	9	3
1	9	4
1	9	2
1	9	15
1	9	16
1	10	1
1	10	10
1	10	11
1	10	12
1	10	13
1	11	8
24	1	1
24	1	2
24	1	3
24	1	4
24	2	1
24	3	1
24	4	1
24	5	1
24	6	1
24	7	1
24	7	10
24	7	11
24	7	12
24	7	13
24	8	1
24	8	9
24	8	14
24	8	4
24	8	2
24	9	5
24	9	6
24	9	3
24	9	4
24	9	15
24	9	2
24	9	16
24	10	1
24	10	10
24	10	11
24	10	12
24	10	13
24	11	8
24	11	9
24	11	3
24	11	4
24	11	2
24	11	17
24	12	1
24	12	9
24	13	1
24	13	14
24	13	4
24	13	2
24	14	1
24	14	4
24	14	2
24	15	1
24	15	10
24	15	11
24	15	12
24	15	13
24	16	1
24	17	1
\.


--
-- Data for Name: roles; Type: TABLE DATA; Schema: public; Owner: canteradigitalio_bateradmin
--

COPY public.roles (id, name, description) FROM stdin;
3	user	\N
1	super_admin	super_admin
2	admin	Admond
17	QA.	rol de QA
19	sin	ded
20	ded	ded
21	deo	dedewdwoipjdweoidwedw
22	uuu	uuu
23	1234567890qwertyuiopqwertyuiopqwertyuiopqwertyuiopqwertyuiopqwertyuiopqwertyuiopqwertyuiopqwertyuiopqwertyuiopqwertyuiopqwertyuiopqwertyuiopqwertyuiopqwertyuiopqwertyuiopqwertyuiopqwertyuiopqwertyuiopqwertyuiopqwertyuiopqwertyuiopqwertyuiopqwertyuiop	qwertyuiopqwertyuiopqwertyuiopqwertyuiopqwertyuiopqwertyuiopqwertyuiopqwertyuiopqwertyuiopqwertyuiopqwertyuiopqwertyuiopqwertyuiopqwertyuiopqwertyuiopqwertyuiopqwertyuiopqwertyuiopqwertyuiopqwertyuiopqwertyuiopqwertyuiopqwertyuiopqwertyuiopqwertyuiop
25	eoiquw	dqwdqwdwqdq
29	qwoei	opidqhwdq
30	lfskjlsdkaj	dsadadaa
24	con todo editado	tiene todos los permisos editado
38	PRUEBA WITH USER 3	PRUEBA WITH USER 3
39	dsadasdsada	asdadasdasdas
41	nombre de rol 10/7/25	nuevo rol
42	nuevo rol	dasdadadasa
44	solo ver	solo puede ver de clientes, la primera pestaña
47	XXXXXXXXX	XXXXXXXXXX
48	AAAAAHHHHH	AAAAAHHHHH
\.


--
-- Data for Name: scheduled_jobs; Type: TABLE DATA; Schema: public; Owner: canteradigitalio_bateradmin
--

COPY public.scheduled_jobs (id, next_run_time, job_state) FROM stdin;
send_pending_service_requests_to_finish_notification	1755882000	\\x[BLOB]
\.


--
-- Data for Name: service_applications; Type: TABLE DATA; Schema: public; Owner: canteradigitalio_bateradmin
--

COPY public.service_applications (id, user_id, application_status, tokens_price, created_at, petition_id, chat_id, service_id) FROM stdin;
4	23	IN_PROCESS	220.00	2025-04-24 18:15:26.223486	1	\N	\N
7	74	IN_PROCESS	100.00	2025-04-28 21:52:53.729816	1	\N	\N
8	23	IN_PROCESS	500.00	2025-04-28 21:52:53.729816	33	\N	\N
9	23	IN_PROCESS	500.00	2025-04-28 21:52:53.729816	33	\N	\N
10	23	IN_PROCESS	300.00	2025-04-28 21:52:53.729816	33	\N	\N
11	23	IN_PROCESS	270.00	2025-04-28 21:52:53.729816	33	\N	\N
14	110	IN_PROCESS	100.00	2025-05-06 17:58:29.48541	1	\N	\N
15	110	IN_PROCESS	100.00	2025-05-06 17:58:29.48541	2	\N	\N
16	103	IN_PROCESS	260.00	2025-05-06 17:58:29.48541	1	\N	\N
17	110	IN_PROCESS	300.00	2025-05-08 16:18:08.531121	49	\N	\N
18	110	IN_PROCESS	600.00	2025-05-08 16:18:08.531121	51	\N	\N
19	110	IN_PROCESS	69.00	2025-05-08 16:18:08.531121	51	\N	\N
20	110	IN_PROCESS	58.00	2025-05-08 22:26:54.651447	53	\N	\N
21	110	IN_PROCESS	58.00	2025-05-08 22:26:54.651447	53	\N	\N
22	94	IN_PROCESS	699.00	2025-05-08 22:26:54.651447	53	\N	\N
23	94	IN_PROCESS	5000.00	2025-05-08 22:26:54.651447	53	\N	\N
24	94	IN_PROCESS	0.00	2025-05-08 22:26:54.651447	53	\N	\N
25	94	IN_PROCESS	0.00	2025-05-08 22:26:54.651447	53	\N	\N
26	94	IN_PROCESS	0.00	2025-05-08 22:26:54.651447	53	\N	\N
27	32	IN_PROCESS	555.00	2025-05-23 16:28:56.009335	64	\N	\N
28	32	IN_PROCESS	555.00	2025-05-23 16:28:56.009335	63	\N	\N
29	121	IN_PROCESS	300.00	2025-05-23 16:28:56.009335	64	\N	\N
30	94	IN_PROCESS	69.00	2025-05-23 16:28:56.009335	64	\N	\N
31	127	IN_PROCESS	430.00	2025-05-27 00:00:57.788145	66	\N	\N
32	134	IN_PROCESS	270.00	2025-06-03 17:54:25.939697	64	\N	\N
33	110	IN_PROCESS	50.00	2025-06-05 17:13:36.554809	68	\N	\N
34	110	IN_PROCESS	50.00	2025-06-25 22:23:57.632827	90	\N	\N
35	265	IN_PROCESS	0.00	2025-06-30 16:04:29.519194	91	\N	\N
36	265	IN_PROCESS	0.00	2025-06-30 16:04:29.519194	91	\N	\N
37	280	IN_PROCESS	50.00	2025-07-16 22:46:03.915349	93	\N	\N
38	32	IN_PROCESS	270.00	2025-07-18 16:13:42.720937	94	\N	\N
39	32	IN_PROCESS	52.00	2025-07-18 22:30:43.753844	101	\N	\N
40	110	IN_PROCESS	100.00	2025-07-18 22:30:43.753844	69	\N	\N
42	32	IN_PROCESS	270.00	2025-07-26 00:26:21.861087	104	\N	\N
43	32	IN_PROCESS	23.00	2025-07-30 13:54:26.931935	109	\N	\N
44	295	IN_PROCESS	33.00	2025-08-02 14:54:22.232717	118	\N	\N
45	295	IN_PROCESS	100.00	2025-08-02 14:54:22.232717	113	\N	\N
46	94	IN_PROCESS	12.00	2025-08-05 23:28:35.782594	130	\N	\N
47	94	IN_PROCESS	123.00	2025-08-05 23:28:35.782594	130	\N	\N
48	128	IN_PROCESS	300.00	2025-08-06 02:17:36.448946	67	\N	\N
49	129	IN_PROCESS	270.00	2025-08-06 02:17:36.448946	67	\N	\N
50	288	IN_PROCESS	270.00	2025-08-08 17:51:52.911982	4	\N	\N
51	288	IN_PROCESS	10.00	2025-08-08 17:51:52.911982	64	\N	\N
52	139	IN_PROCESS	5.00	2025-08-11 14:25:28.522554	132	\N	\N
53	23	PENDING	80.00	2025-08-11 22:19:59.187522	107	\N	\N
54	23	PENDING	5.00	2025-08-11 22:19:59.187522	108	\N	\N
59	128	PENDING	100.00	2025-08-11 22:19:59.187522	138	\N	\N
60	23	PENDING	50.00	2025-08-14 19:10:41.893833	102	\N	\N
61	23	PENDING	60.00	2025-08-14 19:10:41.893833	139	\N	\N
62	23	PENDING	20.00	2025-08-14 19:10:41.893833	139	\N	\N
63	23	PENDING	80.00	2025-08-14 19:10:41.893833	140	\N	\N
64	304	PENDING	12.00	2025-08-14 19:10:41.893833	139	\N	\N
56	23	CANCELED	8.00	2025-08-11 22:19:59.187522	107	\N	\N
57	128	CANCELED	90.00	2025-08-11 22:19:59.187522	107	\N	\N
65	110	PENDING	25.00	2025-08-14 19:10:41.893833	139	\N	\N
55	23	CANCELED	6.00	2025-08-11 22:19:59.187522	108	\N	\N
58	128	CANCELED	90.00	2025-08-11 22:19:59.187522	108	\N	\N
67	288	PENDING	20.00	2025-08-14 23:52:38.821199	132	\N	\N
68	288	PENDING	20.00	2025-08-14 23:52:38.821199	128	\N	\N
69	23	PENDING	5.00	2025-08-14 23:52:38.821199	144	\N	\N
70	110	PENDING	6.00	2025-08-14 23:52:38.821199	145	\N	\N
71	110	PENDING	1.00	2025-08-14 23:52:38.821199	146	\N	\N
72	110	PENDING	2.00	2025-08-14 23:52:38.821199	146	\N	\N
73	288	PENDING	5.00	2025-08-14 23:52:38.821199	145	\N	\N
74	110	PENDING	16.00	2025-08-14 23:52:38.821199	146	\N	\N
75	110	PENDING	666.00	2025-08-14 23:52:38.821199	146	\N	\N
76	94	PENDING	900.00	2025-08-14 23:52:38.821199	146	\N	\N
77	139	PENDING	20.00	2025-08-19 16:36:20.440634	147	\N	\N
78	306	PENDING	50.00	2025-08-20 16:54:03.463381	94	\N	\N
79	139	ACCEPTED	50.00	2025-08-21 19:20:37.457094	148	\N	\N
80	32	PENDING	300.00	2025-08-21 19:20:37.457094	151	\N	\N
81	32	PENDING	270.00	2025-08-21 19:20:37.457094	151	\N	\N
83	131	PENDING	5.00	2025-08-21 19:20:37.457094	148	\N	\N
84	131	PENDING	5.00	2025-08-21 19:20:37.457094	151	\N	\N
85	131	PENDING	5.00	2025-08-21 19:20:37.457094	150	\N	\N
87	78	ACCEPTED	10.00	2025-08-21 19:20:37.457094	149	\N	\N
88	128	PENDING	10000.00	2025-08-21 19:20:37.457094	144	\N	\N
89	128	PENDING	250.00	2025-08-21 19:20:37.457094	144	\N	\N
90	128	PENDING	100.00	2025-08-22 00:47:21.038849	144	\N	\N
91	128	PENDING	1200.00	2025-08-22 01:04:51.307588	144	\N	\N
92	128	PENDING	200.00	2025-08-22 01:04:51.307588	144	\N	\N
93	128	PENDING	200.00	2025-08-22 01:21:37.598251	144	\N	\N
\.


--
-- Data for Name: service_petitions; Type: TABLE DATA; Schema: public; Owner: canteradigitalio_bateradmin
--

COPY public.service_petitions (id, user_id, name, category_id, subcategory_id, description, service_type, address, service_cost, status, cancellation_reason, created_at, updated_at, schedules, image_url, chat_id, service_id) FROM stdin;
29	92	una  petición más 	3	14	quiero solito aprender a bailar 	both	C. Dr Emilio García sur 23, centro, 61500, Zitácuaro Mich 	30.00	cancelled	Nomas 	2025-04-24 18:15:26.233215	2025-04-24 18:15:26.23324	\N	\N	\N	\N
30	92	Prueba para acceder a detalles	28	42	para ver en detalles 	physical	C. Dr Emilio García sur 23, centro, 61500, Zitácuaro 	50.00	sent	\N	2025-04-24 18:15:26.233215	2025-04-24 18:15:26.233239	\N	\N	\N	\N
32	76	need a babysitter 	25	27	I need a babysitter for my 7 yr old son. \nhe is well behaved for the most part.\nI'll be talking a weekend trip and need a reliable person to watch him while I'm gone.	physical	120 N. Union st	25.00	sent	\N	2025-04-24 18:15:26.233215	2025-04-24 18:15:26.233239	\N	\N	\N	\N
42	23	Clases de pintura	25	27	Necestio aprender pintura de ya	physical	Ramón López Lara, Lindavista, Ciudad Hidalgo, Mich., México	50.00	cancelled	Ya\n	2025-05-05 23:29:11.10263	2025-08-11 22:19:59.198078	\N	\N	\N	\N
1	23	Clase de trap	28	37	ocupo saber bailar trap	virtual	fretted	500.00	cancelled	Ya no ocupo el servicio.	2025-04-23 16:51:42.378467	2025-04-23 16:51:42.378495	\N	\N	\N	\N
3	32	peso	1	4	ɓjjjj	physical	obispo de la calzada	66.00	sent	\N	2025-04-23 16:51:42.378467	2025-04-23 16:51:42.378495	\N	\N	\N	\N
5	32	hhh	1	4	hhh	both	obispo de la calzada 	66.00	sent	\N	2025-04-23 16:51:42.378467	2025-04-23 16:51:42.378495	\N	\N	\N	\N
6	17	Petición de Gio	1	5	MI primera petición	physical	mi casita	20.00	sent	\N	2025-04-23 16:51:42.378467	2025-04-23 16:51:42.378495	\N	\N	\N	\N
10	92	ver 	1	4	holal	both	Luis cabré 	800.00	cancelled	Nomas 	2025-04-23 16:51:42.378467	2025-04-23 16:51:42.378495	\N	\N	\N	\N
7	96	pruebas de César 	28	29	hola wsta es hha leridis s 	both	Luis Cabrera 32	200.00	cancelled	Nomas 	2025-04-23 16:51:42.378467	2025-04-23 16:51:42.378495	\N	\N	\N	\N
8	96	prueba de petición 	3	14	hola	both	Luis Cabrera 32	200.00	cancelled	 LmS	2025-04-23 16:51:42.378467	2025-04-23 16:51:42.378495	\N	\N	\N	\N
9	96	sub categoría 	1	41	prieja 	virtual	Luis Cabrera 32	500.00	cancelled	 Lomas	2025-04-23 16:51:42.378467	2025-04-23 16:51:42.378495	\N	\N	\N	\N
45	103	test	1	6	jabsjz	virtual	agua	800.00	sent	\N	2025-05-06 17:58:29.495079	2025-05-06 17:58:29.495104	\N	\N	\N	\N
46	103	test	30	43	aaaaaah	virtual	agua	25.00	sent	\N	2025-05-06 17:58:29.495079	2025-05-06 17:58:29.495104	\N	\N	\N	\N
41	23	Clases de pintura	3	14	Clases de pintura al oleo y sus derivados	physical	Vicente Guerrero 130, Revolución, Zinapécuaro de Figueroa, Mich., México	300.00	cancelled	Ya no ocupo el servicio	2025-05-02 20:06:08.55072	2025-05-05 23:29:11.10266	\N	\N	\N	\N
96	285	Clases de piano	1	4	dadadadad	physical	Guadalupe Victoria, Solidaridad, Morelia, Mich., México	12.00	sent	\N	2025-07-16 22:46:03.925351	2025-07-16 22:46:03.925381	\N	\N	\N	\N
47	103	test	30	31	testing	virtual	ioos	2.00	sent	\N	2025-05-06 17:58:29.495079	2025-05-06 17:58:29.495104	\N	\N	\N	\N
48	103	segundo test	30	43	hola	virtual	a	55.00	sent	\N	2025-05-06 17:58:29.495079	2025-05-06 17:58:29.495104	\N	\N	\N	\N
49	100	Home Repair Name	1	4	Home Repair Desc	both	Home Repair Address	123.00	cancelled	Si	2025-05-07 22:21:51.752161	2025-05-07 22:21:51.752188	\N	\N	\N	\N
50	100	style={{width: '100%'}}\n\n	1	4	style={{width: '100%'}}\n\n	physical	style={{width: '100%'}}\n\n	25.00	sent	\N	2025-05-07 22:21:51.752161	2025-05-07 22:21:51.752187	\N	\N	\N	\N
51	94	petición para QA stream	25	27	petición creada para la revisión de portaaviones desde servicios o búsqueda avanzada 8 5 2025	both	pudenciano 	100.00	sent	\N	2025-05-08 16:18:08.540728	2025-05-08 16:18:08.540755	\N	\N	\N	\N
33	17	pericion urgente	1	5	esta es una petición urgente, que urge mucho por eso es urgente.	both	mi casa	55.00	sent	\N	2025-04-28 21:52:53.7405	2025-05-08 22:26:54.661518	\N	\N	\N	\N
43	110	hjjjjjjj	1	4	qqqqqqqqqqwwwwwwwwwweeeeeeeeeerrrrrrrrrrttttttttttyyyyyyyyyyuuuuuuuuuuiiiiiiiiiiooooooooooppppppppppqqqqqqqqqqwwwwwwwwwweeeeeeeeeerrrrrrrrrrttttttttttyyyyyyyyyyuuuuuuuuuuiiiiiiiiiiooooooooooppppppppppqqqqqqqqqqwwwwwwwwwweeeeeeeeeerrrrrrrrrrttttttttttyyyyyyyyyyuuuuuuuuuuiiiiiiiiiiooooooooooppppppppppqqqqqqqqqqwwwwwwwwwweeeeeeeeeerrrrrrrrrrttttttttttyyyyyyyyyyuuuuuuuuuuiiiiiiiiiiooooooooooppppppppppqqqqqqqqqqwwwwwwwwwweeeeeeeeeerrrrrrrrrrttttttttttyyyyyyyyyyuuuuuuuuuuiiiiiiiiiioooooooooopppppppppppppppppppppppppppppppppppbybubhbhdzunzdhndnudznuzd	virtual	pudenciano	68.00	cancelled	Wa pruebas 	2025-05-06 17:58:29.495079	2025-05-08 22:26:54.661518	\N	\N	\N	\N
55	110	ddd	1	4	dd	virtual	Jalang Kampung Pulo No.SSSSS179, RT.002/RW.023, Kayuringin Jaya, Bekasi, Java Occidental, Indonesia	69.00	sent	\N	2025-05-08 22:26:54.661459	2025-05-08 22:26:54.661517	\N	\N	\N	\N
56	103	Curso de inglés técnico!	30	31	Aunque algunos piensan que el número de caracteres es el número total de letras que hay en un texto, en realidad este hace referencia al recuento total de todos los caracteres, incluyendo los espacios. El recuento de caracteres es necesario sobre todo cuando un texto o un documento debe limitarse a un cierto número de caracteres. Además, algunos traductores utilizan el recuento de caracteres sin espacios para determinar el precio de un trabajo de traducción. Por eso es importante verificar la re	virtual	Agua Dulce, Lima, Perú	300.00	sent	\N	2025-05-08 22:26:54.661459	2025-05-08 22:26:54.661518	\N	\N	\N	\N
57	117	Curso de rockk	28	29	test	virtual	Aguascalientes, Roma Sur, Mexico City, CDMX, Mexico	500.00	sent	\N	2025-05-08 22:26:54.661459	2025-05-08 22:26:54.661518	\N	\N	\N	\N
2	23	Clase de cumbia 2.0	28	29	ocupo saber bailar cumbias.	virtual	fretted	300.00	cancelled		2025-04-23 16:51:42.378467	2025-08-11 22:19:59.198078	\N	\N	\N	\N
4	32	h	1	4	jhh	physical	obispo de la calzada 	66.00	cancelled		2025-04-23 16:51:42.378467	2025-08-08 17:51:52.921601	\N	\N	\N	\N
97	285	Test	1	4	test	physical	Teston Road, Maple, Ontario, Canadá	23.00	sent	\N	2025-07-16 22:46:03.925351	2025-07-16 22:46:03.925381	\N	\N	\N	\N
98	280	rerere	1	4	eretette	physical	Morelia Michoacán, La Mangana, Ciudad Hidalgo, Mich., México	5.00	cancelled	frfrefref	2025-07-18 22:30:43.763899	2025-07-18 22:30:43.763928	\N	\N	\N	\N
100	280	rrrrrrr	1	4	rrrrrr	physical	Morelia Michoacán, La Mangana, Ciudad Hidalgo, Mich., México	4.00	cancelled	No lo requiero	2025-07-18 22:30:43.763899	2025-07-18 22:30:43.763928	\N	\N	\N	\N
44	110	nnnsns	25	40	bsbssjaja	virtual	pudenciano dorantes	69.00	cancelled	Jejdjde	2025-05-06 17:58:29.495079	2025-07-18 22:30:43.763928	\N	\N	\N	\N
52	110	Nueva petición de service 	2	10	descripción del servicio editado	physical	Mirador Arcos del Valle, Zona Sin Asignación de Nombre de Colonia, Morelia, Mich., México	360.00	cancelled	Nsnsnssns	2025-05-08 22:26:54.661459	2025-07-18 22:30:43.763928	\N	\N	\N	\N
58	23	Editado	25	40	Está es una petición para pedir cosas que no sabias que necesitabas.	physical	Holanda 98, Villa Universidad, Morelia, Mich., México	1000.00	cancelled		2025-05-15 22:12:36.907949	2025-08-11 22:19:59.198078	\N	\N	\N	\N
61	94	Nueva petición de raamon	32	58	dddddddddddd	virtual	Mirador Arcos del Valle, Zona Sin Asignación de Nombre de Colonia, Morelia, Mich., México	69.00	sent	\N	2025-05-22 17:56:56.743641	2025-05-22 17:56:56.743665	\N	\N	\N	\N
89	2	W test	2	12	Lavado de auto	physical	Dublín 3, de Agosto, 58128 Morelia, Mich.	200.00	sent	\N	2025-06-24 22:32:28.875073	2025-06-24 22:32:28.875103	\N	\N	\N	\N
63	110	hbdzhbezhbdz	1	4	ybxdhbezhbzdbhez	physical	Morelia-Guadalajara, Centro, Colonia, Emiliano Zapata, Mich., México	58.00	sent	\N	2025-05-22 17:56:56.743641	2025-05-22 17:56:56.743665	\N	\N	\N	\N
62	110	petición del día baja Jajajjaa	1	4	ddddddddd y ver la fecha creada\n	physical	Ana Villegas, Fraccionamento San LORENZO ITZICUARO, Morelia, Mich., México	250.00	sent	\N	2025-05-22 17:56:56.743641	2025-05-22 17:56:56.743666	\N	\N	\N	\N
64	32	Tashas y Perico	1	4	hhh	virtual	Obispo de La Calzada, Fray Antonio de San Miguel Iglesias, Morelia, Mich., México	55.00	sent	\N	2025-05-23 16:28:56.019689	2025-05-23 16:28:56.019741	\N	\N	\N	\N
65	94	petición nueva 	30	31	esta es una nueva prueba de google places	physical	Las Americas, Las Américas, Morelia, Mich., México	36.00	sent	\N	2025-05-23 16:28:56.019689	2025-05-23 16:28:56.019741	\N	\N	\N	\N
66	94	Nueva petición 2	2	9	desjsnsndndndnsjsnsnsnss	physical	Boulevard Miguel Hidalgo Y Costilla, Deportiva, Tizayuca, Hgo., México	63.00	sent	\N	2025-05-23 16:28:56.019689	2025-05-23 16:28:56.019741	\N	\N	\N	\N
68	76	need babysitter 	25	40	I'm looking for a babysitter for my 3 year old son.	physical	120 North Union Avenue, Los Angeles, CA, USA	25.00	sent	\N	2025-06-03 17:54:25.948553	2025-06-03 17:54:25.948578	\N	\N	\N	\N
69	94	petición desde dahyun	25	52	esta es una petición creada desde el perfil de dahyun qué es más cliente, si yo veo esta petición desde dahyun esta mal el.filtrado, solo los demás usuarios ppr lógica deberían de ver mis peticiones	physical	Las Americas, Las Américas, Morelia, Mich., México	50.00	sent	\N	2025-06-05 17:13:36.564685	2025-06-05 17:13:36.564711	\N	\N	\N	\N
70	110	petición editada	28	37	jdjdjdjjdjd	virtual	Las Americas, Las Américas, Morelia, Mich., México	96.00	sent	\N	2025-06-05 17:13:36.564685	2025-06-05 17:13:36.564712	\N	\N	\N	\N
71	144	prueba videollamada 	1	4	pruebA	physical	Morelia Michoacán, La Mangana, Ciudad Hidalgo, Mich., México	50.00	sent	\N	2025-06-12 15:28:07.009111	2025-06-12 15:28:07.009137	\N	\N	\N	\N
72	110	primera petición del raamom	1	5	descripcinnmmdmd	physical	Pelúchova Cesta, Nová Baňa, Eslovaquia	86.00	sent	\N	2025-06-20 18:48:40.846992	2025-06-20 18:48:40.847018	\N	\N	\N	\N
73	110	primera petición del raamom	1	5	descripcinnmmdmd	physical	Pelúchova Cesta, Nová Baňa, Eslovaquia	86.00	sent	\N	2025-06-20 18:48:40.846992	2025-06-20 18:48:40.847018	\N	\N	\N	\N
76	76	trash pockup	1	49	we pickup trash 	physical	120 North Puente Avenue, City of Industry, CA, USA	25.00	sent	\N	2025-06-20 20:32:03.026498	2025-06-20 20:32:03.026546	\N	\N	\N	\N
77	219	Nueva peticion	25	52	pruebas de qa	physical	Pelúchova Cesta, Nová Baňa, Eslovaquia	44.00	sent	\N	2025-06-20 22:59:10.146324	2025-06-20 22:59:10.146352	\N	\N	\N	\N
78	219	esbyunswwsnunwshws	1	4	xenhoodxbgxsigbxsigbsxigbxe	physical		15.00	sent	\N	2025-06-20 22:59:10.146324	2025-06-20 22:59:10.146352	\N	\N	\N	\N
79	76	need babysitter 	25	52	need a babysitter for my 47 year old son	physical	120 North Wacker Drive, Chicago, IL, USA	80.00	sent	\N	2025-06-20 22:59:10.146324	2025-06-20 22:59:10.146352	\N	\N	\N	\N
80	76	need babysitter 	25	52	need a babysitter for my 47 year old son	physical	120 North Wacker Drive, Chicago, IL, USA	80.00	sent	\N	2025-06-20 22:59:10.146324	2025-06-20 22:59:10.146352	\N	\N	\N	\N
81	76	babysitter 	1	61	need a babysitter 	physical	120 South LaSalle Street, Chicago, IL, USA	80.00	sent	\N	2025-06-20 22:59:10.146324	2025-06-20 22:59:10.146352	\N	\N	\N	\N
82	76	babysitter 	1	5	need babysitter for my 40 yr old son	physical	1202 Farm to Market 1960, Houston, TX, USA	30.00	sent	\N	2025-06-20 22:59:10.146324	2025-06-20 22:59:10.146352	\N	\N	\N	\N
83	32	Request	1	5	Mausoleo	physical	Obispo Salguero, Córdoba, Argentina	5.00	sent	\N	2025-06-20 22:59:10.146324	2025-06-20 22:59:10.146352	\N	\N	\N	\N
84	76	babysitter 	1	5	need babysitter for my 40 yr old son	physical	1202 Farm to Market 1960, Houston, TX, USA	30.00	sent	\N	2025-06-20 22:59:10.146324	2025-06-20 22:59:10.146352	\N	\N	\N	\N
85	17	Test para ver si se muestra	1	4	Test para ver si se muestra	physical	Morelia Michoacán, La Mangana, Ciudad Hidalgo, Mich., México	50.00	sent	\N	2025-06-24 22:32:28.875073	2025-06-24 22:32:28.875103	\N	\N	\N	\N
86	17	Prueba de petición propia	1	4	Prueba de petición propia	physical	Morelia Michoacán, La Mangana, Ciudad Hidalgo, Mich., México	50.00	sent	\N	2025-06-24 22:32:28.875073	2025-06-24 22:32:28.875103	\N	\N	\N	\N
87	17	Prueba de petición propia	1	4	Prueba de petición propia	physical	Morelia Michoacán, La Mangana, Ciudad Hidalgo, Mich., México	50.00	sent	\N	2025-06-24 22:32:28.875073	2025-06-24 22:32:28.875103	\N	\N	\N	\N
88	2	Creacion de manual tectino	2	12	Lavado de auto	physical	Dublín 3, de Agosto, 58128 Morelia, Mich.	200.00	sent	\N	2025-06-24 22:32:28.875073	2025-06-24 22:32:28.875103	\N	\N	\N	\N
90	80	tvbtbggb	2	10	rvgrvrvtthtbtb	virtual	Las Flores, Misión del Carmen, Playa del Carmen, Q.R., México	50.00	sent	\N	2025-06-25 22:23:57.642446	2025-06-25 22:23:57.642509	\N	\N	\N	\N
91	127	prieba	1	4	bbbnn	physical	Morelia Michoacán, La Mangana, Ciudad Hidalgo, Mich., México	9.00	sent	\N	2025-06-25 22:23:57.642446	2025-06-25 22:23:57.642509	\N	\N	\N	\N
75	110	mi primera peticion	1	5	jedjudenudeednudbey91ed1y8rcy8bc1r	physical	Pelúchova Cesta, Nová Baňa, Eslovaquia	86.00	cancelled	Error de peticion, ya no la quiero	2025-06-20 18:48:40.846992	2025-07-12 00:21:21.043934	\N	\N	\N	\N
74	110	mi peticio	1	4	ndeyunedunrdhxehnxeunnurdw	physical	Rue de Peluche, Soustons, Francia	86.00	cancelled	Borre mi petcion	2025-06-20 18:48:40.846992	2025-07-12 00:21:21.043934	\N	\N	\N	\N
92	76	Tutoring for 3ed grade math	36	65	test	physical	12050 Agua Mansa Road, Jurupa Valley, CA, USA	25.00	sent	\N	2025-07-15 17:58:48.226317	2025-07-15 17:58:48.226345	\N	\N	\N	\N
93	110	mi petición de ramon	1	4	jufrnufrnurdrdnrduundried	virtual	La Rambla, Barcelona, España	60.00	sent	\N	2025-07-15 17:58:48.226317	2025-07-15 17:58:48.226345	\N	\N	\N	\N
94	280	Instalación de equipo multimedia	1	6	Instalación de equipo multimedia 	physical	Holanda 98, Villa Universidad, Morelia, Mich., México	70.00	sent	\N	2025-07-16 22:46:03.925351	2025-07-16 22:46:03.925381	\N	\N	\N	\N
95	280	Instalación de Paneles solares	1	6	Instalación de paneles solares	physical	Rio Col 40, San Isidro, Acámbaro, Gto., México	60.00	sent	\N	2025-07-16 22:46:03.925351	2025-07-16 22:46:03.925381	\N	\N	\N	\N
67	23	petición inicial editorial	2	10	es una perticion para ver que salga 	physical	Valle Real, Prados del Sur, Colima, Col., México	25.00	pending	\N	2025-05-27 00:00:57.797932	2025-08-08 17:51:52.921601	[{"end_date": "2025-08-09", "end_time": "07:05:00", "start_date": "2025-08-09", "start_time": "07:00:00"}]	\N	\N	\N
99	280	rerere	1	4	eretette	physical	Morelia Michoacán, La Mangana, Ciudad Hidalgo, Mich., México	5.00	cancelled	Ya no es necesario	2025-07-18 22:30:43.763899	2025-07-18 22:30:43.763928	\N	/media/service_petitions/eb674093-db69-4002-83b9-ca0f39ab2a99.jpg	\N	\N
101	266	limpiar mar	3	14	limpieza se mar	physical	Playa Azul, Principal, Ciudad Lázaro Cárdenas, Mich., México	55.00	sent	\N	2025-07-18 22:30:43.763899	2025-07-18 22:30:43.763927	\N	/media/service_petitions/eb28d38a-584c-4c17-ba21-9f927a1fad96.jpg	\N	\N
53	110	petición día 9 5 2025	25	27	petición de prueba para revisar detalles	physical		36.00	cancelled	Eliminar	2025-05-08 22:26:54.661459	2025-07-18 22:30:43.763928	\N	\N	\N	\N
54	110	500 caracteres	1	61	qqqqqqqqqqwwwwwwwwwweeeeeeeeeerrrrrrrrrrttttttttttyyyyyyyyyyuuuuuuuuuuiiiiiiiiiiooooooooooppppppppppqqqqqqqqqqwwwwwwwwwweeeeeeeeeerrrrrrrrrrttttttttttyyyyyyyyyyuuuuuuuuuuiiiiiiiiiiooooooooooppppppppppqqqqqqqqqqwwwwwwwwwweeeeeeeeeerrrrrrrrrrttttttttttyyyyyyyyyyuuuuuuuuuuiiiiiiiiiiooooooooooppppppppppqqqqqqqqqqwwwwwwwwwweeeeeeeeeerrrrrrrrrrttttttttttyyyyyyyyyyuuuuuuuuuuiiiiiiiiiiooooooooooppppppppppqqqqqqqqqqwwwwwwwwwweeeeeeeeeerrrrrrrrrrttttttttttyyyyyyyyyyuuuuuuuuuuiiiiiiiiiioooooooooopppppppppp	both	Morelia-Guadalajara, Centro, Colonia, Emiliano Zapata, Mich., México	36.00	cancelled	Ujsjsjsjs	2025-05-08 22:26:54.661459	2025-07-18 22:30:43.763928	\N	\N	\N	\N
103	287	Paseador de animales	3	14	perros y gatos	physical	Guadalupe - Zacatecas, Zacatecas Centro, Zacatecas, Mexico	10.00	sent	\N	2025-07-24 16:46:24.968904	2025-07-24 16:46:24.96893	\N	\N	\N	\N
104	287	Paseador de animales	3	14	perros y gatos	physical	Guadalupe - Zacatecas, Zacatecas Centro, Zacatecas, Mexico	10.00	cancelled	dupli	2025-07-24 16:46:24.968904	2025-07-24 16:46:24.968931	\N	\N	\N	\N
105	32	pastelito	1	4	hh	physical	Obispo Oro, Córdoba, Argentina	23.00	sent	\N	2025-07-26 00:26:21.86999	2025-07-26 00:26:21.870016	\N	/media/service_petitions/82fdae8d-7f41-48dc-a09b-f645e05e37c1.jpg	\N	\N
106	285	New req	1	4	fafa	virtual	Guardia Vieja, Providencia, Chile	12.00	sent	\N	2025-07-26 00:26:21.86999	2025-07-26 00:26:21.870016	\N	\N	\N	\N
109	135	asistente de playa	72	81	Se solicita asistente de playa con 5 años de experiencia para fiesta de playas	physical	Miami Beach Boardwalk, Miami Beach, Florida, EE. UU.	22.00	sent	\N	2025-07-30 13:54:26.94236	2025-07-30 13:54:26.942391	\N	/media/service_petitions/14bb9918-752e-4cda-9e5c-045639e99e53.jpg	\N	\N
110	110	petición ramón 30 julio	2	11	dddddddddd	virtual	Las Flores, Temperley, Provincia de Buenos Aires, Argentina	56.00	sent	\N	2025-07-30 19:19:50.715671	2025-07-30 19:19:50.715716	\N	\N	\N	\N
111	110	petición ramón 30 julio	2	11	dddddddddd	virtual	Las Flores, Temperley, Provincia de Buenos Aires, Argentina	56.00	sent	\N	2025-07-30 19:19:50.715671	2025-07-30 19:19:50.715716	\N	\N	\N	\N
112	110	petición ramón 30 julio	2	11	dddddddddd	virtual	Las Flores, Temperley, Provincia de Buenos Aires, Argentina	56.00	sent	\N	2025-07-30 19:19:50.715671	2025-07-30 19:19:50.715716	\N	\N	\N	\N
113	110	petición ramón 30 julio	2	11	dddddddddd	virtual	Las Flores, Temperley, Provincia de Buenos Aires, Argentina	56.00	sent	\N	2025-07-30 19:19:50.715671	2025-07-30 19:19:50.715716	\N	/media/service_petitions/65eae43c-d491-4876-ac29-4623263153d3.jpg	\N	\N
114	110	petición ramón 30 julio	2	11	dddddddddd	virtual	Las Flores, Temperley, Provincia de Buenos Aires, Argentina	56.00	sent	\N	2025-07-30 19:19:50.715671	2025-07-30 19:19:50.715716	\N	/media/service_petitions/c5224ca6-7c62-4f67-a793-f6a9a595cd12.jpg	\N	\N
115	110	petición ramón 30 julio	2	11	dddddddddd	virtual	Las Flores, Temperley, Provincia de Buenos Aires, Argentina	56.00	sent	\N	2025-07-30 19:19:50.715671	2025-07-30 19:19:50.715716	\N	/media/service_petitions/c777885e-0d99-4c01-b498-03d94dd8eecb.jpg	\N	\N
116	110	petición ramón 30 julio	2	11	dddddddddd	virtual	Las Flores, Temperley, Provincia de Buenos Aires, Argentina	56.00	sent	\N	2025-07-30 19:19:50.715671	2025-07-30 19:19:50.715716	\N	/media/service_petitions/01b30282-b302-4871-bb45-1a91ed2cd9b8.jpg	\N	\N
117	110	petición ramón 30 julio	2	11	dddddddddd	virtual	Las Flores, Temperley, Provincia de Buenos Aires, Argentina	56.00	sent	\N	2025-07-30 19:19:50.715671	2025-07-30 19:19:50.715716	\N	/media/service_petitions/f4a101a8-027d-4f4b-a7d7-16af5434d9cc.jpg	\N	\N
118	110	petición ramón 30 julio	2	11	dddddddddd	virtual	Las Flores, Temperley, Provincia de Buenos Aires, Argentina	56.00	sent	\N	2025-07-30 19:19:50.715671	2025-07-30 19:19:50.715716	\N	/media/service_petitions/b9d5e65b-d8f4-4a21-8563-ca97699107bc.jpg	\N	\N
119	110	otra petición 30	25	52	bhzdubzdbydzy	virtual	Arcos, Ciudad Autónoma de Buenos Aires, Argentina	100.00	sent	\N	2025-07-30 19:19:50.715671	2025-07-30 19:19:50.715716	\N	/media/service_petitions/de9aad1c-3b3a-4ab9-bbff-2bb1bf7e32e5.jpg	\N	\N
120	110	petición desde android	1	4	descripción 	virtual	Camino Ascó, Flix, España	699.00	sent	\N	2025-07-30 19:19:50.715671	2025-07-30 19:19:50.715716	\N	/media/service_petitions/ee751b22-a99c-46da-a764-21e0b41099fc.jpg	\N	\N
121	285	Testtt	1	4	afwerfaw	virtual	Guadalupe - Zacatecas, Zacatecas Centro, Zacatecas, Mexico	12.00	sent	\N	2025-07-30 19:19:50.715671	2025-07-30 19:19:50.715716	\N	\N	\N	\N
122	285	Testtt	1	4	afwerfaw	virtual	Guadalupe - Zacatecas, Zacatecas Centro, Zacatecas, Mexico	12.00	sent	\N	2025-07-30 19:19:50.715671	2025-07-30 19:19:50.715716	\N	\N	\N	\N
123	285	Testtt	1	4	afwerfaw	virtual	Guadalupe - Zacatecas, Zacatecas Centro, Zacatecas, Mexico	12.00	sent	\N	2025-07-30 19:19:50.715671	2025-07-30 19:19:50.715716	\N	\N	\N	\N
124	287	ReqToGroup	1	4	fafafafafafaf	virtual	Guadalupe - Zacatecas, Zacatecas Centro, Zacatecas, Mexico	12.00	sent	\N	2025-07-30 20:50:44.505176	2025-07-30 20:50:44.505202	\N	\N	\N	\N
125	287	ReqToGroup	1	4	fafafafafafaf	virtual	Guadalupe - Zacatecas, Zacatecas Centro, Zacatecas, Mexico	12.00	sent	\N	2025-07-30 20:50:44.505176	2025-07-30 20:50:44.505202	\N	\N	\N	\N
126	287	ReqToGroup	1	4	fafafafafafaf	virtual	Guadalupe - Zacatecas, Zacatecas Centro, Zacatecas, Mexico	12.00	sent	\N	2025-07-30 20:50:44.505176	2025-07-30 20:50:44.505202	\N	\N	\N	\N
127	287	ReqToGroup	1	4	fafafafafafaf	virtual	Guadalupe - Zacatecas, Zacatecas Centro, Zacatecas, Mexico	12.00	sent	\N	2025-07-30 20:50:44.505176	2025-07-30 20:50:44.505202	\N	\N	\N	\N
129	135	solicitud pelones	3	14	solicitud de pelones	virtual	Obispo Salguero, Córdoba, Argentina	23.00	sent	\N	2025-08-01 23:34:43.4621	2025-08-01 23:34:43.462133	\N	/media/service_petitions/59c59b8f-c74a-4c57-b486-a3a53ae4a0b6.jpg	164	\N
130	76	need TV repairs	1	4	I need someone to repair my TV	physical	12021 Woodruff Avenue, Downey, CA, USA	25.00	sent	\N	2025-08-02 04:27:32.982303	2025-08-02 04:27:32.98233	\N	/media/service_petitions/a0aaf88f-7eaa-4fe0-afda-d8f5a5ea45a8.jpg	\N	\N
107	129	ekkeek	1	4	nwnwk	virtual		10.00	pending	\N	2025-07-29 07:12:24.213554	2025-08-14 19:10:41.904898	[{"end_date": "2025-08-16", "end_time": "09:00:00", "start_date": "2025-08-16", "start_time": "08:00:00"}]	\N	\N	\N
108	129	ekkeek	1	4	nwnwk	virtual		10.00	pending	\N	2025-07-29 07:12:24.213554	2025-08-14 19:10:41.904898	[{"end_date": "2025-08-16", "end_time": "09:00:00", "start_date": "2025-08-16", "start_time": "08:00:00"}]	\N	\N	\N
131	110	culto a los ojos rojos	3	14	la mejor religión qué ha existido. y mejor que los akatsuki	physical	El Infierno, Tegueste, España	666.00	sent	\N	2025-08-02 14:54:22.242427	2025-08-02 14:54:22.24245	\N	/media/service_petitions/929d1faf-99eb-448e-9e97-6848b02350e1.jpg	156	\N
133	94	dasdsa	1	4	asdasdsaa	physical	Asda Bristol, Avonmouth, Bristol, UK	12.00	sent	\N	2025-08-06 02:17:36.459487	2025-08-06 02:17:36.459517	\N	\N	\N	\N
134	94	asdad	1	4	adds	virtual	Mexico, La Paz, Bolivia	12.00	sent	\N	2025-08-06 02:17:36.459487	2025-08-06 02:17:36.459517	\N	\N	\N	\N
135	94	Probando	3	14	aseadas	physical	Mexico Square, Addis Ababa, Ethiopia	12.00	sent	\N	2025-08-06 02:17:36.459487	2025-08-06 02:17:36.459517	\N	\N	\N	\N
136	94	dasdasda	2	9	das da	virtual	Mexico Square, Addis Ababa, Ethiopia	12.00	sent	\N	2025-08-06 02:17:36.459487	2025-08-06 02:17:36.459517	\N	\N	\N	\N
102	128	Prueba de Petición	1	4	Petición	physical	Morelia Michoacán, La Mangana, Ciudad Hidalgo, Mich., México	5.00	cancelled	string	2025-07-18 22:30:43.763899	2025-08-11 14:25:28.533114	\N	/media/service_petitions/990d23ab-8393-40cb-8376-1024e09f1fe8.jpg	\N	\N
60	23	ferfrefre	1	4	frefrefreffref	physical	Ramos Mejía, Ciudad Autónoma de Buenos Aires, Argentina	444.00	pending	\N	2025-05-15 22:12:36.907949	2025-08-11 22:19:59.198078	[{"end_date": "2025-08-12", "end_time": "23:00:00", "start_date": "2025-08-12", "start_time": "10:15:00"}, {"end_date": "2025-08-13", "end_time": "23:00:00", "start_date": "2025-08-13", "start_time": "10:15:00"}, {"end_date": "2025-08-14", "end_time": "23:00:00", "start_date": "2025-08-14", "start_time": "10:15:00"}, {"end_date": "2025-08-15", "end_time": "23:00:00", "start_date": "2025-08-15", "start_time": "10:15:00"}]	\N	\N	\N
59	23	Otra petición 2.3 (edit)	2	10	otra mas	physical	Valladolid, Roma Norte, Ciudad de México, CDMX, México	300.00	pending	\N	2025-05-15 22:12:36.907949	2025-08-11 22:19:59.198078	[{"end_date": "2025-08-12", "end_time": "23:00:00", "start_date": "2025-08-12", "start_time": "10:15:00"}, {"end_date": "2025-08-13", "end_time": "23:00:00", "start_date": "2025-08-13", "start_time": "10:15:00"}, {"end_date": "2025-08-14", "end_time": "23:00:00", "start_date": "2025-08-14", "start_time": "10:15:00"}, {"end_date": "2025-08-15", "end_time": "23:00:00", "start_date": "2025-08-15", "start_time": "10:15:00"}]	\N	\N	\N
137	23	hotel 	1	4	hotel	physical	Morelia Michoacán, La Mangana, Ciudad Hidalgo, Mich., México	50.00	cancelled		2025-08-11 22:19:59.198028	2025-08-11 22:19:59.198078	\N	/media/service_petitions/abd0c7d6-5f18-46ba-b62e-e8139d2b5cc6.jpg	\N	\N
138	129	Fix keyboard	1	4	Fix my keyboard 	physical	Yucatan, Mérida, Yuc., México	80.00	pending	\N	2025-08-11 22:19:59.198028	2025-08-13 14:47:36.801774	[{"end_date": "2025-08-13", "end_time": "23:52:41.878000Z", "start_date": "2025-08-13", "start_time": "23:52:41.878000Z"}]	/media/service_petitions/7f218973-f64e-4a6a-be78-8a13ca94512b.jpg	\N	\N
139	128	programador full stack	3	14	programador full stack	virtual	Coahuila, Independencia, Monclova, Coah., México	70.00	pending	\N	2025-08-14 19:10:41.904864	2025-08-14 19:10:41.904898	[{"end_date": "2025-08-15", "end_time": "15:00:00.878000Z", "start_date": "2025-08-15", "start_time": "14:00:00.878000Z"}]	/media/service_petitions/e5ff4efd-13cc-4343-acac-4f993bf6cb73.jpg	\N	\N
140	128	reparación de fire stick	2	10	reparacion de mi firestick	physical	Morelia Michoacán, La Mangana, Ciudad Hidalgo, Mich., México	80.00	sent	\N	2025-08-14 19:10:41.904864	2025-08-14 19:10:41.904897	\N	/media/service_petitions/720f5a0c-4fa7-4a84-b17b-cd61ee24d757.jpg	\N	\N
141	304	una petición 	1	4	deses 	virtual	Mirador Arcos del Valle, Zona Sin Asignación de Nombre de Colonia, Morelia, Michoacán, Mexico	422.00	sent	\N	2025-08-14 19:10:41.904864	2025-08-14 19:10:41.904897	\N	\N	\N	\N
142	304	segunda petición 	25	27	xrnundnuxrnuxr	physical	Dirección General Maritima, Riomar, Barranquilla, Atlántico, Colombia	690.00	sent	\N	2025-08-14 19:10:41.904864	2025-08-14 19:10:41.904897	\N	\N	\N	\N
143	304	en ingles	1	4	xexezdz	virtual	Senda las Taras, Chillán, Chile	6945.00	sent	\N	2025-08-14 19:10:41.904864	2025-08-14 19:10:41.904897	\N	\N	\N	\N
132	32	muscolosos	36	85	nueva categoría de prueba	virtual	Obispo de La Calzada, Fray Antonio de San Miguel Iglesias, Morelia, Mich., México	33.00	pending	\N	2025-08-05 13:53:07.63775	2025-08-14 23:52:38.832867	[{"end_date": "2025-08-15", "end_time": "08:00:00", "start_date": "2025-08-15", "start_time": "07:00:00"}]	/media/service_petitions/5ce06485-62eb-419a-8f80-9608b9d2a1e2.jpg	\N	\N
128	32	playeras de paca	3	14	venta de playeras de la paca	virtual	Obispo Salguero, Córdoba, Argentina	23.00	pending	\N	2025-07-30 20:50:44.505176	2025-08-14 23:52:38.832867	[{"end_date": "2025-08-15", "end_time": "07:30:00", "start_date": "2025-08-15", "start_time": "07:26:00"}]	/media/service_petitions/a19f68f6-ffaa-4f2e-86fa-4a71eca33912.jpg	\N	\N
144	129	Estetica gatuna	2	10	necesito bañar a mi gato\n	physical	Morelia-Guadalajara, San Luis Soyatlán, Jal., México	20.00	pending	\N	2025-08-14 23:43:03.863847	2025-08-14 23:52:38.832867	[{"end_date": "2025-08-15", "end_time": "12:05:00", "start_date": "2025-08-15", "start_time": "13:00:00"}]	/media/service_petitions/b0c45662-6689-41b6-ba9a-d3eacae70beb.jpg	\N	\N
146	288	catador de cocas	3	14	catador de cocas 👗	virtual	Obispo Trejo, Córdoba, Argentina	55.00	pending	\N	2025-08-14 23:52:38.832835	2025-08-14 23:52:38.832867	[{"end_date": "2025-08-18", "end_time": "09:46:00", "start_date": "2025-08-18", "start_time": "09:44:00"}]	/media/service_petitions/6f567d01-10f2-4390-a428-26e0d4b07669.jpg	\N	\N
145	32	catolico²	2	10	retiro católico	virtual	Obispo Javier Vásquez, Estación Central, Chile	23.00	pending	\N	2025-08-14 23:52:38.832835	2025-08-14 23:52:38.832867	[{"end_date": "2025-08-18", "end_time": "10:53:00", "start_date": "2025-08-18", "start_time": "10:52:00"}]	/media/service_petitions/35a214d3-022d-48d5-b36e-be81c9f5550f.jpg	\N	\N
147	32	limpieza sargazo	3	14	limpieza de sargazo	physical	Playa Azul, Principal, Ciudad Lázaro Cárdenas, Mich., México	500.00	pending	\N	2025-08-19 16:36:20.450468	2025-08-19 16:36:20.450498	[{"end_date": "2025-08-19", "end_time": "13:59:00", "start_date": "2025-08-19", "start_time": "13:57:00"}]	/media/service_petitions/76ea6f71-ffa4-4867-b437-e6ba7c4642af.jpg	\N	\N
148	32	peruanos 	2	12	ocupamos peruanos	physical	Obispo de La Calzada, Fray Antonio de San Miguel Iglesias, Morelia, Mich., México	23.00	pending	\N	2025-08-21 19:20:37.467314	2025-08-21 19:20:37.467345	[{"end_date": "2025-08-21", "end_time": "16:15:00", "start_date": "2025-08-21", "start_time": "16:13:00"}]	/media/service_petitions/88a52e2c-ddcd-43f5-9653-0de837f08c27.jpg	\N	\N
150	94	magia negra 	1	4	magias magias	virtual	Las Flores, Temperley, Provincia de Buenos Aires, Argentina	59.00	sent	\N	2025-08-21 19:20:37.467314	2025-08-21 19:20:37.467344	\N	/media/service_petitions/251ce510-fb1d-4ea1-8cde-f7f499336f51.jpg	\N	\N
151	110	magias negras	1	4	nusnusenuseunze	physical	Las Flores, Temperley, Provincia de Buenos Aires, Argentina	690.00	sent	\N	2025-08-21 19:20:37.467314	2025-08-21 19:20:37.467344	\N	/media/service_petitions/c9c87e7a-de7c-4477-bd0d-4718073cbdcb.jpg	\N	\N
152	78	tu señorA	1	4	rxbyxrnhxrnhhnxr	physical	Las Flores, Temperley, Provincia de Buenos Aires, Argentina	690.00	sent	\N	2025-08-21 19:20:37.467314	2025-08-21 19:20:37.467344	\N	/media/service_petitions/6376ce35-cb4e-4f61-a9ce-2933d40bc29a.jpg	\N	\N
149	32	patos 	25	52	patos para navidad 	virtual	Batalla de Casa Mata, Chapultepec Sur, Morelia, Mich., México	63.00	pending	\N	2025-08-21 19:20:37.467314	2025-08-21 19:20:37.467345	[{"end_date": "2025-08-21", "end_time": "16:57:00", "start_date": "2025-08-21", "start_time": "16:56:00"}]	/media/service_petitions/8d7457f1-ec58-4faf-8a8b-c9088bc8cde2.jpg	\N	\N
153	78	pericones	2	9	zzrngdzngzehnze	physical	Ariańska, Cracovia, Polonia	457.00	sent	\N	2025-08-21 19:20:37.467314	2025-08-21 19:20:37.467344	\N	\N	\N	\N
154	129	Servicio Creado desde Endpoint	1	1	Para prueba de search	virtual	Prolongacion puertos mexicanos	100.00	sent	\N	2025-08-22 04:34:52.142294	2025-08-22 04:34:52.142338	\N	/media/service_petitions/cb8051a6-91bb-4c03-984c-e111acf1bdff.jpg	211	\N
\.


--
-- Data for Name: service_request_reviews; Type: TABLE DATA; Schema: public; Owner: canteradigitalio_bateradmin
--

COPY public.service_request_reviews (id, service_request_id, evaluator_id, evaluator_type, created_at, updated_at, review_score) FROM stdin;
1	91	23	provider	2025-07-11 20:16:49.34111	2025-07-11 20:16:49.367135	3.6
2	181	280	provider	2025-07-12 00:22:29.131155	2025-07-12 00:22:29.157997	3.0
3	179	279	provider	2025-07-12 00:47:24.261513	2025-07-12 00:47:24.280163	4.6
4	179	280	customer	2025-07-12 00:47:42.908045	2025-07-12 00:47:42.924968	4.5
5	137	94	customer	2025-07-12 03:08:55.193255	2025-07-12 03:08:55.213604	4.1
6	130	32	customer	2025-07-12 22:00:13.300227	2025-07-12 22:00:13.318425	4.6
7	161	266	customer	2025-07-12 22:15:41.106055	2025-07-12 22:15:41.12349	3.7
8	147	32	customer	2025-07-12 22:22:08.44665	2025-07-12 22:22:08.463822	4.1
10	105	76	customer	2025-07-15 21:16:41.268157	2025-07-15 21:16:41.286494	4.7
11	150	32	customer	2025-07-16 14:48:15.806972	2025-07-16 14:48:15.824941	2.3
12	184	110	provider	2025-07-17 18:37:26.041335	2025-07-17 18:37:26.041339	0.0
13	193	32	customer	2025-07-18 16:47:46.268571	2025-07-18 16:47:46.295481	3.1
14	198	288	customer	2025-07-18 18:07:44.255466	2025-07-18 18:07:44.274607	1.2
15	199	32	provider	2025-07-18 18:08:34.874234	2025-07-18 18:08:34.891759	1.9
16	200	288	customer	2025-07-20 04:32:24.593767	2025-07-20 04:32:24.619292	1.9
17	205	80	customer	2025-07-21 20:01:25.235092	2025-07-21 20:01:25.25298	4.3
18	208	32	customer	2025-07-21 22:36:34.713417	2025-07-21 22:36:34.731792	1.4
19	209	32	customer	2025-07-22 15:59:34.334779	2025-07-22 15:59:34.360354	1.2
20	212	32	customer	2025-07-23 02:32:26.932604	2025-07-23 02:32:26.958046	1.4
21	192	110	customer	2025-07-24 17:20:13.713126	2025-07-24 17:20:13.737725	3.3
22	222	285	customer	2025-07-28 20:19:45.349986	2025-07-28 20:19:45.375933	4.2
23	226	32	customer	2025-07-28 22:16:49.367485	2025-07-28 22:16:49.392723	1.9
24	101	135	provider	2025-07-30 14:31:58.94995	2025-07-30 14:31:58.976111	2.1
25	240	32	customer	2025-08-05 22:23:26.521579	2025-08-05 22:23:26.548845	2.4
26	242	32	customer	2025-08-06 17:03:38.995514	2025-08-06 17:03:39.018238	1.1
27	109	135	provider	2025-08-14 00:04:05.558667	2025-08-14 00:04:05.594417	1.6
\.


--
-- Data for Name: service_requests; Type: TABLE DATA; Schema: public; Owner: canteradigitalio_bateradmin
--

COPY public.service_requests (id, user_id, service_id, cost, actual_cost, status, cancellation_reason, requote_reason, created_at, updated_at, finished_at, chat_id, petition_id, from_petition) FROM stdin;
14	17	60	80.00	80.00	sent	\N	\N	2025-04-17 21:33:48.563133	2025-04-17 21:33:48.563161	\N	\N	\N	f
15	17	60	80.00	80.00	sent	\N	\N	2025-04-17 21:33:48.563133	2025-04-17 21:33:48.563161	\N	\N	\N	f
11	17	60	80.00	80.00	pending	\N	\N	2025-04-17 21:33:48.563133	2025-04-17 21:33:48.563162	\N	\N	\N	f
12	17	60	80.00	80.00	cancelled	No contesta los mensajes.	\N	2025-04-17 21:33:48.563133	2025-04-17 21:33:48.563162	\N	\N	\N	f
13	17	60	80.00	80.00	cancelled	No response	\N	2025-04-17 21:33:48.563133	2025-04-17 21:33:48.563162	\N	\N	\N	f
16	80	1	500.00	500.00	sent	\N	\N	2025-04-21 16:21:34.941332	2025-04-21 16:21:34.941367	\N	\N	\N	f
23	92	70	50.00	50.00	sent	\N	\N	2025-04-21 16:21:34.941332	2025-04-21 16:21:34.941367	\N	\N	\N	f
27	23	81	25.00	25.00	sent	\N	\N	2025-04-24 18:15:26.226125	2025-04-24 18:15:26.226151	\N	\N	\N	f
28	23	81	25.00	25.00	sent	\N	\N	2025-04-24 18:15:26.226125	2025-04-24 18:15:26.226151	\N	\N	\N	f
29	23	83	50.00	50.00	sent	\N	\N	2025-04-24 18:15:26.226125	2025-04-24 18:15:26.226151	\N	\N	\N	f
30	23	83	50.00	50.00	sent	\N	\N	2025-04-24 18:15:26.226125	2025-04-24 18:15:26.226151	\N	\N	\N	f
31	23	83	50.00	50.00	sent	\N	\N	2025-04-24 18:15:26.226125	2025-04-24 18:15:26.226151	\N	\N	\N	f
33	23	83	50.00	50.00	sent	\N	\N	2025-04-28 21:52:53.732733	2025-04-28 21:52:53.732762	\N	\N	\N	f
34	23	85	58.00	58.00	sent	\N	\N	2025-04-28 21:52:53.732733	2025-04-28 21:52:53.732762	\N	\N	\N	f
32	23	83	50.00	50.00	pending	\N	\N	2025-04-28 21:52:53.732733	2025-04-30 17:42:54.197015	\N	\N	\N	f
37	32	81	25.00	25.00	sent	\N	\N	2025-05-02 20:06:08.543508	2025-05-02 20:06:08.54354	\N	\N	\N	f
38	32	85	58.00	58.00	sent	\N	\N	2025-05-02 20:06:08.543508	2025-05-02 20:06:08.54354	\N	\N	\N	f
39	32	70	50.00	50.00	sent	\N	\N	2025-05-02 20:06:08.543508	2025-05-02 20:06:08.54354	\N	\N	\N	f
74	32	95	20.00	20.00	sent	\N	\N	2025-05-15 22:12:36.901016	2025-05-15 22:12:36.901044	\N	\N	\N	f
42	80	97	3.00	3.00	pending	\N	\N	2025-05-06 17:58:29.487829	2025-05-15 22:12:36.901045	\N	\N	\N	f
40	32	81	25.00	25.00	sent	\N	\N	2025-05-05 23:29:11.095325	2025-05-05 23:29:11.095355	\N	\N	\N	f
36	32	33	150.00	150.00	pending	\N	\N	2025-05-02 20:06:08.543508	2025-05-05 23:29:11.095356	\N	\N	\N	f
41	109	95	20.00	20.00	sent	\N	\N	2025-05-06 17:58:29.487829	2025-05-06 17:58:29.487857	\N	\N	\N	f
43	110	95	20.00	20.00	sent	\N	\N	2025-05-06 17:58:29.487829	2025-05-06 17:58:29.487857	\N	\N	\N	f
44	110	95	20.00	20.00	sent	\N	\N	2025-05-06 17:58:29.487829	2025-05-06 17:58:29.487857	\N	\N	\N	f
45	110	95	20.00	20.00	sent	\N	\N	2025-05-06 17:58:29.487829	2025-05-06 17:58:29.487857	\N	\N	\N	f
46	110	95	20.00	20.00	sent	\N	\N	2025-05-06 17:58:29.487829	2025-05-06 17:58:29.487857	\N	\N	\N	f
18	17	60	80.00	80.00	sent	\N	Testing	2025-04-21 16:21:34.941332	2025-05-08 16:18:08.533617	\N	\N	\N	f
51	103	95	20.00	20.00	sent	\N	\N	2025-05-08 16:18:08.533588	2025-05-08 16:18:08.533616	\N	\N	\N	f
53	103	95	20.00	20.00	sent	\N	\N	2025-05-08 16:18:08.533588	2025-05-08 16:18:08.533616	\N	\N	\N	f
88	23	116	200.00	200.00	sent	\N	\N	2025-05-27 00:00:57.790465	2025-05-27 00:00:57.790497	\N	\N	\N	f
49	103	96	369.00	369.00	pending	\N	\N	2025-05-06 17:58:29.487829	2025-05-08 16:18:08.533617	\N	\N	\N	f
54	32	97	3.00	3.00	pending	\N	\N	2025-05-08 22:26:54.653931	2025-05-08 22:26:54.65396	\N	\N	\N	f
64	110	101	6.00	6.00	sent	\N	\N	2025-05-08 22:26:54.653931	2025-05-08 22:26:54.653959	\N	\N	\N	f
57	103	94	50.00	50.00	pending	\N	\N	2025-05-08 22:26:54.653931	2025-05-08 22:26:54.65396	\N	\N	\N	f
66	23	101	6.00	6.00	sent	\N	\N	2025-05-08 22:26:54.653931	2025-05-08 22:26:54.653959	\N	\N	\N	f
67	23	1	500.00	500.00	sent	\N	\N	2025-05-08 22:26:54.653931	2025-05-08 22:26:54.653959	\N	\N	\N	f
65	107	103	600.00	600.00	pending	\N	700\n\n	2025-05-08 22:26:54.653931	2025-05-08 22:26:54.65396	\N	\N	\N	f
68	103	104	80.00	80.00	sent	\N	\N	2025-05-08 22:26:54.653931	2025-05-08 22:26:54.653959	\N	\N	\N	f
69	23	108	4.00	4.00	sent	\N	\N	2025-05-08 22:26:54.653931	2025-05-08 22:26:54.653959	\N	\N	\N	f
70	32	103	600.00	600.00	sent	\N	\N	2025-05-15 22:12:36.901016	2025-05-15 22:12:36.901044	\N	\N	\N	f
72	32	103	600.00	600.00	sent	\N	\N	2025-05-15 22:12:36.901016	2025-05-15 22:12:36.901044	\N	\N	\N	f
73	32	106	600.00	600.00	sent	\N	\N	2025-05-15 22:12:36.901016	2025-05-15 22:12:36.901044	\N	\N	\N	f
79	76	103	600.00	600.00	sent	\N	\N	2025-05-19 21:39:35.79855	2025-05-19 21:39:35.798577	\N	\N	\N	f
80	76	70	50.00	50.00	sent	\N	\N	2025-05-19 21:39:35.79855	2025-05-19 21:39:35.798577	\N	\N	\N	f
81	76	81	25.00	25.00	sent	\N	\N	2025-05-19 21:39:35.79855	2025-05-19 21:39:35.798577	\N	\N	\N	f
78	110	109	238.00	238.00	pending	\N	\N	2025-05-19 21:39:35.79855	2025-05-19 21:39:35.798577	\N	\N	\N	f
56	32	97	3.00	3.00	cancelled	Este es el motivo de cancelación de la solicitud desde proveedor	\N	2025-05-08 22:26:54.653931	2025-05-23 16:28:56.011818	\N	\N	\N	f
77	32	101	6.00	6.00	cancelled	Este es el motivo de cancelación desde probevvevebebe	\N	2025-05-16 21:21:17.534623	2025-05-23 16:28:56.011818	\N	\N	\N	f
61	110	101	6.00	6.00	pending	\N	\N	2025-05-08 22:26:54.653931	2025-05-23 16:28:56.011818	\N	\N	\N	f
76	32	101	6.00	6.00	pending	\N	\N	2025-05-15 22:12:36.901016	2025-05-23 16:28:56.011818	\N	\N	\N	f
55	32	97	3.00	3.00	cancelled	Bezbubuezzeu	\N	2025-05-08 22:26:54.653931	2025-05-26 16:57:50.334586	\N	\N	\N	f
47	110	97	3.00	3.00	cancelled	G g hvhv	\N	2025-05-06 17:58:29.487829	2025-05-26 16:57:50.334586	\N	\N	\N	f
62	94	101	6.00	6.00	cancelled	Camceñacion	\N	2025-05-08 22:26:54.653931	2025-05-26 16:57:50.334586	\N	\N	\N	f
84	23	116	200.00	200.00	cancelled	No tengo tiempo.	\N	2025-05-27 00:00:57.790465	2025-05-27 00:00:57.790498	\N	\N	\N	f
85	23	112	33.00	33.00	pending	\N	\N	2025-05-27 00:00:57.790465	2025-05-27 00:00:57.790498	\N	\N	\N	f
86	23	116	200.00	200.00	sent	\N	\N	2025-05-27 00:00:57.790465	2025-05-27 00:00:57.790497	\N	\N	\N	f
87	23	116	200.00	200.00	sent	\N	\N	2025-05-27 00:00:57.790465	2025-05-27 00:00:57.790497	\N	\N	\N	f
83	23	112	33.00	33.00	cancelled	No quiero	\N	2025-05-26 19:24:08.074325	2025-05-27 00:00:57.790498	\N	\N	\N	f
89	23	116	200.00	200.00	sent	\N	\N	2025-05-27 00:00:57.790465	2025-05-27 00:00:57.790497	\N	\N	\N	f
96	134	112	33.00	33.00	sent	\N	\N	2025-06-04 23:34:52.160008	2025-06-04 23:34:52.160011	\N	\N	\N	f
94	23	121	40.00	40.00	cancelled	Service not finished	\N	2025-06-04 16:13:43.30117	2025-07-11 19:54:31.867051	\N	\N	\N	f
92	23	120	50.00	50.00	cancelled	No tengo tiempo	\N	2025-06-02 19:39:37.627653	2025-06-02 20:38:55.408577	\N	\N	\N	f
93	23	120	50.00	50.00	sent	\N	\N	2025-06-02 20:44:24.760751	2025-06-02 20:44:24.760754	\N	\N	\N	f
90	23	120	50.00	50.00	pending	\N	Se me complico en el día acordado	2025-05-27 00:00:57.790465	2025-06-02 20:47:46.812942	\N	\N	\N	f
105	76	122	2.00	2.00	finished	\N	\N	2025-06-05 17:54:39.777771	2025-07-15 21:14:57.604284	2025-07-15 21:14:57.603067	\N	\N	f
71	32	83	50.00	50.00	cancelled	No tengo tiempo	\N	2025-05-15 22:12:36.901016	2025-06-04 16:15:54.797263	\N	\N	\N	f
95	32	121	40.00	40.00	sent	\N	\N	2025-06-04 16:23:01.644823	2025-06-04 16:23:01.644828	\N	\N	\N	f
97	134	122	2.00	2.00	accepted	\N	\N	2025-06-05 01:45:32.238097	2025-06-05 01:46:27.077955	\N	\N	\N	f
98	134	95	20.00	20.00	sent	\N	\N	2025-06-05 01:53:15.31196	2025-06-05 01:53:15.311964	\N	\N	\N	f
102	76	95	20.00	20.00	sent	\N	\N	2025-06-05 16:45:00.782816	2025-06-05 16:45:00.78282	\N	\N	\N	f
103	76	95	20.00	20.00	sent	\N	\N	2025-06-05 17:47:15.123556	2025-06-05 17:47:15.123579	\N	\N	\N	f
104	76	95	20.00	20.00	sent	\N	\N	2025-06-05 17:47:37.908138	2025-06-05 17:47:37.908142	\N	\N	\N	f
106	23	121	40.00	40.00	sent	\N	\N	2025-06-05 19:04:23.63527	2025-06-05 19:04:23.635274	\N	\N	\N	f
109	139	124	2.00	2.00	finished	\N	\N	2025-06-05 22:42:35.004536	2025-08-04 16:22:27.035332	2025-08-04 16:22:27.032608	\N	\N	f
108	139	122	2.00	2.00	cancelled	Service not finished	\N	2025-06-05 20:40:56.604068	2025-08-04 16:22:05.103302	\N	\N	\N	f
110	32	123	5.00	5.00	sent	\N	\N	2025-06-07 02:26:32.391881	2025-06-07 02:26:32.391897	\N	\N	\N	f
100	135	101	6.00	6.00	cancelled	Fffffg	\N	2025-06-05 03:56:27.895082	2025-06-27 16:04:07.789318	\N	\N	\N	f
91	23	120	50.00	50.00	finished	\N	\N	2025-06-02 18:33:51.064411	2025-07-11 19:19:14.200162	2025-07-11 19:19:14.198041	\N	\N	f
107	139	122	2.00	2.00	finished	\N	\N	2025-06-05 20:40:15.353906	2025-07-29 16:35:30.789315	2025-07-29 16:35:30.787654	\N	\N	f
111	76	60	80.00	80.00	sent	\N	\N	2025-06-07 20:21:48.348695	2025-06-07 20:21:48.348699	\N	\N	\N	f
112	76	101	6.00	6.00	sent	\N	\N	2025-06-07 20:21:58.396571	2025-06-07 20:21:58.396574	\N	\N	\N	f
117	76	83	50.00	50.00	sent	\N	\N	2025-06-07 20:22:22.502548	2025-06-07 20:22:22.502552	\N	\N	\N	f
119	76	116	200.00	200.00	sent	\N	\N	2025-06-07 20:22:42.885847	2025-06-07 20:22:42.885852	\N	\N	\N	f
120	76	121	40.00	40.00	sent	\N	\N	2025-06-07 23:01:40.788933	2025-06-07 23:01:40.788937	\N	\N	\N	f
113	76	95	20.00	20.00	sent	\N	\N	2025-06-07 20:22:03.361047	2025-06-07 20:22:03.361051	\N	\N	\N	f
114	76	116	200.00	200.00	sent	\N	\N	2025-06-07 20:22:09.127148	2025-06-07 20:22:09.127152	\N	\N	\N	f
115	76	116	200.00	200.00	sent	\N	\N	2025-06-07 20:22:12.841674	2025-06-07 20:22:12.841678	\N	\N	\N	f
116	76	116	200.00	200.00	sent	\N	\N	2025-06-07 20:22:16.422498	2025-06-07 20:22:16.422503	\N	\N	\N	f
118	76	121	40.00	40.00	sent	\N	\N	2025-06-07 20:22:38.459007	2025-06-07 20:22:38.459011	\N	\N	\N	f
122	80	83	50.00	50.00	sent	\N	\N	2025-06-09 19:22:21.832356	2025-06-09 19:22:21.83236	\N	\N	\N	f
123	80	83	50.00	50.00	cancelled	Se actualiza rapido	\N	2025-06-09 19:50:03.616373	2025-06-24 23:49:38.212598	\N	\N	\N	f
121	32	97	3.00	3.00	sent	\N	\N	2025-06-09 14:35:55.375062	2025-06-09 14:35:55.375067	\N	\N	\N	f
126	123	122	2.00	2.00	accepted	\N	\N	2025-06-11 00:47:14.95584	2025-06-11 00:48:04.003102	\N	\N	\N	f
181	280	131	50.00	50.00	finished	\N	\N	2025-07-11 23:53:59.632665	2025-07-12 00:06:58.943204	2025-07-12 00:06:58.941988	\N	\N	f
132	2	60	80.00	80.00	sent	\N	\N	2025-06-20 21:09:59.682129	2025-06-20 21:09:59.682133	\N	\N	\N	f
133	2	60	80.00	80.00	sent	\N	\N	2025-06-20 21:15:56.974565	2025-06-20 21:15:56.974569	\N	\N	\N	f
134	2	60	80.00	80.00	sent	\N	\N	2025-06-20 22:59:32.760859	2025-06-20 22:59:32.760864	\N	\N	\N	f
136	110	126	36.00	36.00	sent	\N	\N	2025-06-20 23:33:23.487549	2025-06-20 23:33:23.487553	\N	\N	\N	f
138	76	95	20.00	20.00	sent	\N	\N	2025-06-22 17:42:02.173979	2025-06-22 17:42:02.173984	\N	\N	\N	f
139	76	60	80.00	80.00	sent	\N	\N	2025-06-22 17:44:03.149274	2025-06-22 17:44:03.149278	\N	\N	\N	f
140	76	126	36.00	36.00	sent	\N	\N	2025-06-22 17:46:35.709458	2025-06-22 17:46:35.709462	\N	\N	\N	f
141	76	68	30.00	30.00	sent	\N	\N	2025-06-22 17:46:45.174256	2025-06-22 17:46:45.174261	\N	\N	\N	f
142	76	101	6.00	6.00	sent	\N	\N	2025-06-22 17:46:56.588905	2025-06-22 17:46:56.588908	\N	\N	\N	f
145	76	95	20.00	20.00	sent	\N	\N	2025-06-23 19:07:38.226309	2025-06-23 19:07:38.226313	\N	\N	\N	f
146	76	95	20.00	20.00	sent	\N	\N	2025-06-23 19:07:38.322536	2025-06-23 19:07:38.32254	\N	\N	\N	f
150	32	110	200.00	200.00	finished	\N	\N	2025-06-23 20:05:11.313625	2025-07-16 14:47:36.727376	2025-07-16 14:47:36.726104	\N	\N	f
148	76	122	2.00	2.00	accepted	\N	\N	2025-06-23 19:48:19.865174	2025-06-23 19:48:59.324499	\N	\N	\N	f
149	76	120	50.00	50.00	sent	\N	\N	2025-06-23 19:50:12.778779	2025-06-23 19:50:12.778783	\N	\N	\N	f
182	139	122	2.00	2.00	finished	\N	\N	2025-07-14 17:03:04.431696	2025-08-11 15:54:06.74287	2025-08-11 15:54:06.741689	\N	\N	f
154	129	94	50.00	50.00	sent	\N	\N	2025-06-26 17:40:06.333813	2025-06-26 17:40:06.333817	\N	\N	\N	f
156	110	127	6.00	6.00	sent	\N	\N	2025-06-26 19:27:50.298184	2025-06-26 19:27:50.298187	\N	\N	\N	f
159	265	124	2.00	2.00	accepted	\N	\N	2025-06-26 20:08:29.619777	2025-06-26 20:09:07.366428	\N	\N	\N	f
127	80	114	100.00	100.00	cancelled	Jynyhnhn	\N	2025-06-11 16:24:48.067609	2025-06-27 16:00:52.766715	\N	\N	\N	f
158	265	114	100.00	100.00	cancelled	Ngdzgndzngzengngdz	\N	2025-06-26 20:00:56.949112	2025-06-27 16:01:33.911871	\N	\N	\N	f
160	144	94	50.00	50.00	sent	\N	\N	2025-06-27 18:03:09.276957	2025-06-27 18:03:09.276961	\N	\N	\N	f
152	17	111	25.00	25.00	accepted	\N	\N	2025-06-25 20:09:33.155301	2025-06-27 18:35:11.206812	\N	\N	\N	f
191	32	135	25.00	25.00	sent	\N	\N	2025-07-16 16:06:19.268097	2025-07-16 16:06:19.2681	\N	\N	\N	f
162	94	95	20.00	20.00	sent	\N	\N	2025-06-30 19:55:55.210159	2025-06-30 19:55:55.210163	\N	\N	\N	f
163	94	60	80.00	80.00	sent	\N	\N	2025-06-30 20:22:34.07766	2025-06-30 20:22:34.077664	\N	\N	\N	f
164	94	116	200.00	200.00	sent	\N	\N	2025-06-30 20:23:00.034998	2025-06-30 20:23:00.035003	\N	\N	\N	f
165	94	116	200.00	200.00	sent	\N	\N	2025-06-30 20:23:08.320142	2025-06-30 20:23:08.320146	\N	\N	\N	f
166	94	116	200.00	200.00	sent	\N	\N	2025-06-30 20:23:11.605953	2025-06-30 20:23:11.605958	\N	\N	\N	f
168	94	117	666.00	666.00	sent	\N	\N	2025-07-04 00:16:39.814667	2025-07-04 00:16:39.814672	\N	\N	\N	f
169	94	114	100.00	100.00	sent	\N	\N	2025-07-04 00:18:18.061269	2025-07-04 00:18:18.061273	\N	\N	\N	f
170	76	60	80.00	80.00	sent	\N	\N	2025-07-08 12:06:04.306131	2025-07-08 12:06:04.306136	\N	\N	\N	f
171	76	130	25.00	25.00	sent	\N	\N	2025-07-09 05:55:53.221795	2025-07-09 05:55:53.221798	\N	\N	\N	f
172	76	130	25.00	25.00	sent	\N	\N	2025-07-09 05:57:29.033016	2025-07-09 05:57:29.033019	\N	\N	\N	f
173	32	101	6.00	6.00	sent	\N	\N	2025-07-09 23:17:34.298607	2025-07-09 23:17:34.298611	\N	\N	\N	f
174	273	95	20.00	20.00	sent	\N	\N	2025-07-09 23:29:30.711889	2025-07-09 23:29:30.711894	\N	\N	\N	f
179	280	131	50.00	50.00	finished	\N	\N	2025-07-11 23:51:43.75476	2025-07-12 00:23:11.349436	2025-07-12 00:23:11.347219	\N	\N	f
176	144	131	50.00	50.00	cancelled	No tengo tiempo de atenderlo	\N	2025-07-11 22:09:08.803883	2025-07-11 22:09:48.151772	\N	\N	\N	f
128	144	121	40.00	40.00	finished	\N	\N	2025-06-12 18:47:33.470821	2025-07-11 23:30:29.273374	2025-07-11 23:30:29.270857	\N	\N	f
175	144	131	50.00	50.00	finished	\N	\N	2025-07-11 21:53:12.811152	2025-07-11 23:32:39.455905	2025-07-11 23:32:39.454543	\N	\N	f
177	144	131	50.00	50.00	accepted	\N	\N	2025-07-11 22:09:18.184992	2025-07-11 23:36:41.459016	\N	\N	\N	f
178	144	131	50.00	50.00	accepted	\N	\N	2025-07-11 23:36:00.626273	2025-07-11 23:36:47.09542	\N	\N	\N	f
180	280	131	50.00	50.00	cancelled	No tengo tiempo de atenderlo	\N	2025-07-11 23:53:44.339058	2025-07-11 23:54:23.830018	\N	\N	\N	f
137	94	114	100.00	100.00	finished	\N	\N	2025-06-20 23:49:18.736151	2025-07-12 03:07:53.818507	2025-07-12 03:07:53.816672	\N	\N	f
130	32	124	2.00	2.00	finished	\N	\N	2025-06-20 06:40:48.714508	2025-07-12 21:59:19.026425	2025-07-12 21:59:19.025084	\N	\N	f
161	266	122	2.00	2.00	finished	\N	\N	2025-06-28 01:21:49.833064	2025-07-12 22:14:56.037323	2025-07-12 22:14:56.036037	\N	\N	f
147	32	111	25.00	25.00	finished	\N	\N	2025-06-23 19:11:26.902732	2025-07-12 22:18:09.995239	2025-07-12 22:18:09.993552	\N	\N	f
143	76	82	25.00	25.00	finished	\N	\N	2025-06-23 00:42:38.598998	2025-08-14 15:31:22.81622	2025-08-14 15:31:22.815019	\N	\N	f
186	284	131	50.00	50.00	sent	\N	\N	2025-07-15 19:00:02.304621	2025-07-15 19:00:02.304625	\N	\N	\N	f
200	288	138	23.00	23.00	finished	\N	\N	2025-07-18 18:46:40.226248	2025-07-20 04:27:00.677031	2025-07-20 04:27:00.675235	\N	\N	f
187	284	97	3.00	3.00	sent	\N	\N	2025-07-15 20:02:51.168657	2025-07-15 20:02:51.16866	\N	\N	\N	f
184	284	114	100.00	100.00	finished	\N	\N	2025-07-15 18:55:12.027329	2025-07-16 23:19:02.285251	2025-07-16 23:19:02.28339	\N	\N	f
202	32	137	30.00	30.00	sent	\N	\N	2025-07-20 04:37:21.323412	2025-07-20 04:37:21.323416	\N	\N	\N	f
198	288	33	150.00	150.00	finished	\N	\N	2025-07-18 17:13:01.70715	2025-07-18 18:07:21.081971	2025-07-18 18:07:21.080645	\N	\N	f
188	284	60	80.00	80.00	sent	\N	\N	2025-07-15 21:08:50.458998	2025-07-15 21:08:50.459002	\N	\N	\N	f
189	76	118	336.00	336.00	sent	\N	\N	2025-07-15 21:13:17.836905	2025-07-15 21:13:17.836909	\N	\N	\N	f
190	76	118	336.00	336.00	sent	\N	\N	2025-07-15 21:13:24.421419	2025-07-15 21:13:24.421422	\N	\N	\N	f
151	17	125	25.00	25.00	accepted	\N	\N	2025-06-25 19:24:03.59627	2025-07-15 21:14:23.574839	\N	\N	\N	f
194	286	133	100.00	100.00	sent	\N	\N	2025-07-16 23:46:38.919225	2025-07-16 23:46:38.919229	\N	\N	\N	f
195	285	133	100.00	100.00	sent	\N	\N	2025-07-17 15:37:05.245677	2025-07-17 15:37:05.245684	\N	\N	\N	f
196	285	104	80.00	80.00	sent	\N	\N	2025-07-17 15:37:25.778693	2025-07-17 15:37:25.778697	\N	\N	\N	f
193	32	135	25.00	25.00	finished	\N	\N	2025-07-16 16:07:27.532625	2025-07-18 16:47:18.692191	2025-07-18 16:47:18.69018	\N	\N	f
199	288	109	238.00	238.00	finished	\N	\N	2025-07-18 17:13:10.125789	2025-07-18 18:07:26.562457	2025-07-18 18:07:26.561272	\N	\N	f
201	32	137	30.00	30.00	sent	\N	\N	2025-07-20 04:22:58.076997	2025-07-20 04:22:58.077	\N	\N	\N	f
153	139	122	2.00	2.00	finished	\N	\N	2025-06-26 14:37:27.137762	2025-08-11 15:53:48.745258	2025-08-11 15:53:48.743536	\N	\N	f
205	80	140	56.00	56.00	finished	\N	\N	2025-07-21 19:10:07.737377	2025-07-21 20:00:46.834245	2025-07-21 20:00:46.833012	\N	\N	f
206	80	140	56.00	56.00	accepted	\N	\N	2025-07-21 20:07:40.342941	2025-07-21 20:08:26.07297	\N	\N	\N	f
207	80	97	3.00	3.00	accepted	\N	\N	2025-07-21 20:21:11.938704	2025-07-21 20:27:16.581432	\N	\N	\N	f
208	32	140	56.00	56.00	finished	\N	\N	2025-07-21 20:54:31.783122	2025-07-21 22:36:02.042407	2025-07-21 22:36:02.041191	\N	\N	f
210	289	95	20.00	20.00	sent	\N	\N	2025-07-22 14:56:08.24926	2025-07-22 14:56:08.249264	\N	\N	\N	f
209	32	114	100.00	100.00	finished	\N	\N	2025-07-21 23:39:02.315758	2025-07-22 15:57:44.096093	2025-07-22 15:57:44.09425	\N	\N	f
204	94	140	56.00	56.00	finished	\N	\N	2025-07-21 18:00:34.781649	2025-08-05 01:10:36.392034	2025-08-05 01:10:36.390793	\N	\N	f
197	285	136	200.00	200.00	finished	\N	\N	2025-07-17 15:50:44.787373	2025-07-22 19:19:38.996696	2025-07-22 19:19:38.995451	\N	\N	f
212	32	140	56.00	56.00	finished	\N	\N	2025-07-22 23:28:12.873993	2025-07-23 02:31:54.924681	2025-07-23 02:31:54.923025	\N	\N	f
213	76	139	53.00	53.00	accepted	\N	\N	2025-07-23 21:30:20.929763	2025-07-23 21:34:21.118276	\N	\N	\N	f
211	285	141	1.00	1.00	finished	\N	\N	2025-07-22 19:13:45.366503	2025-07-28 19:02:38.680756	2025-07-28 19:02:38.679094	\N	\N	f
167	94	124	2.00	2.00	cancelled	Service not finished	\N	2025-07-04 00:16:18.503918	2025-08-04 22:04:08.087916	\N	\N	\N	f
214	32	83	50.00	50.00	sent	\N	\N	2025-07-24 16:37:18.543518	2025-07-24 16:37:18.543522	\N	\N	\N	f
192	110	135	25.00	25.00	finished	\N	\N	2025-07-16 16:06:33.378186	2025-07-24 17:19:41.59702	2025-07-24 17:19:41.594922	\N	\N	f
215	285	141	1.00	1.00	sent	\N	\N	2025-07-25 16:06:37.192321	2025-07-25 16:06:37.192325	\N	\N	\N	f
155	23	120	50.00	50.00	accepted	\N	\N	2025-06-26 17:41:31.4754	2025-07-25 22:30:15.113759	\N	\N	\N	f
217	32	83	50.00	50.00	sent	\N	\N	2025-07-26 01:34:53.061277	2025-07-26 01:34:53.061281	\N	\N	\N	f
218	266	139	53.00	53.00	accepted	\N	\N	2025-07-26 01:36:51.75216	2025-07-26 01:38:00.116145	\N	\N	\N	f
219	129	145	1.00	1.00	cancelled	No	\N	2025-07-28 15:05:52.284876	2025-07-28 15:11:07.254896	\N	\N	\N	f
220	129	145	1.00	1.00	cancelled	asd	\N	2025-07-28 15:11:31.950078	2025-07-28 15:15:12.357929	\N	\N	\N	f
221	129	145	1.00	1.00	sent	\N	\N	2025-07-28 15:15:28.961901	2025-07-28 15:15:28.961905	\N	\N	\N	f
269	32	140	56.00	56.00	finished	\N	\N	2025-08-09 21:14:42.928589	2025-08-14 00:08:31.93396	2025-08-14 00:08:31.931994	\N	\N	f
222	285	143	12.00	12.00	finished	\N	\N	2025-07-28 18:57:03.063476	2025-07-28 19:02:49.791712	2025-07-28 19:02:49.790544	\N	\N	f
224	285	143	12.00	12.00	accepted	\N	\N	2025-07-28 20:42:05.368871	2025-07-28 20:44:18.862324	\N	\N	\N	f
225	285	143	12.00	12.00	finished	\N	\N	2025-07-28 20:51:30.141688	2025-07-28 21:11:14.001038	2025-07-28 21:11:13.9996	\N	\N	f
223	285	142	12.00	12.00	finished	\N	\N	2025-07-28 20:34:00.467713	2025-07-28 21:12:38.341966	2025-07-28 21:12:38.34069	\N	\N	f
260	23	145	1.00	1.00	sent	\N	\N	2025-08-07 20:59:56.046241	2025-08-07 20:59:56.046246	\N	\N	\N	f
226	32	124	2.00	2.00	finished	\N	\N	2025-07-28 21:51:23.331495	2025-07-28 22:16:20.229454	2025-07-28 22:16:20.227588	\N	\N	f
101	32	124	2.00	2.00	finished	\N	\N	2025-06-05 14:27:59.370889	2025-07-30 14:27:27.92454	2025-07-30 14:27:27.922563	\N	\N	f
229	76	83	50.00	50.00	sent	\N	\N	2025-07-30 23:55:54.374777	2025-07-30 23:55:54.374781	\N	\N	\N	f
230	23	145	1.00	1.00	sent	\N	\N	2025-08-01 19:50:16.020762	2025-08-01 19:50:16.020767	\N	\N	\N	f
231	32	157	60.00	60.00	sent	\N	\N	2025-08-01 21:19:49.074288	2025-08-01 21:19:49.074293	\N	\N	\N	f
233	76	83	50.00	50.00	sent	\N	\N	2025-08-02 04:55:13.158079	2025-08-02 04:55:13.158082	\N	\N	\N	f
234	76	136	200.00	200.00	sent	\N	\N	2025-08-02 05:06:35.032138	2025-08-02 05:06:35.032143	\N	\N	\N	f
236	76	81	200.00	200.00	sent	\N	\N	2025-08-03 10:56:11.872484	2025-08-03 10:56:11.872488	\N	\N	\N	f
237	80	140	56.00	56.00	sent	\N	\N	2025-08-04 22:53:51.529603	2025-08-04 22:53:51.529608	\N	\N	\N	f
238	80	114	100.00	100.00	sent	\N	\N	2025-08-04 22:55:15.358124	2025-08-04 22:55:15.358128	\N	\N	\N	f
239	80	140	56.00	56.00	sent	\N	\N	2025-08-04 22:56:56.601267	2025-08-04 22:56:56.601272	\N	\N	\N	f
255	32	140	56.00	56.00	finished	\N	\N	2025-08-07 20:00:58.395197	2025-08-08 14:31:03.934768	2025-08-08 14:31:03.932927	\N	\N	f
240	32	129	69.00	69.00	finished	\N	\N	2025-08-05 15:55:42.418249	2025-08-05 22:22:30.474936	2025-08-05 22:22:30.472918	\N	\N	f
241	94	83	50.00	50.00	sent	\N	\N	2025-08-06 03:46:01.732153	2025-08-06 03:46:01.732157	\N	\N	\N	f
243	32	129	69.00	69.00	sent	\N	\N	2025-08-06 16:17:06.313736	2025-08-06 16:17:06.313739	\N	\N	\N	f
242	32	140	56.00	56.00	finished	\N	\N	2025-08-06 16:16:58.973544	2025-08-06 17:02:31.992211	2025-08-06 17:02:31.990184	\N	\N	f
244	129	155	1.00	1.00	sent	\N	\N	2025-08-07 16:38:17.995828	2025-08-07 16:38:17.995832	\N	\N	\N	f
262	301	83	50.00	50.00	sent	\N	\N	2025-08-08 14:41:09.828678	2025-08-08 14:41:09.828682	\N	\N	\N	f
245	128	140	56.00	56.00	finished	\N	\N	2025-08-07 16:47:19.395168	2025-08-07 17:09:30.274669	2025-08-07 17:09:30.273136	\N	\N	f
246	94	140	56.00	56.00	accepted	\N	\N	2025-08-07 19:57:21.126497	2025-08-07 20:04:15.055726	\N	\N	\N	f
247	94	140	56.00	56.00	accepted	\N	\N	2025-08-07 19:57:28.35309	2025-08-07 20:04:26.43588	\N	\N	\N	f
248	94	140	56.00	56.00	accepted	\N	\N	2025-08-07 19:57:33.450176	2025-08-07 20:04:30.628411	\N	\N	\N	f
249	94	140	56.00	56.00	accepted	\N	\N	2025-08-07 19:57:38.086853	2025-08-07 20:04:33.998786	\N	\N	\N	f
250	94	140	56.00	56.00	accepted	\N	\N	2025-08-07 19:57:44.892607	2025-08-07 20:04:37.93635	\N	\N	\N	f
251	94	140	56.00	56.00	accepted	\N	\N	2025-08-07 19:57:49.48962	2025-08-07 20:04:41.050336	\N	\N	\N	f
252	94	140	56.00	56.00	accepted	\N	\N	2025-08-07 19:57:54.956168	2025-08-07 20:04:43.996205	\N	\N	\N	f
253	94	140	56.00	56.00	accepted	\N	\N	2025-08-07 19:57:59.874324	2025-08-07 20:04:47.863414	\N	\N	\N	f
254	94	140	56.00	56.00	accepted	\N	\N	2025-08-07 19:58:04.92886	2025-08-07 20:04:52.185166	\N	\N	\N	f
268	32	140	56.00	56.00	finished	\N	\N	2025-08-08 22:24:49.532306	2025-08-14 00:08:54.781077	2025-08-14 00:08:54.779846	\N	\N	f
275	32	157	60.00	60.00	sent	\N	\N	2025-08-14 04:10:45.231921	2025-08-14 04:10:45.231924	\N	\N	\N	f
227	32	150	150.00	150.00	finished	\N	\N	2025-07-29 15:57:34.878082	2025-08-14 04:12:00.254542	2025-08-14 04:12:00.252882	\N	\N	f
261	301	140	56.00	56.00	finished	\N	\N	2025-08-08 14:40:43.126415	2025-08-08 15:13:41.411168	2025-08-08 15:13:41.409849	\N	\N	f
256	32	140	56.00	56.00	finished	\N	\N	2025-08-07 20:01:03.618176	2025-08-08 15:13:59.558846	2025-08-08 15:13:59.557579	\N	\N	f
263	32	136	200.00	200.00	sent	\N	\N	2025-08-08 18:14:09.30713	2025-08-08 18:14:09.307134	\N	\N	\N	f
264	32	159	100.00	100.00	sent	\N	\N	2025-08-08 18:14:17.756624	2025-08-08 18:14:17.756628	\N	\N	\N	f
265	32	131	50.00	50.00	sent	\N	\N	2025-08-08 18:14:29.986094	2025-08-08 18:14:29.986098	\N	\N	\N	f
257	32	140	56.00	56.00	finished	\N	\N	2025-08-07 20:01:44.269755	2025-08-08 18:14:51.376924	2025-08-08 18:14:51.375261	\N	\N	f
266	32	159	100.00	100.00	sent	\N	\N	2025-08-08 22:23:26.525976	2025-08-08 22:23:26.52598	\N	\N	\N	f
267	32	146	50.00	50.00	sent	\N	\N	2025-08-08 22:23:42.546376	2025-08-08 22:23:42.54638	\N	\N	\N	f
270	32	151	200.00	200.00	sent	\N	\N	2025-08-09 21:16:45.887634	2025-08-09 21:16:45.887638	\N	\N	\N	f
271	32	151	200.00	200.00	sent	\N	\N	2025-08-09 21:28:55.011769	2025-08-09 21:28:55.011774	\N	\N	\N	f
235	76	97	3.00	3.00	cancelled	yo quise	\N	2025-08-02 13:31:52.823004	2025-08-11 14:54:24.319549	\N	\N	\N	f
272	128	116	200.00	200.00	sent	\N	\N	2025-08-11 22:45:44.437801	2025-08-11 22:45:44.437804	\N	\N	\N	f
259	128	157	60.00	60.00	accepted	\N	\N	2025-08-07 20:59:04.943069	2025-08-11 23:35:56.227125	\N	\N	\N	f
216	129	144	1.00	1.00	finished	\N	\N	2025-07-25 22:42:57.386379	2025-08-19 20:01:34.772812	2025-08-19 20:01:34.771518	\N	\N	f
258	128	157	60.00	60.00	cancelled	no	\N	2025-08-07 20:58:35.565917	2025-08-11 23:36:09.362413	\N	\N	\N	f
273	128	156	12.00	12.00	sent	\N	\N	2025-08-13 15:11:56.451714	2025-08-13 15:11:56.451717	\N	\N	\N	f
274	129	138	23.00	23.00	accepted	\N	\N	2025-08-13 18:39:56.260652	2025-08-13 23:23:07.922422	\N	\N	\N	f
232	139	158	200.00	200.00	accepted	\N	\N	2025-08-01 21:29:17.036093	2025-08-13 23:23:25.255391	\N	\N	\N	f
276	32	167	8.00	8.00	sent	\N	\N	2025-08-14 15:15:58.290469	2025-08-14 15:15:58.290474	\N	\N	\N	f
277	288	167	8.00	8.00	sent	\N	\N	2025-08-14 15:30:26.225228	2025-08-14 15:30:26.225231	\N	\N	\N	f
327	32	167	8.00	8.00	sent	\N	\N	2025-08-21 22:25:13.918071	2025-08-21 22:25:13.918076	\N	\N	\N	f
279	128	\N	60.00	60.00	sent	\N	\N	2025-08-14 20:01:57.738778	2025-08-14 20:01:57.73878	\N	\N	139	t
278	32	129	69.00	69.00	finished	\N	\N	2025-08-14 19:36:16.233	2025-08-14 20:09:26.884708	2025-08-14 20:09:26.882916	\N	\N	f
280	303	167	8.00	8.00	sent	\N	\N	2025-08-14 22:05:46.146903	2025-08-14 22:05:46.146908	\N	\N	\N	f
281	129	\N	80.00	80.00	sent	\N	\N	2025-08-14 23:31:18.040348	2025-08-14 23:31:18.04035	\N	\N	107	t
282	129	\N	5.00	5.00	sent	\N	\N	2025-08-14 23:37:51.823306	2025-08-14 23:37:51.823309	\N	\N	108	t
283	32	171	200.00	200.00	sent	\N	\N	2025-08-15 13:14:50.349412	2025-08-15 13:14:50.349419	\N	\N	\N	f
144	76	82	25.00	25.00	finished	\N	\N	2025-06-23 00:43:03.48395	2025-08-15 13:38:27.112019	2025-08-15 13:38:27.110128	\N	\N	f
157	129	94	50.00	50.00	finished	\N	\N	2025-06-26 19:51:10.5212	2025-08-15 18:59:43.598212	2025-08-15 18:59:43.596893	\N	\N	f
284	129	\N	5.00	5.00	sent	\N	\N	2025-08-15 19:04:04.962714	2025-08-15 19:04:04.962716	\N	\N	144	t
286	32	110	200.00	200.00	sent	\N	\N	2025-08-15 19:13:46.179023	2025-08-15 19:13:46.179027	\N	\N	\N	f
290	94	167	8.00	8.00	accepted	\N	\N	2025-08-15 20:49:11.609546	2025-08-15 20:50:31.991804	\N	\N	\N	f
289	94	167	8.00	8.00	accepted	\N	\N	2025-08-15 20:49:06.019754	2025-08-15 20:50:35.684711	\N	\N	\N	f
288	94	167	8.00	8.00	accepted	\N	\N	2025-08-15 20:48:58.905395	2025-08-15 20:50:39.879439	\N	\N	\N	f
291	299	129	69.00	69.00	sent	\N	\N	2025-08-15 22:14:59.662644	2025-08-15 22:14:59.662649	\N	\N	\N	f
292	299	129	69.00	69.00	accepted	\N	\N	2025-08-15 22:15:11.344042	2025-08-15 22:15:55.785402	\N	\N	\N	f
293	299	129	69.00	69.00	sent	\N	\N	2025-08-15 22:30:04.418107	2025-08-15 22:30:04.418113	\N	\N	\N	f
294	299	129	69.00	69.00	sent	\N	\N	2025-08-16 00:11:10.941754	2025-08-16 00:11:10.941758	\N	\N	\N	f
295	299	129	69.00	69.00	sent	\N	\N	2025-08-16 00:27:55.519548	2025-08-16 00:27:55.519553	\N	\N	\N	f
296	299	129	69.00	69.00	sent	\N	\N	2025-08-16 00:30:54.45941	2025-08-16 00:30:54.459414	\N	\N	\N	f
311	266	173	5.00	5.00	accepted	\N	\N	2025-08-16 17:02:42.984627	2025-08-21 22:25:37.522893	\N	\N	\N	f
298	32	167	8.00	8.00	sent	\N	\N	2025-08-16 01:25:59.993526	2025-08-16 01:25:59.99353	\N	\N	\N	f
299	32	171	200.00	200.00	sent	\N	\N	2025-08-16 01:30:57.094353	2025-08-16 01:30:57.094358	\N	\N	\N	f
300	32	60	80.00	80.00	sent	\N	\N	2025-08-16 07:19:46.887625	2025-08-16 07:19:46.887788	\N	\N	\N	f
301	32	168	150.00	150.00	sent	\N	\N	2025-08-16 07:19:54.323153	2025-08-16 07:19:54.323157	\N	\N	\N	f
302	32	168	150.00	150.00	sent	\N	\N	2025-08-16 07:20:00.02593	2025-08-16 07:20:00.025933	\N	\N	\N	f
303	32	168	150.00	150.00	sent	\N	\N	2025-08-16 07:20:07.03674	2025-08-16 07:20:07.036744	\N	\N	\N	f
304	32	60	80.00	80.00	sent	\N	\N	2025-08-16 07:21:47.003751	2025-08-16 07:21:47.003756	\N	\N	\N	f
305	32	60	80.00	80.00	sent	\N	\N	2025-08-16 07:22:02.420465	2025-08-16 07:22:02.420469	\N	\N	\N	f
306	32	60	80.00	80.00	sent	\N	\N	2025-08-16 07:22:17.366252	2025-08-16 07:22:17.366256	\N	\N	\N	f
307	32	60	80.00	80.00	sent	\N	\N	2025-08-16 07:22:41.949869	2025-08-16 07:22:41.949873	\N	\N	\N	f
308	32	60	80.00	80.00	sent	\N	\N	2025-08-16 07:23:25.776679	2025-08-16 07:23:25.776683	\N	\N	\N	f
309	32	60	80.00	80.00	sent	\N	\N	2025-08-16 07:26:45.467897	2025-08-16 07:26:45.467902	\N	\N	\N	f
310	32	60	80.00	80.00	sent	\N	\N	2025-08-16 07:27:01.682284	2025-08-16 07:27:01.682288	\N	\N	\N	f
203	266	139	53.00	53.00	finished	\N	\N	2025-07-20 05:00:24.754582	2025-08-16 17:03:20.015403	2025-08-16 17:03:20.013693	\N	\N	f
312	266	173	5.00	5.00	accepted	\N	\N	2025-08-16 17:02:51.027947	2025-08-16 17:06:26.130647	\N	\N	\N	f
313	266	167	8.00	8.00	sent	\N	\N	2025-08-16 17:25:07.545082	2025-08-16 17:25:07.545087	\N	\N	\N	f
287	288	173	5.00	5.00	finished	\N	\N	2025-08-15 19:15:31.307125	2025-08-18 15:41:17.907866	2025-08-18 15:41:17.906274	\N	\N	f
228	139	150	150.00	150.00	finished	\N	\N	2025-07-29 16:34:14.804866	2025-08-19 19:56:18.319934	2025-08-19 19:56:18.317843	\N	\N	f
314	139	167	8.00	8.00	sent	\N	\N	2025-08-19 19:58:25.230323	2025-08-19 19:58:25.230327	\N	\N	\N	f
315	280	174	50.00	50.00	pending	\N	Hay mucha demanda	2025-08-19 20:38:31.44166	2025-08-19 20:44:17.765912	\N	\N	\N	f
316	32	174	50.00	50.00	sent	\N	\N	2025-08-20 19:31:43.124751	2025-08-20 19:31:43.124758	\N	\N	\N	f
317	118	9	650.00	650.00	pending	\N	Razon de recotizacion	2025-08-20 23:16:23.569548	2025-08-20 23:17:09.769537	\N	\N	\N	f
318	139	173	5.00	5.00	accepted	\N	\N	2025-08-21 22:09:05.431464	2025-08-21 22:09:55.912758	\N	\N	\N	f
319	139	\N	50.00	50.00	sent	\N	\N	2025-08-21 22:12:21.343485	2025-08-21 22:12:21.343488	\N	\N	148	t
320	139	174	50.00	50.00	sent	\N	\N	2025-08-21 22:12:40.697723	2025-08-21 22:12:40.697728	\N	\N	\N	f
321	32	174	50.00	50.00	sent	\N	\N	2025-08-21 22:15:28.665994	2025-08-21 22:15:28.666	\N	\N	\N	f
322	32	169	350.00	350.00	sent	\N	\N	2025-08-21 22:15:32.500784	2025-08-21 22:15:32.500788	\N	\N	\N	f
323	32	157	60.00	60.00	sent	\N	\N	2025-08-21 22:15:40.339828	2025-08-21 22:15:40.339833	\N	\N	\N	f
324	32	124	2.00	2.00	sent	\N	\N	2025-08-21 22:17:40.286906	2025-08-21 22:17:40.286911	\N	\N	\N	f
325	32	168	150.00	150.00	sent	\N	\N	2025-08-21 22:18:44.538897	2025-08-21 22:18:44.538901	\N	\N	\N	f
326	139	138	23.00	23.00	accepted	\N	\N	2025-08-21 22:22:26.999861	2025-08-21 22:23:21.780512	\N	\N	\N	f
297	32	173	5.00	5.00	accepted	\N	\N	2025-08-16 01:25:34.782136	2025-08-21 22:24:33.594695	\N	\N	\N	f
328	78	\N	10.00	10.00	sent	\N	\N	2025-08-21 22:52:41.210838	2025-08-21 22:52:41.21084	\N	\N	149	t
329	32	174	50.00	50.00	sent	\N	\N	2025-08-21 23:10:43.614411	2025-08-21 23:10:43.614416	\N	\N	\N	f
330	110	176	500.00	500.00	accepted	\N	\N	2025-08-21 23:36:25.961828	2025-08-21 23:37:40.365605	\N	\N	\N	f
331	110	170	950.00	950.00	accepted	\N	\N	2025-08-21 23:42:24.984345	2025-08-21 23:59:37.355785	\N	\N	\N	f
332	32	176	500.00	500.00	sent	\N	\N	2025-08-22 00:01:21.253474	2025-08-22 00:01:21.253479	\N	\N	\N	f
285	32	120	50.00	50.00	accepted	\N	\N	2025-08-15 19:13:26.6531	2025-08-22 00:14:03.625558	\N	\N	\N	f
333	94	168	150.00	150.00	sent	\N	\N	2025-08-22 00:21:23.781831	2025-08-22 00:21:23.781836	\N	\N	\N	f
334	32	149	10.00	10.00	sent	\N	\N	2025-08-22 00:21:50.821995	2025-08-22 00:21:50.822	\N	\N	\N	f
335	128	110	200.00	200.00	sent	\N	\N	2025-08-22 00:25:16.943651	2025-08-22 00:25:16.943656	\N	\N	\N	f
\.


--
-- Data for Name: service_schedules; Type: TABLE DATA; Schema: public; Owner: canteradigitalio_bateradmin
--

COPY public.service_schedules (id, service_request_id, start_date, start_time, end_date, end_time, created_at, updated_at) FROM stdin;
35	11	2025-04-18	10:00:00	2025-04-18	11:00:00	2025-04-17 21:33:48.566012	2025-04-17 21:33:48.566073
36	32	2025-05-01	09:00:00	2025-05-01	10:25:00	2025-04-30 17:42:54.199596	2025-04-30 17:42:54.199623
37	32	2025-05-02	09:00:00	2025-05-02	10:25:00	2025-04-30 17:42:54.199596	2025-04-30 17:42:54.199623
38	32	2025-05-03	09:00:00	2025-05-03	10:25:00	2025-04-30 17:42:54.199596	2025-04-30 17:42:54.199623
39	32	2025-05-04	09:00:00	2025-05-04	10:25:00	2025-04-30 17:42:54.199596	2025-04-30 17:42:54.199623
40	32	2025-05-05	09:00:00	2025-05-05	10:25:00	2025-04-30 17:42:54.199596	2025-04-30 17:42:54.199623
49	36	2025-05-07	05:12:00	2025-05-07	06:12:00	2025-05-05 23:29:11.09803	2025-05-05 23:29:11.098056
50	49	2025-05-30	12:30:00	2025-05-30	14:30:00	2025-05-08 16:18:08.536177	2025-05-08 16:18:08.536205
51	54	2025-05-14	10:30:00	2025-05-14	12:00:00	2025-05-08 22:26:54.656702	2025-05-08 22:26:54.656732
52	54	2025-05-15	10:30:00	2025-05-15	12:00:00	2025-05-08 22:26:54.656702	2025-05-08 22:26:54.656732
53	54	2025-05-16	10:30:00	2025-05-16	12:00:00	2025-05-08 22:26:54.656702	2025-05-08 22:26:54.656732
54	54	2025-05-17	10:30:00	2025-05-17	12:00:00	2025-05-08 22:26:54.656702	2025-05-08 22:26:54.656732
55	57	2025-05-21	10:00:00	2025-05-21	11:00:00	2025-05-08 22:26:54.656702	2025-05-08 22:26:54.656732
56	65	2025-05-15	10:00:00	2025-05-15	16:00:00	2025-05-08 22:26:54.656702	2025-05-08 22:26:54.656732
57	65	2025-05-16	10:00:00	2025-05-16	16:00:00	2025-05-08 22:26:54.656702	2025-05-08 22:26:54.656732
58	65	2025-05-17	10:00:00	2025-05-17	16:00:00	2025-05-08 22:26:54.656702	2025-05-08 22:26:54.656732
59	65	2025-05-18	10:00:00	2025-05-18	16:00:00	2025-05-08 22:26:54.656702	2025-05-08 22:26:54.656732
60	42	2025-05-22	15:30:00	2025-05-22	18:35:00	2025-05-15 22:12:36.903581	2025-05-15 22:12:36.903644
61	42	2025-05-23	15:30:00	2025-05-23	18:35:00	2025-05-15 22:12:36.903581	2025-05-15 22:12:36.903644
62	42	2025-05-24	15:30:00	2025-05-24	18:35:00	2025-05-15 22:12:36.903581	2025-05-15 22:12:36.903644
63	42	2025-05-25	15:30:00	2025-05-25	18:35:00	2025-05-15 22:12:36.903581	2025-05-15 22:12:36.903644
64	78	2025-05-23	18:00:00	2025-05-23	19:00:00	2025-05-19 21:39:35.801394	2025-05-19 21:39:35.801422
65	85	2025-05-30	16:22:00	2025-05-30	18:22:00	2025-05-27 00:00:57.793139	2025-05-27 00:00:57.793166
67	91	2025-06-06	09:00:00	2025-06-06	00:00:00	2025-06-02 19:05:59.999329	2025-06-02 19:05:59.999358
68	90	2025-06-26	13:00:00	2025-06-26	15:00:00	2025-06-02 19:05:59.999329	2025-06-02 19:05:59.999358
69	94	2025-06-19	10:00:00	2025-06-19	12:00:00	2025-06-03 17:54:25.944233	2025-06-03 17:54:25.944259
70	97	2025-06-05	12:00:00	2025-06-05	13:00:00	2025-06-03 17:54:25.944233	2025-06-03 17:54:25.944259
71	105	2025-06-06	11:00:00	2025-06-06	12:00:00	2025-06-05 17:13:36.559909	2025-06-05 17:13:36.559938
72	108	2025-06-06	08:10:00	2025-06-06	09:12:00	2025-06-05 17:13:36.559909	2025-06-05 17:13:36.559938
73	107	2025-06-09	10:00:00	2025-06-09	11:00:00	2025-06-05 17:13:36.559909	2025-06-05 17:13:36.559938
75	126	2025-06-11	10:00:00	2025-06-11	11:00:00	2025-06-10 21:37:38.408401	2025-06-10 21:37:38.408436
76	128	2025-06-27	10:00:00	2025-06-27	00:00:00	2025-06-12 15:28:07.004244	2025-06-12 15:28:07.004274
77	130	2025-06-20	09:10:00	2025-06-20	10:00:00	2025-06-19 21:11:30.377261	2025-06-19 21:11:30.377295
78	137	2025-06-21	10:30:00	2025-06-21	12:30:00	2025-06-20 22:59:10.141822	2025-06-20 22:59:10.141852
79	147	2025-06-23	00:31:00	2025-06-23	18:30:00	2025-06-20 22:59:10.141822	2025-06-20 22:59:10.141852
80	148	2025-06-24	10:00:00	2025-06-24	12:00:00	2025-06-20 22:59:10.141822	2025-06-20 22:59:10.141852
81	153	2025-06-26	12:00:00	2025-06-26	13:00:00	2025-06-25 22:23:57.63798	2025-06-25 22:23:57.638006
82	157	2025-06-27	17:00:00	2025-06-27	18:00:00	2025-06-25 22:23:57.63798	2025-06-25 22:23:57.638006
83	159	2025-06-26	15:00:00	2025-06-26	16:00:00	2025-06-25 22:23:57.63798	2025-06-25 22:23:57.638006
84	152	2025-06-27	15:25:00	2025-06-27	16:10:00	2025-06-27 14:43:45.48905	2025-06-27 14:43:45.489109
85	161	2025-06-28	11:00:00	2025-06-28	16:00:00	2025-06-27 23:58:30.507352	2025-06-27 23:58:30.507379
86	175	2025-07-12	10:00:00	2025-07-12	11:00:00	2025-07-11 16:00:30.246965	2025-07-11 16:00:30.246991
87	177	2025-07-23	10:00:00	2025-07-23	11:00:00	2025-07-11 23:21:26.653351	2025-07-11 23:21:26.653383
88	178	2025-07-23	10:00:00	2025-07-23	11:00:00	2025-07-11 23:21:26.653351	2025-07-11 23:21:26.653383
89	179	2025-07-24	10:00:00	2025-07-24	11:00:00	2025-07-11 23:21:26.653351	2025-07-11 23:21:26.653383
90	181	2025-07-24	11:00:00	2025-07-24	00:00:00	2025-07-11 23:21:26.653351	2025-07-11 23:21:26.653383
91	182	2025-07-14	15:00:00	2025-07-14	17:00:00	2025-07-12 00:21:21.039129	2025-07-12 00:21:21.039159
92	184	2025-07-15	14:00:00	2025-07-15	14:30:00	2025-07-15 17:58:48.22122	2025-07-15 17:58:48.221249
94	151	2025-07-18	11:00:00	2025-07-18	12:00:00	2025-07-15 17:58:48.22122	2025-07-15 17:58:48.221249
95	144	2025-07-16	11:00:00	2025-07-16	12:00:00	2025-07-15 17:58:48.22122	2025-07-15 17:58:48.221249
96	143	2025-07-16	11:00:00	2025-07-16	12:00:00	2025-07-15 17:58:48.22122	2025-07-15 17:58:48.221249
97	150	2025-07-16	01:00:00	2025-07-16	05:00:00	2025-07-15 17:58:48.22122	2025-07-15 17:58:48.221249
98	193	2025-07-17	11:00:00	2025-07-17	12:00:00	2025-07-15 17:58:48.22122	2025-07-15 17:58:48.221249
99	197	2025-07-30	10:36:00	2025-07-30	12:20:00	2025-07-16 22:46:03.920623	2025-07-16 22:46:03.92065
100	199	2025-07-18	13:00:00	2025-07-18	13:10:00	2025-07-18 16:13:42.726148	2025-07-18 16:13:42.726176
101	198	2025-07-18	13:00:00	2025-07-18	13:10:00	2025-07-18 16:13:42.726148	2025-07-18 16:13:42.726176
102	200	2025-07-18	15:00:00	2025-07-18	15:10:00	2025-07-18 16:13:42.726148	2025-07-18 16:13:42.726176
103	203	2025-07-20	00:00:00	2025-07-20	00:10:00	2025-07-18 22:30:43.759202	2025-07-18 22:30:43.759239
104	204	2025-07-23	15:30:00	2025-07-23	16:30:00	2025-07-18 22:30:43.759202	2025-07-18 22:30:43.759239
105	205	2025-07-21	13:20:00	2025-07-21	13:40:00	2025-07-18 22:30:43.759202	2025-07-18 22:30:43.759239
106	206	2025-07-21	14:10:00	2025-07-21	14:15:00	2025-07-18 22:30:43.759202	2025-07-18 22:30:43.759239
107	207	2025-07-21	14:32:00	2025-07-21	14:45:00	2025-07-18 22:30:43.759202	2025-07-18 22:30:43.759239
108	208	2025-07-21	15:10:00	2025-07-21	15:30:00	2025-07-18 22:30:43.759202	2025-07-18 22:30:43.759239
109	209	2025-07-21	17:50:00	2025-07-21	17:59:00	2025-07-18 22:30:43.759202	2025-07-18 22:30:43.759239
110	211	2025-07-22	12:00:00	2025-07-22	13:17:00	2025-07-22 15:28:24.723107	2025-07-22 15:28:24.723138
111	212	2025-07-22	17:35:00	2025-07-22	17:40:00	2025-07-22 22:46:46.262523	2025-07-22 22:46:46.262554
112	192	2025-07-24	08:25:00	2025-07-24	15:08:00	2025-07-23 18:30:21.542974	2025-07-23 18:30:21.543025
113	213	2025-07-23	15:40:00	2025-07-23	15:45:00	2025-07-23 18:30:21.542974	2025-07-23 18:30:21.543025
114	155	2025-07-25	02:38:00	2025-07-25	12:20:00	2025-07-25 18:28:27.548756	2025-07-25 18:28:27.548791
115	216	2025-07-31	03:23:00	2025-07-31	14:34:00	2025-07-25 18:28:27.548756	2025-07-25 18:28:27.548791
116	216	2025-07-30	03:23:00	2025-07-30	14:34:00	2025-07-25 18:28:27.548756	2025-07-25 18:28:27.548791
117	218	2025-07-26	11:00:00	2025-07-26	12:00:00	2025-07-26 00:26:21.865846	2025-07-26 00:26:21.865877
118	222	2025-07-28	13:00:00	2025-07-28	13:02:00	2025-07-28 18:40:07.375395	2025-07-28 18:40:07.375426
119	223	2025-07-28	14:37:00	2025-07-28	14:39:00	2025-07-28 18:40:07.375395	2025-07-28 18:40:07.375426
120	224	2025-07-28	14:45:00	2025-07-28	14:46:00	2025-07-28 18:40:07.375395	2025-07-28 18:40:07.375426
121	225	2025-07-28	08:54:00	2025-07-28	08:55:00	2025-07-28 18:40:07.375395	2025-07-28 18:40:07.375426
122	226	2025-07-28	15:54:00	2025-07-28	15:55:00	2025-07-28 21:45:50.484221	2025-07-28 21:45:50.48425
123	167	2025-07-28	15:54:00	2025-07-28	15:55:00	2025-07-28 21:45:50.484221	2025-07-28 21:45:50.48425
124	109	2025-07-28	15:54:00	2025-07-28	15:55:00	2025-07-28 21:45:50.484221	2025-07-28 21:45:50.48425
125	101	2025-07-28	15:54:00	2025-07-28	15:55:00	2025-07-28 21:45:50.484221	2025-07-28 21:45:50.48425
126	228	2025-07-29	10:40:00	2025-07-29	10:45:00	2025-07-29 07:12:24.208118	2025-07-29 07:12:24.208146
127	240	2025-08-05	01:01:00	2025-08-05	14:00:00	2025-08-05 13:53:07.632992	2025-08-05 13:53:07.633019
128	242	2025-08-06	10:24:00	2025-08-06	10:34:00	2025-08-06 02:17:36.454209	2025-08-06 02:17:36.454243
129	245	2025-08-07	11:00:00	2025-08-07	11:05:00	2025-08-07 15:18:33.475275	2025-08-07 15:18:33.475302
130	246	2025-08-07	14:07:00	2025-08-07	14:09:00	2025-08-07 15:18:33.475275	2025-08-07 15:18:33.475302
131	247	2025-08-07	14:07:00	2025-08-07	14:09:00	2025-08-07 15:18:33.475275	2025-08-07 15:18:33.475302
132	248	2025-08-07	14:07:00	2025-08-07	14:09:00	2025-08-07 15:18:33.475275	2025-08-07 15:18:33.475302
133	249	2025-08-07	14:07:00	2025-08-07	14:09:00	2025-08-07 15:18:33.475275	2025-08-07 15:18:33.475302
134	250	2025-08-07	14:07:00	2025-08-07	14:09:00	2025-08-07 15:18:33.475275	2025-08-07 15:18:33.475302
138	254	2025-08-07	14:07:00	2025-08-07	14:09:00	2025-08-07 15:18:33.475275	2025-08-07 15:18:33.475302
141	257	2025-08-07	14:07:00	2025-08-07	14:09:00	2025-08-07 15:18:33.475275	2025-08-07 15:18:33.475302
135	251	2025-08-07	14:07:00	2025-08-07	14:09:00	2025-08-07 15:18:33.475275	2025-08-07 15:18:33.475302
139	255	2025-08-07	14:07:00	2025-08-07	14:09:00	2025-08-07 15:18:33.475275	2025-08-07 15:18:33.475302
136	252	2025-08-07	14:07:00	2025-08-07	14:09:00	2025-08-07 15:18:33.475275	2025-08-07 15:18:33.475302
137	253	2025-08-07	14:07:00	2025-08-07	14:09:00	2025-08-07 15:18:33.475275	2025-08-07 15:18:33.475302
140	256	2025-08-07	14:07:00	2025-08-07	14:09:00	2025-08-07 15:18:33.475275	2025-08-07 15:18:33.475302
142	261	2025-08-08	09:01:00	2025-08-08	09:03:00	2025-08-08 14:28:50.282392	2025-08-08 14:28:50.28242
143	259	2025-08-13	00:00:00	2025-08-13	00:06:00	2025-08-11 22:19:59.193202	2025-08-11 22:19:59.19323
144	274	2025-08-13	17:24:00	2025-08-13	17:34:00	2025-08-13 14:47:36.797115	2025-08-13 14:47:36.797144
145	232	2025-08-13	17:24:00	2025-08-13	17:34:00	2025-08-13 14:47:36.797115	2025-08-13 14:47:36.797144
146	268	2025-08-13	17:26:00	2025-08-13	17:30:00	2025-08-13 14:47:36.797115	2025-08-13 14:47:36.797144
147	269	2025-08-13	17:26:00	2025-08-13	17:30:00	2025-08-13 14:47:36.797115	2025-08-13 14:47:36.797144
148	227	2025-08-14	08:00:00	2025-08-14	08:08:00	2025-08-13 23:55:46.046467	2025-08-13 23:55:46.046496
149	278	2025-08-14	13:46:00	2025-08-14	13:48:00	2025-08-14 19:10:41.899851	2025-08-14 19:10:41.89988
150	290	2025-08-15	14:51:00	2025-08-15	15:00:00	2025-08-14 23:52:38.827539	2025-08-14 23:52:38.827588
151	289	2025-08-15	14:51:00	2025-08-15	15:00:00	2025-08-14 23:52:38.827539	2025-08-14 23:52:38.827588
152	288	2025-08-15	14:51:00	2025-08-15	15:00:00	2025-08-14 23:52:38.827539	2025-08-14 23:52:38.827588
153	292	2025-08-15	00:00:00	2025-08-15	12:00:00	2025-08-14 23:52:38.827539	2025-08-14 23:52:38.827588
154	287	2025-08-16	00:00:00	2025-08-16	15:00:00	2025-08-14 23:52:38.827539	2025-08-14 23:52:38.827588
155	312	2025-08-16	11:07:00	2025-08-16	11:08:00	2025-08-14 23:52:38.827539	2025-08-14 23:52:38.827588
156	318	2025-08-22	16:10:00	2025-08-22	16:11:00	2025-08-21 19:20:37.462531	2025-08-21 19:20:37.462561
157	326	2025-08-21	16:25:00	2025-08-21	16:27:00	2025-08-21 19:20:37.462531	2025-08-21 19:20:37.462561
158	297	2025-08-21	16:25:00	2025-08-21	16:27:00	2025-08-21 19:20:37.462531	2025-08-21 19:20:37.462561
159	311	2025-08-21	16:25:00	2025-08-21	16:27:00	2025-08-21 19:20:37.462531	2025-08-21 19:20:37.462561
160	330	2025-08-21	17:38:00	2025-08-21	17:40:00	2025-08-21 19:20:37.462531	2025-08-21 19:20:37.462561
161	331	2025-08-21	18:00:00	2025-08-21	18:07:00	2025-08-21 19:20:37.462531	2025-08-21 19:20:37.462561
162	285	2025-08-22	00:00:00	2025-08-22	12:07:00	2025-08-21 19:20:37.462531	2025-08-21 19:20:37.462561
\.


--
-- Data for Name: service_validation_documents; Type: TABLE DATA; Schema: public; Owner: canteradigitalio_bateradmin
--

COPY public.service_validation_documents (id, service_id, file, created_at, updated_at) FROM stdin;
1	1	/media/services/service1/validation_documents/3273e84e-c7f5-4284-8083-eccba49cb503.pdf	2025-04-04 17:19:46.128966	2025-04-04 17:19:46.128991
2	1	/media/services/service1/validation_documents/26c086c3-6b31-4f86-b51b-51bb84ec1fe5.pdf	2025-04-04 17:19:46.128966	2025-04-04 17:19:46.128991
25	34	/media/services/service34/validation_documents/0ff49a89-951e-48c9-ae29-a2eea94d692c.jpg	2025-04-10 15:24:08.605084	2025-04-10 15:24:08.605117
32	60	/media/services/service60/validation_documents/e0408a4c-4c3c-4687-b1e4-975779553454.jpg	2025-04-15 18:41:02.563933	2025-04-15 18:41:02.563959
33	60	/media/services/service60/validation_documents/94b6b68e-aed1-48d7-953c-a0e1fe4a576b.webp	2025-04-15 18:41:02.563933	2025-04-15 18:41:02.563959
34	60	/media/services/service60/validation_documents/c518f5cd-36ab-4a6b-b93f-b6767ec64af0.webp	2025-04-15 18:41:02.563933	2025-04-15 18:41:02.563959
39	65	/media/services/service65/validation_documents/0ee96c56-a745-4e4d-80ec-0ff1861093fc.jpg	2025-04-21 16:21:34.933999	2025-04-21 16:21:34.934032
40	66	/media/services/service66/validation_documents/db86d40d-5dcb-4cba-9598-ddfcfa5f0b9a.jpg	2025-04-21 16:21:34.933999	2025-04-21 16:21:34.934032
41	67	/media/services/service67/validation_documents/0efe08e6-c043-4a15-ac1e-f634d709177d.pdf	2025-04-21 16:21:34.933999	2025-04-21 16:21:34.934032
42	68	/media/services/service68/validation_documents/521dc93d-8b4b-4bb5-b041-8b070f3f0ce3.pdf	2025-04-21 16:21:34.933999	2025-04-21 16:21:34.934032
43	69	/media/services/service69/validation_documents/51e52fc5-c2dc-4e54-9bde-532409c08adf.pdf	2025-04-21 16:21:34.933999	2025-04-21 16:21:34.934032
44	70	/media/services/service70/validation_documents/877f9b61-5609-4f9b-8a72-c6b00b9d9828.pdf	2025-04-21 16:21:34.933999	2025-04-21 16:21:34.934032
45	72	/media/services/service72/validation_documents/48b051c4-a728-4bd1-9d72-4ca19f885dc5.pdf	2025-04-21 16:21:34.933999	2025-04-21 16:21:34.934032
48	75	/media/services/service75/validation_documents/a48bf376-67f8-4a30-86d7-49546d384745.pdf	2025-04-21 16:21:34.933999	2025-04-21 16:21:34.934032
49	76	/media/services/service76/validation_documents/95948732-bd04-4ae8-8d02-8971ec553503.pdf	2025-04-21 16:21:34.933999	2025-04-21 16:21:34.934032
51	33	/media/services/service33/validation_documents/762758f7-7187-4b6b-a5d8-3132eb87b504.jpg	2025-04-24 18:15:26.218959	2025-04-24 18:15:26.218984
52	83	/media/services/service83/validation_documents/f5cd908b-1238-43c1-8853-ba519b1c2541.jpg	2025-04-24 18:15:26.218959	2025-04-24 18:15:26.218984
53	83	/media/services/service83/validation_documents/6fe91338-1e02-472a-afcd-3343cdb23e5e.webp	2025-04-24 18:15:26.218959	2025-04-24 18:15:26.218984
54	83	/media/services/service83/validation_documents/d4444997-e029-4ffc-bb18-89f77aeae6d6.jpg	2025-04-24 18:15:26.218959	2025-04-24 18:15:26.218984
55	83	/media/services/service83/validation_documents/cdc73bc4-0989-44ef-854d-bbbc04f16d3d.pdf	2025-04-24 18:15:26.218959	2025-04-24 18:15:26.218984
60	94	/media/services/service94/validation_documents/e7fa7630-cda9-474d-9ac1-14aaba5cc68f.jpg	2025-05-02 20:06:08.53633	2025-05-02 20:06:08.53636
61	94	/media/services/service94/validation_documents/124ac345-28ac-4120-a9e8-bda637cb7806.webp	2025-05-02 20:06:08.53633	2025-05-02 20:06:08.53636
62	94	/media/services/service94/validation_documents/d0179a20-ef6b-4dde-99e3-c530458bb021.jpg	2025-05-02 20:06:08.53633	2025-05-02 20:06:08.53636
63	94	/media/services/service94/validation_documents/6405f057-f1d3-40c0-ba3f-e1741d0fbaa0.pdf	2025-05-02 20:06:08.53633	2025-05-02 20:06:08.53636
64	95	/media/services/service95/validation_documents/b165f1c1-ebbf-4ba0-9a01-ee463ffe2809.png	2025-05-06 17:58:29.479917	2025-05-06 17:58:29.479945
67	101	/media/services/service101/validation_documents/093c652e-e779-481a-8f72-00227e258a13.pdf	2025-05-08 22:26:54.645916	2025-05-08 22:26:54.645945
68	101	/media/services/service101/validation_documents/ee5aaf1b-aabf-4492-9a38-4e9142f68a88.jpg	2025-05-08 22:26:54.645916	2025-05-08 22:26:54.645945
69	102	/media/services/service102/validation_documents/32ab10b3-ca35-458f-9493-898115c6da32.png	2025-05-08 22:26:54.645916	2025-05-08 22:26:54.645945
70	103	/media/services/service103/validation_documents/3f148924-7ac4-4235-ab8d-c25fe5477492.jpg	2025-05-08 22:26:54.645916	2025-05-08 22:26:54.645945
71	104	/media/services/service104/validation_documents/5109fcc9-fbe8-4443-96db-56d67c9cb429.jpg	2025-05-08 22:26:54.645916	2025-05-08 22:26:54.645945
72	105	/media/services/service105/validation_documents/e6a12fa2-5626-4ee1-a168-6d825e9c21c9.png	2025-05-08 22:26:54.645916	2025-05-08 22:26:54.645945
73	106	/media/services/service106/validation_documents/9bbde32c-e430-44c8-a311-da62f51b44ec.jpg	2025-05-08 22:26:54.645916	2025-05-08 22:26:54.645945
74	109	/media/services/service109/validation_documents/076a99f4-2c46-4de2-abf0-6539643d282b.jpg	2025-05-15 22:12:36.89363	2025-05-15 22:12:36.893656
75	111	/media/services/service111/validation_documents/dd553880-f95c-434c-aa62-e327841ce17e.jpg	2025-05-19 21:39:35.789964	2025-05-19 21:39:35.789991
76	112	/media/services/service112/validation_documents/87db18ab-33b5-4402-8132-34a1efe53e24.jpg	2025-05-23 16:28:56.003939	2025-05-23 16:28:56.003966
78	117	/media/services/service117/validation_documents/f2598383-5a82-4613-b1b7-f5cfd38f9040.jpg	2025-05-27 00:00:57.782425	2025-05-27 00:00:57.78247
79	119	/media/services/service119/validation_documents/c5f86ee8-7a19-42b9-98ee-9041997c1bd3.jpg	2025-05-27 00:00:57.782425	2025-05-27 00:00:57.78247
80	119	/media/services/service119/validation_documents/c58c84c6-52a8-4b44-9ea7-f58599b9ce08.jpg	2025-05-27 00:00:57.782425	2025-05-27 00:00:57.78247
81	119	/media/services/service119/validation_documents/8cbe9ee6-0043-4ecd-9ca3-2f8c2a6574ad.jpg	2025-05-27 00:00:57.782425	2025-05-27 00:00:57.78247
82	122	/media/services/service122/validation_documents/14b34498-2b68-44ce-8dc8-0ee603811754.jpg	2025-06-03 17:54:25.934973	2025-06-03 17:54:25.935277
83	123	/media/services/service123/validation_documents/f6b31f7b-87a5-4493-b389-923fec7159e9.jpg	2025-06-03 17:54:25.934973	2025-06-03 17:54:25.935277
84	127	/media/services/service127/validation_documents/201b6002-17ba-4b28-809c-192910365429.jpg	2025-06-05 17:13:36.549621	2025-06-05 17:13:36.54965
85	126	/media/services/service126/validation_documents/b0df29f3-4f7b-4acc-beeb-87e847feb9a2.jpg	2025-06-30 16:04:29.513294	2025-06-30 16:04:29.513322
86	126	/media/services/service126/validation_documents/88388b5d-8e16-4cd4-af21-fc75b3420c28.jpg	2025-06-30 16:04:29.513294	2025-06-30 16:04:29.513322
87	130	/media/services/service130/validation_documents/5bed9159-c5fe-4694-8fa0-087bc54a26b4.png	2025-07-07 23:17:41.114289	2025-07-07 23:17:41.114316
88	131	/media/services/service131/validation_documents/6ecd5dc5-ae7d-4ea9-8e3e-42c500106130.jpg	2025-07-11 16:00:30.235089	2025-07-11 16:00:30.235132
90	133	/media/services/service133/validation_documents/e38962ce-f6b4-45ca-a6c6-e96b791cb034.jpg	2025-07-15 17:58:48.208485	2025-07-15 17:58:48.208518
92	135	/media/services/service135/validation_documents/01342507-394d-4a1d-b57a-6c0f203ef4be.jpg	2025-07-15 17:58:48.208485	2025-07-15 17:58:48.208518
93	137	/media/services/service137/validation_documents/2dac36fb-360d-4653-a24b-5ad805958706.jpg	2025-07-16 22:46:03.908906	2025-07-16 22:46:03.908955
94	120	/media/services/service120/validation_documents/0f5e63f3-cf01-47bb-88af-7d02b3ac27e2.jpg	2025-07-23 22:24:36.457323	2025-07-23 22:24:36.457352
95	120	/media/services/service120/validation_documents/3fddcb14-9c5d-47fa-a961-cc0374200fb9.jpg	2025-07-23 22:24:36.457323	2025-07-23 22:24:36.457352
96	120	/media/services/service120/validation_documents/5fdf602d-0a3f-432f-9e22-374247e65e57.jpg	2025-07-23 22:24:36.457323	2025-07-23 22:24:36.457352
97	120	/media/services/service120/validation_documents/82af9138-976f-463e-a664-b54950e97192.jpg	2025-07-23 22:24:36.457323	2025-07-23 22:24:36.457352
99	120	/media/services/service120/validation_documents/7749b15e-debc-4a0a-b464-0d47561e7c6c.jpg	2025-07-23 22:24:36.457323	2025-07-23 22:24:36.457352
101	120	/media/services/service120/validation_documents/f771e4e1-2118-4d87-927d-36a0e63a6aee.jpg	2025-07-23 22:24:36.457323	2025-07-23 22:24:36.457352
103	120	/media/services/service120/validation_documents/9cda3bb3-eb6f-4c4f-8676-53467c2e575d.jpg	2025-07-23 22:24:36.457323	2025-07-23 22:24:36.457352
105	120	/media/services/service120/validation_documents/6da1cbf5-f631-491d-a5c5-6ff1b70c14c9.jpg	2025-07-23 22:24:36.457323	2025-07-23 22:24:36.457352
98	120	/media/services/service120/validation_documents/603d5517-aad6-4db5-9231-25f71db36efb.jpg	2025-07-23 22:24:36.457323	2025-07-23 22:24:36.457352
100	120	/media/services/service120/validation_documents/7cab7b7a-9dd8-4cc7-8601-64cbea5a4a86.jpg	2025-07-23 22:24:36.457323	2025-07-23 22:24:36.457352
102	120	/media/services/service120/validation_documents/1851d7eb-31eb-44ac-b6cb-c3448440d7dc.jpg	2025-07-23 22:24:36.457323	2025-07-23 22:24:36.457352
104	120	/media/services/service120/validation_documents/e625d8d3-c4fd-47d8-8ba7-a6c35f745d03.jpg	2025-07-23 22:24:36.457323	2025-07-23 22:24:36.457352
106	120	/media/services/service120/validation_documents/93301525-7222-4279-bbb5-abdeecd107aa.jpg	2025-07-23 22:24:36.457323	2025-07-23 22:24:36.457352
107	120	/media/services/service120/validation_documents/1b95e2b4-03af-43a1-8c84-a62d14455a35.jpg	2025-07-23 22:24:36.457323	2025-07-23 22:24:36.457352
108	120	/media/services/service120/validation_documents/3cd52688-e8f9-40fa-bbd7-b4d8bfb56ea9.jpg	2025-07-25 03:00:08.100792	2025-07-25 03:00:08.100821
109	143	/media/services/service143/validation_documents/8196c84d-6d73-4d8a-8409-0be83a8be099.jpg	2025-07-25 18:28:27.537407	2025-07-25 18:28:27.537434
110	144	/media/services/service144/validation_documents/60f85058-82a2-460f-a2f1-af52e924c0f6.png	2025-07-25 18:28:27.537407	2025-07-25 18:28:27.537434
111	137	/media/services/service137/validation_documents/266ef779-9631-43f9-8ed0-7addfbefb1cc.jpg	2025-07-26 00:26:21.855415	2025-07-26 00:26:21.855443
112	137	/media/services/service137/validation_documents/e84a922e-61b8-4f71-80a3-1b9a3a4472c9.jpg	2025-07-26 00:26:21.855415	2025-07-26 00:26:21.855443
113	137	/media/services/service137/validation_documents/22a60c9b-4af2-4b9a-98c3-17685ebe33f6.jpg	2025-07-26 00:26:21.855415	2025-07-26 00:26:21.855443
114	139	/media/services/service139/validation_documents/1040a5e0-7a60-46b0-b363-9acc1a751362.jpg	2025-07-26 00:26:21.855415	2025-07-26 00:26:21.855443
115	139	/media/services/service139/validation_documents/90e5ffbb-094c-4364-9b50-d1e726068b54.jpg	2025-07-26 00:26:21.855415	2025-07-26 00:26:21.855443
116	139	/media/services/service139/validation_documents/05681f7c-0999-45c6-b5ba-c9d7ab06296c.jpg	2025-07-26 00:26:21.855415	2025-07-26 00:26:21.855443
117	139	/media/services/service139/validation_documents/862150ec-9006-44cc-a00f-f0d2c7a13b3f.jpg	2025-07-26 00:26:21.855415	2025-07-26 00:26:21.855443
118	139	/media/services/service139/validation_documents/051b2f63-8c37-4c78-82df-e5caa5e41a6f.jpg	2025-07-26 00:26:21.855415	2025-07-26 00:26:21.855443
119	145	/media/services/service145/validation_documents/200c2746-f521-4b91-a91a-5b86beefde8a.png	2025-07-28 15:01:17.373066	2025-07-28 15:01:17.373094
120	151	/media/services/service151/validation_documents/6b18ec15-d4b6-408f-ad47-90910427d6ba.png	2025-07-29 07:12:24.192504	2025-07-29 07:12:24.192539
121	151	/media/services/service151/validation_documents/6c997a42-dfec-4be2-8de6-f7248c5a19ff.png	2025-07-29 07:12:24.192504	2025-07-29 07:12:24.192539
122	143	/media/services/service143/validation_documents/39cad30f-26c7-4368-9971-cfab7f74f1b1.jpg	2025-07-30 20:50:44.487599	2025-07-30 20:50:44.487626
123	158	/media/services/service158/validation_documents/5bf42037-0e66-412b-a124-eec591e1395b.jpg	2025-07-30 20:50:44.487599	2025-07-30 20:50:44.487626
124	94	/media/services/service94/validation_documents/854e6769-279b-42ce-9305-6ae5f21dee0f.jpg	2025-08-01 15:16:05.290452	2025-08-01 15:16:05.290479
125	94	/media/services/service94/validation_documents/1a0731e6-b4d7-4a1d-9e48-07f4e11c8a63.webp	2025-08-01 15:16:05.290452	2025-08-01 15:16:05.290479
126	94	/media/services/service94/validation_documents/16b63fa0-0a66-4042-9b7a-d2d0473344b4.jpg	2025-08-01 15:16:05.290452	2025-08-01 15:16:05.290479
127	94	/media/services/service94/validation_documents/a238f8d2-92cf-4651-9241-dd4841f78192.pdf	2025-08-01 15:16:05.290452	2025-08-01 15:16:05.290479
128	151	/media/services/service151/validation_documents/aae5fd35-1bde-4b6a-b475-2d12e9e0be81.png	2025-08-02 14:54:22.224289	2025-08-02 14:54:22.224315
129	151	/media/services/service151/validation_documents/4473848b-bebb-419c-853b-46f9b6a274d4.png	2025-08-02 14:54:22.224289	2025-08-02 14:54:22.224315
130	151	/media/services/service151/validation_documents/a52968b5-52a6-4f9c-a217-702c1d91206f.png	2025-08-02 14:54:22.224289	2025-08-02 14:54:22.224315
131	151	/media/services/service151/validation_documents/64a9a3d1-fe3b-456e-8e6f-6acb23956082.png	2025-08-02 14:54:22.224289	2025-08-02 14:54:22.224315
132	151	/media/services/service151/validation_documents/ac4ce362-d77e-4279-a5ed-d73f60b6c6db.png	2025-08-02 14:54:22.224289	2025-08-02 14:54:22.224315
133	151	/media/services/service151/validation_documents/039e4848-34c4-4611-bc39-9bd25c567ab2.png	2025-08-02 14:54:22.224289	2025-08-02 14:54:22.224315
139	139	/media/services/service139/validation_documents/ef5e50b6-8c18-4027-8db7-4966390eb602.jpg	2025-08-06 19:06:50.280123	2025-08-06 19:06:50.28015
140	139	/media/services/service139/validation_documents/d0953620-4f81-4a4a-9ebf-b0a073183cd1.jpg	2025-08-06 19:06:50.280123	2025-08-06 19:06:50.28015
141	139	/media/services/service139/validation_documents/11a1f6d3-9e3f-490f-9c36-917e123bfca4.jpg	2025-08-06 19:06:50.280123	2025-08-06 19:06:50.28015
142	139	/media/services/service139/validation_documents/b79f2a87-5d01-4317-a3d8-77e557a88d4e.jpg	2025-08-06 19:06:50.280123	2025-08-06 19:06:50.28015
143	139	/media/services/service139/validation_documents/4a520810-6d93-4db2-b475-5d12d82bdf9c.jpg	2025-08-06 19:06:50.280123	2025-08-06 19:06:50.28015
144	83	/media/services/service83/validation_documents/9b52a41e-d9e6-4594-9548-dabfb3605ebb.jpg	2025-08-08 17:51:52.902768	2025-08-08 17:51:52.902802
145	83	/media/services/service83/validation_documents/140d6da4-fed1-4414-ba08-7c3c53c5b11e.webp	2025-08-08 17:51:52.902768	2025-08-08 17:51:52.902802
146	83	/media/services/service83/validation_documents/9dd83c37-3531-4359-84b9-8627e0af3bfb.jpg	2025-08-08 17:51:52.902768	2025-08-08 17:51:52.902802
147	83	/media/services/service83/validation_documents/bcdb45f8-908c-43b4-bdc9-98496d72db4d.pdf	2025-08-08 17:51:52.902768	2025-08-08 17:51:52.902802
148	60	/media/services/service60/validation_documents/a45807be-ef6b-4beb-bc1b-dc1cae15861f.jpg	2025-08-08 17:51:52.902768	2025-08-08 17:51:52.902802
149	60	/media/services/service60/validation_documents/08e965dc-f9e7-4051-82aa-f3c9b8a2df79.webp	2025-08-08 17:51:52.902768	2025-08-08 17:51:52.902802
150	60	/media/services/service60/validation_documents/87df2be2-98fa-4b7c-8fa0-d5530f3bf0e3.webp	2025-08-08 17:51:52.902768	2025-08-08 17:51:52.902802
151	140	/media/services/service140/validation_documents/f64c3835-0965-47af-8063-3cc038fbf326.jpg	2025-08-08 17:51:52.902768	2025-08-08 17:51:52.902802
152	140	/media/services/service140/validation_documents/77e1d4d9-6c74-4a1f-9352-013b91d38339.jpg	2025-08-08 17:51:52.902768	2025-08-08 17:51:52.902802
153	140	/media/services/service140/validation_documents/50cf85d8-6cf9-474b-bb91-74492e9a8e1c.jpg	2025-08-08 17:51:52.902768	2025-08-08 17:51:52.902802
154	140	/media/services/service140/validation_documents/2ef68ef1-5c6f-4d8c-8001-87bc9f65c749.jpg	2025-08-08 17:51:52.902768	2025-08-08 17:51:52.902802
155	140	/media/services/service140/validation_documents/f99a436f-19e3-4bbc-bcb3-352801298d0d.jpg	2025-08-08 17:51:52.902768	2025-08-08 17:51:52.902802
156	140	/media/services/service140/validation_documents/6c2fec38-a9cc-4b1f-8658-5f7513ac766c.jpg	2025-08-08 17:51:52.902768	2025-08-08 17:51:52.902802
157	139	/media/services/service139/validation_documents/9855bf0f-0be0-409e-8036-bd11b4b99962.jpg	2025-08-08 17:51:52.902768	2025-08-08 17:51:52.902802
158	139	/media/services/service139/validation_documents/f83d25af-344d-4545-aa4a-24d5b0c01bd1.jpg	2025-08-08 17:51:52.902768	2025-08-08 17:51:52.902802
159	139	/media/services/service139/validation_documents/e440a4bd-ff32-4e7a-b4af-4c45696a2e13.jpg	2025-08-08 17:51:52.902768	2025-08-08 17:51:52.902802
164	139	/media/services/service139/validation_documents/f7af7cd7-8582-45c9-9c7d-b7680e2144f6.jpg	2025-08-08 17:51:52.902768	2025-08-08 17:51:52.902802
160	139	/media/services/service139/validation_documents/bcba3de8-ee27-4c1d-9574-6a7aa3a25d20.jpg	2025-08-08 17:51:52.902768	2025-08-08 17:51:52.902802
165	139	/media/services/service139/validation_documents/0b11743d-c035-4670-b503-540f79af1173.jpg	2025-08-08 17:51:52.902768	2025-08-08 17:51:52.902802
161	139	/media/services/service139/validation_documents/30de54ad-e003-4b47-b3cf-b5d91d50f4f9.jpg	2025-08-08 17:51:52.902768	2025-08-08 17:51:52.902802
166	139	/media/services/service139/validation_documents/fa141c44-394b-42b9-94b3-b4826925c7f3.jpg	2025-08-08 17:51:52.902768	2025-08-08 17:51:52.902802
162	139	/media/services/service139/validation_documents/02b6998f-9a61-410e-86b0-9709f9186ea7.jpg	2025-08-08 17:51:52.902768	2025-08-08 17:51:52.902802
163	139	/media/services/service139/validation_documents/c05b1d6b-06fc-4ce3-8f0f-d131d255c306.jpg	2025-08-08 17:51:52.902768	2025-08-08 17:51:52.902802
167	140	/media/services/service140/validation_documents/678080e6-0aed-47c1-9b70-68b243f5db3b.jpg	2025-08-13 14:47:36.783177	2025-08-13 14:47:36.783206
168	140	/media/services/service140/validation_documents/3998289e-a5cd-4504-aee3-c111c406a706.jpg	2025-08-13 14:47:36.783177	2025-08-13 14:47:36.783206
169	140	/media/services/service140/validation_documents/7bee35db-97a8-492b-92aa-1d714f480629.jpg	2025-08-13 14:47:36.783177	2025-08-13 14:47:36.783206
170	140	/media/services/service140/validation_documents/edb655a5-fbdd-47ee-a45d-3e61fe8eddf5.jpg	2025-08-13 14:47:36.783177	2025-08-13 14:47:36.783206
171	140	/media/services/service140/validation_documents/04344e76-bc0b-41dd-b635-fa272a679629.jpg	2025-08-13 14:47:36.783177	2025-08-13 14:47:36.783206
172	140	/media/services/service140/validation_documents/3112d3e0-9092-4a4b-92bd-43534302e8b1.jpg	2025-08-13 14:47:36.783177	2025-08-13 14:47:36.783206
173	170	/media/services/service170/validation_documents/87e568a5-b72a-4078-b972-4b8d061433bd.jpg	2025-08-14 00:16:15.724707	2025-08-14 00:16:15.724733
174	170	/media/services/service170/validation_documents/391d1dea-b674-483b-8d76-c114699a0f53.jpg	2025-08-14 00:16:15.724707	2025-08-14 00:16:15.724733
175	170	/media/services/service170/validation_documents/665cb956-aff5-46e7-8b16-68717d4e9eda.jpg	2025-08-14 00:16:15.724707	2025-08-14 00:16:15.724733
176	170	/media/services/service170/validation_documents/0c5f3fce-201d-4020-9825-78b2f7d632d0.jpg	2025-08-14 00:16:15.724707	2025-08-14 00:16:15.724733
177	170	/media/services/service170/validation_documents/d0ae4cc5-5814-4413-926f-fd47d50498d1.jpg	2025-08-14 00:16:15.724707	2025-08-14 00:16:15.724733
178	171	/media/services/service171/validation_documents/77364a14-5ccc-46f5-be8e-5dcda98efda7.jpg	2025-08-14 00:16:15.724707	2025-08-14 00:16:15.724733
179	172	/media/services/service172/validation_documents/79c6ccfd-c81f-4e0d-9845-b89b2cb6569d.jpg	2025-08-14 00:16:15.724707	2025-08-14 00:16:15.724733
180	168	/media/services/service168/validation_documents/aa77d5ee-8e6e-4e1e-99ec-c76360a5b7d7.jpg	2025-08-14 23:43:03.845738	2025-08-14 23:43:03.845775
181	172	/media/services/service172/validation_documents/a23076dd-199d-4055-81bb-dbca7f514ccd.jpg	2025-08-14 23:43:03.845738	2025-08-14 23:43:03.845775
182	173	/media/services/service173/validation_documents/17d987e5-fe42-4e3d-bb23-ba4dd45686ed.jpg	2025-08-14 23:52:38.811366	2025-08-14 23:52:38.811391
183	175	/media/services/service175/validation_documents/f48f44fa-c487-4682-99f1-7c7ad1cb3c5b.jpg	2025-08-21 19:20:37.448542	2025-08-21 19:20:37.44857
184	175	/media/services/service175/validation_documents/670f8a7d-4689-4c63-a035-016e4bffac1f.jpg	2025-08-21 19:20:37.448542	2025-08-21 19:20:37.44857
185	122	/media/services/service122/validation_documents/83934d2f-e80e-4caf-9221-a76fe35db650.jpg	2025-08-22 15:50:30.653815	2025-08-22 15:50:30.653841
\.


--
-- Data for Name: services; Type: TABLE DATA; Schema: public; Owner: canteradigitalio_bateradmin
--

COPY public.services (id, user_id, cover_image, name, category_id, subcategory_id, address, service_type, coverage_range, service_cost, experience_years, created_at, updated_at, chat_id, is_active) FROM stdin;
1	2	/media/services/service1/cover/b95dde57-39df-47a7-ae28-eebaaa323258.jpg	Wiring installation in a home	1	6	García Obeso 389-Int. 1, Centro, 58000 Morelia, Mich.	physical	10	500.00	1	2025-04-04 15:38:55.35714	2025-04-04 15:38:55.357175	\N	t
9	2	\N	Wiring installation in a home	1	6	García Obeso 389-Int. 1, Centro, 58000 Morelia, Mich.	physical	5	650.00	\N	2025-04-05 00:32:30.624475	2025-04-05 00:32:30.624509	\N	t
80	76	/media/services/service80/cover/3472665f-43a0-40e3-a956-d815f292b14a.jpg	Door installation	1	4		physical	10	35.00	5	2025-04-24 18:15:26.21627	2025-04-24 18:15:26.216296	\N	t
82	97	/media/services/service82/cover/8910c407-c253-4ea1-b4c6-b65652dc08df.jpg	Coffee Shop help	2	9		physical	12	25.00	2	2025-04-24 18:15:26.21627	2025-04-24 18:15:26.216296	\N	t
70	92	/media/services/service70/cover/e668e795-3df1-4a0c-a217-6d7032d22eaf.jpg	Musica	1	6		physical	8	50.00	2	2025-04-21 16:21:34.931287	2025-04-21 16:21:34.931314	\N	t
85	81	\N	Por degusto	2	9		virtual	0	58.00	1	2025-04-28 21:52:53.722191	2025-04-28 21:52:53.72222	\N	t
103	117	/media/services/service103/cover/1a491554-1f7d-45db-88d3-9272aa39469a.jpg	Curso de piano nivel experto aprende en 5 semanas	28	42	Central, Zúrich, Suiza	virtual	0	600.00	4	2025-05-08 22:26:54.643013	2025-05-08 22:26:54.643041	\N	t
34	78	/media/services/service34/cover/f8baa450-4886-4272-8b2d-9b61c5990540.jpg	Ijxniddnudejeded	2	11		virtual	\N	45.00	5	2025-04-10 15:24:08.6025	2025-04-10 15:24:08.602529	\N	t
95	109	/media/services/service95/cover/2fc7e6e8-8e5e-404d-b240-d108784b0ccd.png	Curso guitarra 	32	58	Agua Santa, Viña del Mar, Chile	physical	10	20.00	3	2025-05-06 17:58:29.476942	2025-05-06 17:58:29.476987	\N	t
96	110	\N	Nuevo servicio 	1	4	Calle Licenciado Pudenciano Dorantes, Nueva Chapultepec, Morelia, Mich., México	virtual	0	369.00	3	2025-05-06 17:58:29.476942	2025-05-06 17:58:29.476986	\N	t
102	103	/media/services/service102/cover/7fd1bcdf-d565-42dc-90fd-9cc4e5eae018.jpg	Aprende teclado en 5 semanas	28	42	Agua Santa 123, Callao, Perú	virtual	0	200.00	3	2025-05-08 22:26:54.643013	2025-05-08 22:26:54.643041	\N	t
97	110	\N	Servicio para el.rulasss	28	29	Calle Licenciado Pudenciano Dorantes, Nueva Chapultepec, Morelia, Mich., México	virtual	69	3.00	3	2025-05-06 17:58:29.476942	2025-05-08 22:26:54.643041	\N	t
101	110	/media/services/service101/cover/71657511-fd14-49c9-a6c3-2a830a0e088b.jpg	Kejejekekekkensegsenhnhsenhsesnhesnhshesmhesmhesmhesmhes	1	4	Calle Francisca Xaviera de Tapia, Jacarandas, Morelia, Mich., México	virtual	0	6.00	3	2025-05-08 22:26:54.643013	2025-05-08 22:26:54.643041	\N	t
104	107	/media/services/service104/cover/610a71dc-ad74-4c79-9c85-4194b9d909fe.jpg	Pandero de 0 a experto	28	42	Soldado de la Independencia, Ciudad Autónoma de Buenos Aires, Argentina	virtual	0	80.00	3	2025-05-08 22:26:54.643013	2025-05-08 22:26:54.643041	\N	t
105	103	/media/services/service105/cover/0328c6dd-6f04-4e40-a23c-ab4fbad6f807.png	Programación nivel experto	30	31	Avenida Agua Marina, 70, Algeciras, España	virtual	0	500.00	3	2025-05-08 22:26:54.643013	2025-05-08 22:26:54.643041	\N	t
106	103	/media/services/service106/cover/b905215a-7a97-4081-a6cc-d040b67cac25.png	Se un QA nivel experto	30	62	Manuela Medina, Coapa, Stunam, Ciudad de México, CDMX, México	virtual	0	600.00	5	2025-05-08 22:26:54.643013	2025-05-08 22:26:54.643041	\N	t
108	17	\N	Servicio G-1.0	2	9	Andador Cerro del Cacique, Santiaguito, Morelia, Mich., México	virtual	0	4.00	4	2025-05-08 22:26:54.643013	2025-05-08 22:26:54.64304	\N	t
33	32	/media/services/service33/cover/82132cc9-92f8-4a84-9096-b35cebeb34d4.jpg	Dias	1	6		virtual	0	150.00	2	2025-04-10 15:24:08.6025	2025-04-10 15:24:08.602529	\N	t
72	92	/media/services/service72/cover/a3d3e302-3f9d-4f44-ab32-6baee3a5ee7c.png	Programación 	3	14		virtual	2	50.00	2	2025-04-21 16:21:34.931287	2025-04-21 16:21:34.931314	\N	t
65	80	/media/services/service65/cover/6177a32e-a692-4010-836b-384c58ee8f0f.jpg	Primer servicio aqui	2	10		physical	45	46.00	3	2025-04-21 16:21:34.931287	2025-04-21 16:21:34.931314	\N	t
66	80	/media/services/service66/cover/553f3ddf-7f17-42e2-a964-d0cb8166edb9.jpg	Sjjwjwjw	2	11		virtual	0	45.00	46	2025-04-21 16:21:34.931287	2025-04-21 16:21:34.931314	\N	t
67	92	/media/services/service67/cover/a04ff8b8-5793-4845-9ab0-3d464e2210fd.jpg	Tester	2	10		virtual	0	37.00	2	2025-04-21 16:21:34.931287	2025-04-21 16:21:34.931314	\N	t
68	92	/media/services/service68/cover/56502bce-e656-406b-9ada-d855ede111c4.jpg	Qa	3	14		virtual	12	30.00	2	2025-04-21 16:21:34.931287	2025-04-21 16:21:34.931314	\N	t
69	92	/media/services/service69/cover/ec3ab7ce-f42e-4579-b592-f6b6a6a5e52b.jpg	Literatura 	28	29		physical	5	80.00	3	2025-04-21 16:21:34.931287	2025-04-21 16:21:34.931314	\N	t
75	92	/media/services/service75/cover/41cc8080-26c4-4d10-b70f-9d605f01917e.jpg	cantera	25	27		physical	3	80.00	5	2025-04-21 16:21:34.931287	2025-04-21 16:21:34.931314	\N	t
76	92	/media/services/service76/cover/63a53875-35aa-436a-98f8-b549ce9d68a8.jpg	numero 3	1	6		virtual	8	50.00	5	2025-04-21 16:21:34.931287	2025-04-21 16:21:34.931314	\N	t
109	32	/media/services/service109/cover/e5d4cc35-b067-409e-88c1-849a3424bf32.jpg	Pedros	1	6	Obispo de La Calzada, Fray Antonio de San Miguel Iglesias, Morelia, Mich., México	virtual	0	238.00	5	2025-05-15 22:12:36.89092	2025-05-15 22:12:36.890945	\N	t
111	76	/media/services/service111/cover/2dea3d14-8224-4b0f-855c-03a68ff8b6d2.jpg	Chair Repair	1	4	120 West Hellman Avenue, Monterey Park, CA, USA	physical	5	25.00	5	2025-05-19 21:39:35.786892	2025-05-19 21:39:35.786917	\N	t
112	123	/media/services/service112/cover/1ce35f14-5b01-47e3-9343-202cea373153.jpg	Crochet	32	33	Batalla de Casa Mata, Chapultepec Sur, Morelia, Mich., México	virtual	0	33.00	6	2025-05-23 16:28:56.001018	2025-05-23 16:28:56.001049	\N	t
131	279	/media/services/service131/cover/d3382194-de4f-4414-9f00-58cdfac68fc9.jpg	terapia anti estrés	3	14	Morelia - Guadalajara Road, Doctor Miguel Silva González, Morelia, Michoacán, México	physical	502	50.00	15	2025-07-11 16:00:30.231893	2025-07-11 16:00:30.231928	\N	t
60	23	/media/services/service60/cover/fe477dff-f3a8-4320-98d2-3e9ba197b108.jpg	Mantenimiento para el hogar	1	5	Vicente Guerrero 130, Revolución, Zinapécuaro de Figueroa, Mich., México	virtual	500	80.00	5	2025-04-15 18:41:02.561166	2025-08-08 17:51:52.899869	\N	t
81	77	/media/services/service81/cover/ff86d5d2-97bd-407d-b13b-7a78f5ef5e12.jpg	Laptop repair 	1	5	123 William Street, New York, NY, USA	virtual	15	200.00	10	2025-04-24 18:15:26.21627	2025-08-02 14:54:22.221495	\N	t
110	76	/media/services/service110/cover/6ca14368-9eb0-4fdf-baba-0f00917bda49.jpg	Clases de barista	57	64	120 West Hellman Avenue, Monterey Park, CA, USA	virtual	5	200.00	5	2025-05-19 21:39:35.786892	2025-06-03 17:54:25.932474	\N	t
117	123	/media/services/service117/cover/9f4391be-a0db-4950-b71a-9779f4532751.jpg	Lavado de dinero 	3	14	Fraccionamiento Rincón de Altozano, Morelia, Mich., México	virtual	25	666.00	10	2025-05-27 00:00:57.779512	2025-05-27 00:00:57.779541	\N	t
118	123	/media/services/service118/cover/dad0163b-e61d-4cf1-ba70-787c2c258d54.jpg	Imágenes de IA	30	62	Circuito Villa Áurea, León de los Aldama, Gto., México	virtual	0	336.00	5	2025-05-27 00:00:57.779512	2025-05-27 00:00:57.779541	\N	t
119	123	/media/services/service119/cover/c1a7e5c1-8868-4951-8354-da785ed0a52c.jpg	Viajes a Europa	3	26	Plaza Moreno, Guadalajara, España	physical	99	500.00	2	2025-05-27 00:00:57.779512	2025-05-27 00:00:57.779541	\N	t
142	287	\N	Service group	1	4	Guadalupe - Zacatecas, Zacatecas Centro, Zacatecas, Mexico	virtual	0	12.00	0	2025-07-25 16:55:59.904091	2025-07-25 16:55:59.904119	\N	t
121	17	/media/services/service121/cover/69b2889e-a0b5-415e-bc01-6a30ec78f4a0.jpg	Transporte	3	14	Morelia Michoacán, La Mangana, Ciudad Hidalgo, Mich., México	physical	537	40.00	5	2025-06-03 17:54:25.932448	2025-06-03 17:54:25.932474	\N	t
123	134	/media/services/service123/cover/2a8812ec-6803-4919-9d2e-9980ddaf5b10.jpg	Crochet GloriArte	28	37	Batalla de Casa Mata, Chapultepec Sur, Morelia, Mich., México	virtual	0	5.00	5	2025-06-03 17:54:25.932448	2025-06-03 17:54:25.932474	\N	t
124	135	/media/services/service124/cover/8f391335-5f1e-4069-852e-9e3397d0f8cf.jpg	Uber 	34	35	Plaza Andares, Puerta de Hierro, Zapopan, Jal., México	virtual	362	2.00	5	2025-06-03 17:54:25.932448	2025-06-03 17:54:25.932474	\N	t
125	76	/media/services/service125/cover/ce209bb8-9ce1-40fa-8a57-0ee7541b49ce.jpg	Window repair	1	4	120 Iowa Avenue, Riverside, CA, USA	physical	43	25.00	5	2025-06-05 17:13:36.546866	2025-06-05 17:13:36.546894	\N	t
127	94	/media/services/service127/cover/129b9f8c-ae78-4d7b-b835-db80c06d7f11.jpg	Mamamsdhnsrhmemhesmsemhsehmesmhesmhesmhes	1	4	Las Americas, Las Américas, Morelia, Mich., México	virtual	0	6.00	1	2025-06-05 17:13:36.546866	2025-06-25 22:23:57.625121	\N	t
126	94	/media/services/service126/cover/b9fef78e-b42c-4d47-a08e-73f34605f474.jpg	Nuevo servicio	3	14	Las Americas, Las Américas, Morelia, Mich., México	virtual	196	36.00	3	2025-06-05 17:13:36.546866	2025-06-30 16:04:29.510212	\N	t
129	94	/media/services/service129/cover/0ee5ca19-8241-42f0-b2c0-87c5352a4c2d.jpg	Como ser un youtuber profesional 	3	14	Floweret Ave, Las Vegas, Nevada, EE. UU.	virtual	0	69.00	1	2025-06-30 16:04:29.510149	2025-06-30 16:04:29.510212	\N	t
130	77	/media/services/service130/cover/ac789ebc-4a7d-497d-b046-5e300a7849c0.jpg	Lavado de ropa	1	4	120 West Chicago Avenue, Las Vegas, NV, USA	physical	5	25.00	5	2025-07-07 23:17:41.111388	2025-07-07 23:17:41.111417	\N	t
135	76	/media/services/service135/cover/c171bdb8-725c-4180-9488-7544dd624fe4.jpg	Asistente medico	25	27	1250 East Washington Street, Colton, CA, USA	virtual	112	25.00	5	2025-07-15 17:58:48.205311	2025-07-15 17:58:48.205345	\N	t
133	284	/media/services/service133/cover/821bda42-50ec-41c7-bf4e-344abe5c2bfe.jpg	cantooores curso	28	42	Morelia, Primero de Mayo, Ciudad Madero, Tamps., México	virtual	217	100.00	6	2025-07-15 17:58:48.205311	2025-07-16 22:46:03.90597	\N	t
136	287	\N	Clases de bateria	1	4	Calle Guadalupe Victoria, Centro histórico de Morelia, Morelia, Michoacán, Mexico	physical	419	200.00	0	2025-07-16 22:46:03.905937	2025-07-16 22:46:03.905969	\N	t
141	287	\N	TEST	1	4	Centro Comercial El Tesoro, El Poblado, Medellin, Antioquia, Colombia	virtual	0	1.00	0	2025-07-22 15:28:24.705718	2025-07-22 15:28:24.705746	\N	t
120	129	/media/services/service120/cover/2668d281-a244-48e9-940d-dbc565be7630.jpg	Entrenador personal	1	4	Morelia Michoacán, La Mangana, Ciudad Hidalgo, Mich., México	virtual	502	50.00	3	2025-05-27 00:00:57.779512	2025-07-25 03:00:08.098165	\N	t
144	128	/media/services/service144/cover/c8762b52-e4b7-4ef7-a1f0-b2d1698ad759.png	Testing	30	63	123 William Street, New York, NY, USA	virtual	0	1.00	1	2025-07-25 18:28:27.534518	2025-07-25 18:28:27.534546	\N	t
137	280	/media/services/service137/cover/d355b28f-e984-4306-96c1-e24f6bf7c246.jpg	Clases de musica	3	14	Vicente Guerrero 130, Centro, Poncitlán, Jal., México	virtual	1000	30.00	20	2025-07-16 22:46:03.905937	2025-07-26 00:26:21.852594	\N	t
145	128	/media/services/service145/cover/06891271-ccd7-486f-b1e5-1c2a5ec67d7a.jpg	Testing service	30	63	Tezonco, La Estación, Mexico City, CDMX, Mexico	virtual	0	1.00	1	2025-07-28 15:01:17.370054	2025-07-28 15:01:17.370082	\N	t
146	129	\N	Lolo	1	4	K K35K K, Osage Beach, Misuri, EE. UU.	virtual	0	50.00	13	2025-07-29 06:56:23.28289	2025-07-29 06:56:23.28292	\N	t
143	287	/media/services/service143/cover/ccff1354-bcdd-48fe-be06-0732c695fcac.jpg	chat	2	9	Guadalupe - Zacatecas, Zacatecas Centro, Zacatecas, Mexico	virtual	0	12.00	0	2025-07-25 18:28:27.534518	2025-07-30 20:50:44.484811	\N	t
114	110	/media/services/service114/cover/c9d07b3f-c9aa-4567-9f00-a382ffd59f40.jpg	Tazas personalizadas 	2	38	Las Americas, Las Américas, Morelia, Mich., México	virtual	0	100.00	3	2025-05-23 16:28:56.001018	2025-08-06 19:06:50.277085	\N	t
147	129	\N	Trabajos de construcción 	2	10	Kelok 9, Harau, Lima Puluh Kota, Sumatra Occidental, Indonesia	virtual	0	10.00	1	2025-07-29 06:56:23.28289	2025-08-08 17:51:52.899869	\N	t
138	32	/media/services/service138/cover/8dfa6ba8-7de7-4358-9cf0-6911f13debdd.jpg	Cachorras 2025	32	33	Batalla del Pari, Ciudad Autónoma de Buenos Aires, Argentina	virtual	0	23.00	5	2025-07-18 16:13:42.71115	2025-08-22 15:50:30.650445	\N	t
116	127	/media/services/service116/cover/b485296a-974c-4fc1-a4ed-1ef3e303df0f.jpg	Clases de natación 	3	14	Cuitzeo Sur, Chapalita, León de los Aldama, Gto., México	virtual	300	200.00	6	2025-05-27 00:00:57.779512	2025-08-08 17:51:52.899869	\N	t
148	129	\N	Reparación de pisos	2	10	North 600 East Road, Herrick, Illinois, EE. UU.	virtual	0	10.00	1	2025-07-29 06:56:23.28289	2025-08-08 17:51:52.899869	\N	t
149	129	\N	Servicio de camper	3	14	Wjazdowa, Radom, Polonia	virtual	0	10.00	1	2025-07-29 06:56:23.28289	2025-08-08 17:51:52.899869	\N	t
139	32	/media/services/service139/cover/2f2b1da0-9dd2-48e3-9538-c6bf816146b1.jpg	Barbería bodoque	1	4	Obispo Umaña, Estación Central, Chile	virtual	0	10000.00	5	2025-07-18 22:30:43.743876	2025-08-08 17:51:52.899869	\N	t
122	32	/media/services/service122/cover/8b315365-9287-401d-b5a2-7726774e8cc6.jpg	Monke class	1	5	Obispo Salguero, Córdoba, Argentina	virtual	286	2.00	2	2025-06-03 17:54:25.932448	2025-08-22 15:50:30.650445	\N	t
150	135	/media/services/service150/cover/c9f053d9-7264-47a5-b65a-cbf8fbe10d94.jpg	Coches porsche 	70	77	Patzcuaro, Acueducto, Morelia, Mich., México	virtual	0	150.00	3	2025-07-29 07:12:24.18923	2025-07-29 07:12:24.189257	55	t
83	17	/media/services/service83/cover/561bead6-aeaa-4a4f-bcae-bea52dbfda78.jpg	cortes de cabello	3	14	Merida - Valladolid, Pisté, Yuc., México	virtual	100	50.00	5	2025-04-24 18:15:26.21627	2025-08-08 17:51:52.899869	\N	t
169	110	/media/services/service169/cover/d45d0a27-87b7-48ec-a4de-b2c640acd9a7.jpg	Cafetería a domicilio 	3	26	Las Americas, Las Américas, Morelia, Mich., México	virtual	620	350.00	5	2025-08-14 00:16:15.721917	2025-08-14 00:16:15.721942	156	t
156	287	/media/services/service156/cover/692882d3-e792-4d3d-bd7b-83db184c8981.jpg	ToGroup	1	4	Guadalupe - Zacatecas, Zacatecas Centro, Zacatecas, Mexico	virtual	0	12.00	1	2025-07-30 20:50:44.484784	2025-07-30 20:50:44.484811	158	t
160	129	media/services/service160/cover_a118d8f0-be14-4567-8c95-99c71267ca18.jpg	Reparación de muebles	1	1	Calle 27 Sur, Bogotá, Colombia	virtual	10	10000.00	10000	2025-08-05 13:53:07.615135	2025-08-08 17:51:52.899869	94	t
155	287	/media/services/service155/cover/5c541a7a-ebb1-45f1-914a-4d478003d3bd.jpg	Service	1	4	Guadalupe - Zacatecas, Zacatecas Centro, Zacatecas, Mexico	virtual	0	1.00	0	2025-07-30 19:19:50.692094	2025-07-30 20:50:44.484811	106	t
158	32	/media/services/service158/cover/af6a7211-12f3-4fc0-b8cb-cba07fbc8e9c.jpg	Lego superman	32	82	Obispo Umaña, Estación Central, Chile	virtual	0	200.00	2	2025-07-30 20:50:44.484784	2025-07-30 20:50:44.484811	62	t
159	129	media/services/service159/cover_45cbf75e-5a3b-4fa0-a5d5-a99e3f3055d2.jpg	Herrería	1	1	Street No 26, Dhoke Hassu, Rawalpindi, Pakistán	virtual	10	100.00	100	2025-08-02 02:45:51.928561	2025-08-08 17:51:52.899869	186	t
176	78	/media/services/service176/cover/042f90e7-a478-4643-b4ff-0a18dddbaf6a.jpg	Meditación guiada loto	71	87	Mirador Arcos del Valle, Zona Sin Asignación de Nombre de Colonia, Morelia, Mich., México	physical	547	500.00	3	2025-08-21 19:20:37.445583	2025-08-21 19:20:37.445617	\N	t
157	23	/media/services/service157/cover/86b43e4b-d615-4e75-85c1-dc000833239a.jpg	programador	2	9	Morelia Michoacán, La Mangana, Ciudad Hidalgo, Mich., México	virtual	571	60.00	10	2025-07-30 20:50:44.484784	2025-08-01 15:16:05.287551	53	t
94	23	/media/services/service94/cover/12c9cd33-0d70-402a-be8e-377c89cc3c6d.jpg	Reparación de equipos Apple	3	14	Vicente Guerrero 130, Revolución, Zinapécuaro de Figueroa, Mich., México	virtual	50	50.00	8	2025-05-02 20:06:08.533585	2025-08-01 15:16:05.287551	\N	t
171	288	/media/services/service171/cover/48d2fa71-3297-42ce-a650-86dafbae61ef.jpg	Ropa invernal	70	86	Obispo de La Calzada, Fray Antonio de San Miguel Iglesias, Morelia, Mich., México	virtual	0	200.00	6	2025-08-14 00:16:15.721917	2025-08-14 00:16:15.721942	164	t
151	139	/media/services/service151/cover/cf907673-4410-430e-bd07-4ee3fe1309cb.jpg	citas tóxicas	32	58	Batalla de Casa Mata, Chapultepec Sur, Morelia, Mich., México	virtual	0	200.00	5	2025-07-29 07:12:24.18923	2025-08-02 14:54:22.221495	164	t
170	32	/media/services/service170/cover/d04143a4-d84f-4152-b38a-d7f1b4c8848d.jpg	Chef mediterraneo	71	76	Boulevard Adolfo López Mateos, Obregon, León, Gto., México	virtual	0	950.00	5	2025-08-14 00:16:15.721917	2025-08-14 00:16:15.721942	164	t
172	110	\N	Friki club	2	9	Avenida Villas del Pedregal, Villas del Pedregal, Mich., México	virtual	0	580.00	9	2025-08-14 00:16:15.721917	2025-08-14 00:16:15.721941	156	t
140	110	/media/services/service140/cover/3ca838a7-0323-4418-a624-cf7d7a2ff55d.jpg	Fotografía nivel 1	70	86	Los Asteroides, Macul, Chile	virtual	0	56.00	3	2025-07-18 22:30:43.743876	2025-08-13 14:47:36.780234	\N	t
167	135	/media/services/service167/cover/3b7b4361-cb6f-4a3e-8d2c-e36384db4a8a.jpg	Javier y sus smigas	3	26	Obispo Oro, Córdoba, Argentina	physical	870	8.00	2	2025-08-14 00:16:15.721917	2025-08-14 00:16:15.721942	164	t
173	32	/media/services/service173/cover/2373518e-265c-46f7-b07e-c5083befa811.jpg	Crochet 45	32	33	Obispo de La Calzada, Fray Antonio de San Miguel Iglesias, Morelia, Mich., México	virtual	0	5.00	5	2025-08-14 23:52:38.808265	2025-08-14 23:52:38.808291	197	t
168	110	/media/services/service168/cover/6d0cb790-f981-46f8-965a-9f949367c5f1.jpg	Masterchef nivel 2	3	14	Las Americas, Las Américas, Morelia, Mich., México	virtual	341	150.00	3	2025-08-14 00:16:15.721917	2025-08-14 00:16:15.721942	\N	t
174	306	/media/services/service174/cover/55023f86-383b-4089-aa84-83a229bc6471.jpg	Pasear perritos 	3	14	Morelia Michoacán, La Mangana, Ciudad Hidalgo, Mich., México	physical	593	50.00	30	2025-08-19 16:36:20.429067	2025-08-19 16:36:20.429094	\N	t
175	32	/media/services/service175/cover/82468705-e2e9-415c-9979-5974fc3baf7e.jpg	Playita	68	78	Playa Azul, Playa del Carmen, Q.R., México	virtual	0	52.00	5	2025-08-21 19:20:37.445583	2025-08-21 19:20:37.445617	197	t
177	78	/media/services/service177/cover/0e652d8e-012d-4677-8a19-8f80059d5ef7.jpg	Sapos	71	76	Arabian Gulf Street, Kuwait	virtual	0	36.00	1	2025-08-21 19:20:37.445583	2025-08-21 19:20:37.445617	\N	t
178	78	\N	Lectura y escritura	69	88	Las Americas, Las Américas, Morelia, Mich., México	virtual	0	36.00	2	2025-08-21 19:20:37.445583	2025-08-21 19:20:37.445616	\N	t
179	129	media/services/service179/cover_8e539e06-64a2-4070-84e4-cc3dc08e80d1.jpg	Otro Servicio Para Prueba Search	1	1	Prolongacion Puertos Mexicanos	virtual	100	100.00	10	2025-08-22 04:34:52.118505	2025-08-22 04:34:52.118542	211	t
180	32	/media/services/service180/cover/1dc604a4-b0f5-461e-abce-a5599003f045.jpg	Perritos paseo	3	14	Batalla de Casa Mata, Chapultepec Sur, Morelia, Mich., México	virtual	0	52.00	5	2025-08-22 15:50:30.650407	2025-08-22 15:50:30.650445	164	t
181	129	media/services/service181/cover_3e0f7032-7b29-435a-b494-2e62bd71a814.jpg	Otro Servicio Para Prueba Search	1	1	Prolongacion Puertos Mexicanos	virtual	100	100.00	10	2025-08-22 15:50:30.650407	2025-08-22 15:50:30.650445	164	t
182	129	media/services/service182/cover_a7963a15-4f16-4c88-8488-42a4149bcbf6.jpg	hoy	1	1	Prolongacion Puertos Mexicanos	virtual	100	100.00	10	2025-08-22 15:50:30.650407	2025-08-22 15:50:30.650445	211	t
183	110	\N	Cambio de monedas	25	74	Las Flores, Temperley, Provincia de Buenos Aires, Argentina	virtual	0	5.00	1	2025-08-22 15:50:30.650407	2025-08-22 15:50:30.650444	234	t
\.


--
-- Data for Name: support_assist_requests; Type: TABLE DATA; Schema: public; Owner: canteradigitalio_bateradmin
--

COPY public.support_assist_requests (id, user_id, folio_number, contact_email, contact_number, requested_at, reason, description, completed_status, response, status, agent_id, in_progress_at, completed_at, group_id, owner_type) FROM stdin;
2	2	246004	alexneftali94@gmail.com	4433309280	2025-04-10 15:24:08.606958	test reason 2	test description 2	f	\N	pending	\N	\N	\N	\N	customer
3	2	148111	test@gmail.com	4434151667	2025-04-10 15:24:08.606958	test reason	test description	f	\N	pending	\N	\N	\N	\N	customer
41	92	376700	pruebasqa2@yopmail.com	5421884545	2025-04-22 17:55:18.507087	Nomas 1	hola	f	\N	pending	\N	\N	\N	\N	customer
39	92	211476	pruebasqa2@yopmail.com	7861273445	2025-04-22 17:55:45.261574	nomas 2	hola, cómo estás?	f	\N	pending	\N	\N	\N	\N	customer
4	56	245896	pjuarez@canteradigital.mx	4433443344	2025-04-10 18:29:27.849644	avc	abcdeb	f	\N	pending	\N	\N	\N	\N	customer
6	56	339890	pjuarez@canteradigital.mx	4433443344	2025-04-10 15:24:08.606958	avc	abcdeb	f	\N	pending	\N	\N	\N	\N	customer
7	56	271284	pjuarez@canteradigital.mx	4433443344	2025-04-10 15:24:08.606958	avc	abcdeb	f	\N	pending	\N	\N	\N	\N	customer
8	56	266063	pjuarez@canteradigital.mx	4433443344	2025-04-10 15:24:08.606958	avc	abcdeb	f	\N	pending	\N	\N	\N	\N	customer
5	56	320574	pjuarez@canteradigital.mx	4433443344	2025-04-10 19:00:10.913024	no funciona :c	abcdeb	f	\N	pending	\N	\N	\N	\N	customer
10	32	158325	raulapariciomu@gmail.com	4435292030	2025-04-10 15:24:08.606958	popo	xydufufugigigigig igogi	f	\N	pending	\N	\N	\N	\N	customer
17	81	228619	testerqa02@yopmail.com	1475744649	2025-04-15 18:41:02.565864	babis usa	Jajajajja	f	\N	pending	\N	\N	\N	\N	customer
18	81	117185	testerqa02@yopmail.com	1475744649	2025-04-15 18:41:02.565864	babis usa	Jajajajja	f	\N	pending	\N	\N	\N	\N	customer
19	81	221017	testerqa02@yopmail.com	4444444444	2025-04-15 18:41:02.565864	repetición	kskskskskksns	f	\N	pending	\N	\N	\N	\N	customer
20	81	130937	testerqa02@yopmail.com	4444444444	2025-04-15 18:41:02.565864	repetición	kskskskskksns	f	\N	pending	\N	\N	\N	\N	customer
21	81	641707	testerqa02@yopmail.com	4444444444	2025-04-15 18:41:02.565864	repetición	kskskskskksns	f	\N	pending	\N	\N	\N	\N	customer
22	81	160169	testerqa02@yopmail.com	4444444444	2025-04-15 18:41:02.565864	repetición	kskskskskksns	f	\N	pending	\N	\N	\N	\N	customer
23	81	104389	testerqa02@yopmail.com	4444444444	2025-04-15 18:41:02.565864	repetición	kskskskskksns	f	\N	pending	\N	\N	\N	\N	customer
24	81	199868	testerqa02@yopmail.com	4444444444	2025-04-15 18:41:02.565864	repetición	kskskskskksns	f	\N	pending	\N	\N	\N	\N	customer
42	92	190867	pruebasqa2@yopmail.com	5218484669	2025-04-22 17:55:53.465169	nomas 3	hola	f	\N	pending	\N	\N	\N	\N	customer
14	81	130872	testerqa02@yopmail.com	4433013964	2025-04-15 20:40:54.044365	jdjsjsns editado	h dxunexyndybd	f	\N	pending	\N	\N	\N	\N	customer
15	81	127382	testerqa02@yopmail.com	1475744649	2025-04-15 20:42:45.97036	babis editado	Jajajajja	f	\N	pending	\N	\N	\N	\N	customer
16	81	310163	testerqa02@yopmail.com	1475744649	2025-04-15 20:43:02.03761	babis editado	Jajajajja	f	\N	pending	\N	\N	\N	\N	customer
13	81	232042	testerqa02@yopmail.com	4433013964	2025-04-15 20:43:56.524623	editado djdjd	jbdeseinedineinedundwnudeunefune editado\n	f	\N	pending	\N	\N	\N	\N	customer
25	81	166914	testerqa02@yopmail.com	6666666666	2025-04-15 18:41:02.565864	nuevo reporte	babsbsbsbbss	f	\N	pending	\N	\N	\N	\N	customer
26	81	314834	testerqa02@yopmail.com	0000000000	2025-04-15 18:41:02.565864	no se ve el reporte	bzbsbsbsjs	f	\N	pending	\N	\N	\N	\N	customer
27	81	308578	testerqa02@yopmail.com	4444444444	2025-04-15 18:41:02.565864	otro más 	hsjsjsjsbas	f	\N	pending	\N	\N	\N	\N	customer
62	2	162567	test@gmail.com	4434151667	2025-05-02 20:06:08.53834	test reason	test description	f	\N	pending	\N	\N	\N	\N	customer
56	103	134497	seleneip1@yopmail.com	4432170564	2025-05-02 20:06:08.53834	qeqweqw	qweqwe	f	\N	pending	\N	\N	\N	\N	customer
44	92	169286	pruebasqa2@yopmail.com	6454540484	2025-04-21 16:21:34.935945	prueba por 5	hola	f	\N	pending	\N	\N	\N	\N	customer
43	92	103517	pruebasqa2@yopmail.com	3452184546	2025-04-22 17:56:07.067028	nomas 4	hola	f	\N	pending	\N	\N	\N	\N	customer
40	92	240358	pruebasqa2@yopmail.com	7894521846	2025-04-22 17:53:49.752343	No me cargó por uno 	hola esta es una prueba.          \n\n\n\njajaba	f	\N	pending	\N	\N	\N	\N	customer
45	92	316565	pruebasqa2@yopmail.com	8455484580	2025-04-21 16:21:34.935945	nomas 7	GPS\n	f	\N	pending	\N	\N	\N	\N	customer
63	2	333800	test@gmail.com	4434151667	2025-05-02 20:06:08.53834	test reason	test description	f	\N	pending	\N	\N	\N	\N	customer
64	2	274135	test@gmail.com	4434151667	2025-05-05 23:31:05.720884	test reason 6	test description	f	\N	pending	\N	\N	\N	\N	customer
65	2	354017	test@gmail.com	4434151667	2025-05-05 23:31:17.071181	test reason 9	test description	f	\N	pending	\N	\N	\N	\N	customer
53	23	186016	jgioguerra@icloud.com	4431289868	2025-04-24 18:15:26.220925	nada	nada	f	\N	pending	\N	\N	\N	\N	customer
11	23	289401	jgioguerra@icloud.com	4431289868	2025-04-25 16:13:00.871147	algo no me gusta	vbjjnjjk	f	\N	pending	\N	\N	\N	\N	customer
54	23	312735	jgioguerra@icloud.com	4431289857	2025-04-24 18:15:26.220925	prueba	prueba	f	\N	pending	\N	\N	\N	\N	customer
57	104	273331	canteraDigital1@icloud.com	4432888888	2025-05-02 20:06:08.53834	chg	Chávez	f	\N	pending	\N	\N	\N	\N	customer
58	23	550474	jgioguerra@icloud.com	4431286598	2025-05-02 20:06:08.53834	prueba 	prueba par ver la fecha 	f	\N	pending	\N	\N	\N	\N	customer
60	23	183772	jgioguerra@icloud.com	5555555555	2025-05-02 20:06:08.53834	otra prueba 	otra prueba 	f	\N	pending	\N	\N	\N	\N	customer
67	76	177726	jessepelayo@gmail.com	3232757354	2025-06-23 19:34:36.393639	support	need help	t	Prueba	completed	270	2025-07-08 21:31:28.190438	2025-07-09 00:16:47.527244	\N	customer
51	32	256860	raulapariciomu@gmail.com	4435200933	2025-07-10 04:06:35.666157	hhhhola	hhhholaaaaa	t	yu	completed	275	2025-07-11 20:05:21.59852	2025-07-28 14:12:07.253829	\N	customer
52	23	334126	jgioguerra@icloud.com	4431289868	2025-05-05 23:40:21.59889	No me gusta la app :c	No me gusta.	t	si es	completed	269	2025-07-09 15:47:26.899698	2025-07-10 03:49:52.026382	\N	customer
61	23	331793	jgioguerra@icloud.com	5555555555	2025-05-05 23:39:55.295846	otra prueba 	otra prueba …………	f	\N	in_progress	270	2025-07-10 03:50:16.633009	\N	\N	customer
9	32	260006	raulapariciomu@gmail.com	4435200300	2025-07-10 04:06:22.356894	hhhh	vhhhhh	f	\N	pending	\N	\N	\N	\N	customer
70	280	269759	ramon@yopmail.com	4454342345	2025-07-26 01:19:20.088649	fafafa	fafafaf	t	Todo bien	completed	276	2025-07-28 18:40:44.78448	2025-07-28 18:41:00.785893	\N	customer
1	2	131187	alexneftali94@gmail.com	4433309280	2025-04-10 15:24:08.606958	test reason	test description	t	jjijij	completed	272	2025-07-10 03:25:55.60186	2025-07-12 03:31:01.35826	\N	customer
68	32	274677	raulapariciomu@gmail.com	9666666666	2025-07-20 05:13:04.571751	gg	hhh	t	todo good	completed	291	2025-07-28 19:45:58.263887	2025-07-28 19:50:00.436567	\N	customer
69	287	110379	testing@gmail.com	4434121513	2025-07-25 19:30:05.556584	f	fa	t	listo	completed	252	2025-07-28 18:41:23.472264	2025-07-28 19:45:29.462135	\N	customer
66	17	330000	jgioguerra@gmail.com	4433443344	2025-05-14 16:10:24.502226	test	test	f	\N	in_progress	270	2025-07-29 00:26:13.062693	\N	\N	customer
72	80	245646	barterfilqa02@yopmail.com	5555555555	2025-07-30 00:27:26.551712	pruebas	 jefe Edy Edy es jesu	f	\N	pending	\N	\N	\N	70	customer
71	32	593945	raulapariciomu@gmail.com	4435202030	2025-07-29 15:59:00.366846	Error login	no puedo entrar a mi cuenta 	t	Listo	completed	293	2025-07-29 15:59:30.524955	2025-07-29 15:59:44.419919	78	customer
73	285	792096	test@gmail.com	4432321234	2025-07-30 19:31:01.870365	wfxd	ffas	t	user	completed	293	2025-07-31 02:17:22.631744	2025-07-31 19:49:55.535656	160	customer
74	110	121139	ramoonramirez.369@gmail.com	6666666666	2025-07-31 18:53:36.714774	un motivo	esta es una prueba de soporte 	t	regreg	completed	293	2025-08-04 23:01:59.656382	2025-08-04 23:16:09.191801	156	customer
76	110	283176	ramoonramirez.369@gmail.com	4444444444	2025-07-31 19:11:34.750729	quería geznydznyzengzengz de dy deyebdydrbdeybdebyedbyedbyedbdybdyebdtebxebxeybxetebdt	yjs4nyesynednyednyedynedye yxe ydeyr xye ye xye xyex yr xyex yedra ext ed tde yde deted yed tde yde exyxey e yxtex yde yed tedt ex tdey de tzey ex tze yze yez yez tez tze yze yzey ezy ez yezy. eyz yze yze yez yezyezbbzyezey y zey zebyzebyzebyzenyeznyeznyezybezy ze tzey ezbyenzyyenzyenzye zet ztebzetbtzebtzrybrzbtzrbzey zet zy ezy ez yzey ezy ez yzet ez yezy ezy zey ze	t	deowidjwedoiwj	completed	267	2025-07-31 19:16:11.057191	2025-07-31 19:17:55.825373	156	customer
75	23	626360	jgioguerra@icloud.com	4431289868	2025-07-31 19:05:02.150727	prueba de tickets 	prueba de tickets 	t	32121313	completed	267	2025-07-31 19:16:46.737035	2025-07-31 19:36:52.05293	53	customer
79	32	233018	raulapariciomu@gmail.com	4432531088	2025-08-04 16:03:39.81949	problemas gatudos	problemas de gatos 	t	regresar varo	completed	293	2025-08-04 21:05:03.101099	2025-08-04 21:05:42.21435	164	customer
77	23	358431	jgioguerra@icloud.com	4431289838	2025-08-01 22:07:08.287771	test	testsjnfj	t	No se	completed	293	2025-08-04 22:43:59.051236	2025-08-04 22:44:49.334561	53	customer
78	129	211545	user@example.com	string	2025-08-02 03:39:47.42208	string	string	t	vrevrever	completed	293	2025-08-04 21:06:19.559955	2025-08-04 23:02:23.701763	64	customer
80	110	188503	ramoonramirez.369@gmail.com	6666666666	2025-08-05 19:23:54.190198	Este es el motivo más largo bsbsjsbbsbsbsbsbsbsbsbsbsbsbnsnsnsnsnsbsnsnsjjsjsnsnsnsnsnsbsbsbsbsnbs	ehebsbshshehshsjjsjsjwjsbsbwsjsiajsbsnsnjsssjjsbsnsnsnsnsbnss dbds s su sj aj sjs j s sj sj sj sj sj sjsjs js js sjjs jsjs ja ajaj aj aj aj aj aj aj aj sj sh hd hr uf cu idbjw jd ir or hx a ps osg do sotcspusvistcsitecustcajhs di so soh siys is osu soy oha oa os soy soy aoa oua ousboysv9a oay so aps osu os7vso7vaoav9uav9suvs9 oa oabaou a0u a9ua a ova oua oa ua uso ua9 ua 9u9au u so ha y9a ouoau auo o ua	f	\N	pending	\N	\N	\N	156	customer
81	32	277734	raulapariciomu@gmail.com	4443333333	2025-08-12 04:26:37.96184	casa	problemas app	f	\N	pending	\N	\N	\N	189	customer
82	32	245482	raulapariciomu@gmail.com	4435292030	2025-08-12 16:07:13.286598	peso	peso pluma	f	\N	pending	\N	\N	\N	182	customer
\.


--
-- Data for Name: token_algorithm_params; Type: TABLE DATA; Schema: public; Owner: canteradigitalio_bateradmin
--

COPY public.token_algorithm_params (id, tarifa_base, factor_tiempo, nivel_habilidad, multiplicador_demanda, ajuste_regional, is_active, created_at, updated_at) FROM stdin;
1	1	1	10	10	10	t	2025-07-28 12:38:45.714951	2025-07-28 12:38:45.714956
\.


--
-- Data for Name: token_history; Type: TABLE DATA; Schema: public; Owner: canteradigitalio_bateradmin
--

COPY public.token_history (id, user_id, transaction_type, description, status, token_pack_id, payment_intent_id, payment_method_id, created_at, updated_at) FROM stdin;
1	110	purchase	Pack 1	incomplete	1	pi_3RRd11PujRyN8lA011N2flz2	\N	2025-05-22 17:34:48.196546+00	2025-05-22 17:34:48.19655+00
2	110	purchase	Pack 1	incomplete	1	pi_3RRd15PujRyN8lA02KgdkFaN	\N	2025-05-22 17:34:51.667189+00	2025-05-22 17:34:51.667194+00
3	110	purchase	Pack 2	incomplete	2	pi_3RRd61PujRyN8lA005VMcgka	\N	2025-05-22 17:39:57.5105+00	2025-05-22 17:39:57.510505+00
4	110	purchase	Pack 2	incomplete	2	pi_3RRd6BPujRyN8lA02L6HfvBl	\N	2025-05-22 17:40:07.646921+00	2025-05-22 17:40:07.646925+00
5	110	purchase	Pack 2	incomplete	2	pi_3RRd6DPujRyN8lA018b1NqTI	\N	2025-05-22 17:40:09.928743+00	2025-05-22 17:40:09.928747+00
6	110	purchase	Pack 2	incomplete	2	pi_3RRd6GPujRyN8lA02zPfb1BR	\N	2025-05-22 17:40:12.267381+00	2025-05-22 17:40:12.267387+00
7	100	purchase	Pack 1	incomplete	1	pi_3RS4qsPujRyN8lA01pLI5XUT	\N	2025-05-23 23:18:10.291211+00	2025-05-23 23:18:10.291217+00
8	100	purchase	Pack test	incomplete	3	pi_3RS4rcPujRyN8lA00t4o6zNS	\N	2025-05-23 23:18:56.40111+00	2025-05-23 23:18:56.401115+00
9	32	purchase	Pack 1	incomplete	1	pi_3RS8qOPujRyN8lA02OQnpree	\N	2025-05-24 03:33:57.069825+00	2025-05-24 03:33:57.069829+00
10	32	purchase	Pack 1	incomplete	1	pi_3RS8qRPujRyN8lA02IcVmn5W	\N	2025-05-24 03:33:59.875431+00	2025-05-24 03:33:59.875436+00
11	23	purchase	Pack 1	incomplete	1	pi_3RT6zGPujRyN8lA01kOOr8Da	\N	2025-05-26 19:47:06.526126+00	2025-05-26 19:47:06.526131+00
12	23	purchase	Pack 1	succeeded	1	pi_3RT6zdPujRyN8lA023tP24Um	pm_1RQczZPujRyN8lA0K4SpD4sc	2025-05-26 19:47:29.10016+00	2025-05-26 19:47:31.384568+00
13	23	purchase	Pack 2	incomplete	2	pi_3RT8k4PujRyN8lA01m3IdPXM	\N	2025-05-26 21:39:32.748493+00	2025-05-26 21:39:32.748498+00
14	23	purchase	Pack test	incomplete	3	pi_3RT8kbPujRyN8lA01TZJNf5W	\N	2025-05-26 21:40:05.59856+00	2025-05-26 21:40:05.598565+00
15	23	purchase	Pack 2	succeeded	2	pi_3RT8rSPujRyN8lA02ZbeNr9h	pm_1RQczZPujRyN8lA0K4SpD4sc	2025-05-26 21:47:10.536927+00	2025-05-26 21:47:12.940788+00
16	127	purchase	Pack 1	incomplete	1	pi_3RTaiLPujRyN8lA02atARO6V	\N	2025-05-28 03:31:38.098463+00	2025-05-28 03:31:38.09847+00
17	23	purchase	Pack 1	succeeded	1	pi_3RTnJqPujRyN8lA01Rz7eZcH	pm_1RQczZPujRyN8lA0K4SpD4sc	2025-05-28 16:59:10.697908+00	2025-05-28 16:59:13.009839+00
18	80	purchase	Pack 1	incomplete	1	pi_3RTnKaPujRyN8lA00BH6KvzK	\N	2025-05-28 16:59:56.629049+00	2025-05-28 16:59:56.629053+00
19	17	purchase	Pack 1	incomplete	1	pi_3RUdXoPujRyN8lA01d8kF9au	\N	2025-05-31 00:45:04.708385+00	2025-05-31 00:45:04.708391+00
20	131	purchase	Pack testing	incomplete	4	pi_3RWHzMPujRyN8lA00rpxPTbg	\N	2025-06-04 14:08:20.686279+00	2025-06-04 14:08:20.686286+00
21	131	purchase	Pack testing	incomplete	4	pi_3RWHzRPujRyN8lA01SgjE7yp	\N	2025-06-04 14:08:25.60819+00	2025-06-04 14:08:25.608196+00
22	23	purchase	Pack 1	succeeded	1	pi_3RWK3xPujRyN8lA00zWmjn6q	pm_1RQczZPujRyN8lA0K4SpD4sc	2025-06-04 16:21:13.111594+00	2025-06-04 16:21:16.903569+00
23	32	purchase	Pack 1	incomplete	1	pi_3RWK7WPujRyN8lA00r7PhELE	\N	2025-06-04 16:24:53.904918+00	2025-06-04 16:24:53.904923+00
24	32	purchase	Pack 1	incomplete	1	pi_3RWK7ZPujRyN8lA02SBBusxt	\N	2025-06-04 16:24:56.957607+00	2025-06-04 16:24:56.957612+00
25	23	purchase	Pack 1	succeeded	1	pi_3RWMf7PujRyN8lA010MIb4e0	pm_1RQczZPujRyN8lA0K4SpD4sc	2025-06-04 19:07:46.12234+00	2025-06-04 19:07:48.464182+00
26	23	purchase	Pack 1	succeeded	1	pi_3RWMg0PujRyN8lA00uSs3vFW	pm_1RQczZPujRyN8lA0K4SpD4sc	2025-06-04 19:08:40.940444+00	2025-06-04 19:08:42.82618+00
27	23	purchase	Pack 1	succeeded	1	pi_3RWMhLPujRyN8lA029KXFNtP	pm_1RQczZPujRyN8lA0K4SpD4sc	2025-06-04 19:10:03.17692+00	2025-06-04 19:10:05.60807+00
28	23	purchase	Pack 1	succeeded	1	pi_3RWMi7PujRyN8lA01MVLTZcc	pm_1RQczZPujRyN8lA0K4SpD4sc	2025-06-04 19:10:51.62742+00	2025-06-04 19:10:53.634369+00
29	23	purchase	Pack test	succeeded	3	pi_3Regh0PujRyN8lA00dqUjh7B	pm_1RQczZPujRyN8lA0K4SpD4sc	2025-06-27 18:08:06.684641+00	2025-06-27 18:08:09.391352+00
30	280	purchase	Pack 1	succeeded	1	pi_3RlEHAPujRyN8lA00yLp7x0n	pm_1RlEFlPujRyN8lA0i5Nqoo16	2025-07-15 19:12:28.15189+00	2025-07-15 19:12:30.522091+00
31	280	purchase	Pack 1	incomplete	1	pi_3Rle8GPujRyN8lA00ImJ34EP	\N	2025-07-16 22:49:00.69765+00	2025-07-16 22:49:00.697655+00
32	280	purchase	Pack 1	incomplete	1	pi_3RleBkPujRyN8lA00RjlnA1q	\N	2025-07-16 22:52:36.182128+00	2025-07-16 22:52:36.182133+00
33	280	purchase	Pack 1	succeeded	1	pi_3RleCIPujRyN8lA02MZcQynj	pm_1RlEFlPujRyN8lA0i5Nqoo16	2025-07-16 22:53:10.163446+00	2025-07-16 22:53:11.819579+00
34	280	purchase	Pack 1	succeeded	1	pi_3RlesIPujRyN8lA025iknvyb	pm_1RlEFlPujRyN8lA0i5Nqoo16	2025-07-16 23:36:35.063594+00	2025-07-16 23:36:36.613355+00
35	128	purchase	Pack 1	incomplete	1	pi_3RlwP9PujRyN8lA01alJ857T	\N	2025-07-17 18:19:39.305046+00	2025-07-17 18:19:39.305052+00
36	32	purchase	Pack 2	succeeded	2	pi_3RmogiPujRyN8lA02tWc8dEo	pm_1RmogZPujRyN8lA0flCnESX0	2025-07-20 04:17:24.324785+00	2025-07-20 04:17:27.548057+00
37	32	purchase	Pack 1	succeeded	1	pi_3RmohEPujRyN8lA01thTEMsM	pm_1RmogZPujRyN8lA0flCnESX0	2025-07-20 04:17:56.23594+00	2025-07-20 04:17:59.085039+00
38	32	purchase	Pack 1	succeeded	1	pi_3RmokJPujRyN8lA02QDBs5cq	pm_1RmogZPujRyN8lA0flCnESX0	2025-07-20 04:21:07.336504+00	2025-07-20 04:21:11.040435+00
39	23	purchase	Delete package	succeeded	7	pi_3RpybSPujRyN8lA00VGh2HDd	pm_1RQczZPujRyN8lA0K4SpD4sc	2025-07-28 21:29:02.699471+00	2025-07-28 21:29:04.455614+00
40	32	purchase	Pack 2	succeeded	2	pi_3RrQYpPujRyN8lA02ifx3H6N	pm_1RmpbLPujRyN8lA0vfSvGd9G	2025-08-01 21:32:19.939084+00	2025-08-01 21:32:22.502566+00
41	110	purchase	Pack 1	succeeded	1	pi_3RrS1gPujRyN8lA01S67BLLN	pm_1RnT7dPujRyN8lA0md11el3B	2025-08-01 23:06:12.36925+00	2025-08-01 23:06:14.698105+00
42	110	purchase	Paque te alcance	succeeded	3	pi_3RrSTPPujRyN8lA01aWW6agl	pm_1RnT7dPujRyN8lA0md11el3B	2025-08-01 23:34:51.670793+00	2025-08-01 23:34:53.812712+00
43	110	purchase	Delete package	succeeded	7	pi_3RrSUBPujRyN8lA012EHVDXr	pm_1RnT7dPujRyN8lA0md11el3B	2025-08-01 23:35:39.289356+00	2025-08-01 23:35:41.913852+00
44	110	purchase	Buen Fin	succeeded	6	pi_3RrSXsPujRyN8lA00zZQCPpq	pm_1RrSXEPujRyN8lA07QD5g8oN	2025-08-01 23:39:28.940956+00	2025-08-01 23:39:31.073931+00
45	32	purchase	Paque te alcance	succeeded	3	pi_3RsQf1PujRyN8lA02hgEtImY	pm_1RmpbLPujRyN8lA0vfSvGd9G	2025-08-04 15:50:51.761834+00	2025-08-04 15:50:54.436861+00
46	110	purchase	Paque te alcance	succeeded	3	pi_3RsTzsPujRyN8lA02WBhe6j2	pm_1RrSXEPujRyN8lA07QD5g8oN	2025-08-04 19:24:36.231877+00	2025-08-04 19:24:38.559536+00
47	32	purchase	Paque te alcance	succeeded	3	pi_3RtZpiPujRyN8lA00IDIe7m6	pm_1RmpbLPujRyN8lA0vfSvGd9G	2025-08-07 19:50:38.945161+00	2025-08-07 19:50:41.657581+00
48	299	purchase	Pack 1	succeeded	1	pi_3RtxJDPujRyN8lA00XlcAGkO	pm_1RtxG9PujRyN8lA06590k40w	2025-08-08 20:54:39.344276+00	2025-08-08 20:54:40.636277+00
49	299	purchase	Pack 1	succeeded	1	pi_3RtxUdPujRyN8lA01nlWeTxH	pm_1RtxG9PujRyN8lA06590k40w	2025-08-08 21:06:27.40321+00	2025-08-08 21:06:28.819734+00
50	299	purchase	Pack 1	succeeded	1	pi_3RtxVUPujRyN8lA01Yhprfa9	pm_1RtxG9PujRyN8lA06590k40w	2025-08-08 21:07:20.211256+00	2025-08-08 21:07:21.626618+00
51	299	purchase	Pack 1	succeeded	1	pi_3RtxchPujRyN8lA02Rb1hBh1	pm_1RtxG9PujRyN8lA06590k40w	2025-08-08 21:14:47.210227+00	2025-08-08 21:14:48.380363+00
52	299	purchase	Pack 1	succeeded	1	pi_3RtyCWPujRyN8lA02fFOav9J	pm_1RtxG9PujRyN8lA06590k40w	2025-08-08 21:51:49.049078+00	2025-08-08 21:51:53.035907+00
53	299	purchase	Pack 1	succeeded	1	pi_3RtyDlPujRyN8lA01BL83gFJ	pm_1RtxG9PujRyN8lA06590k40w	2025-08-08 21:53:05.559773+00	2025-08-08 21:53:07.702517+00
54	299	purchase	Pack 1	succeeded	1	pi_3RtyGpPujRyN8lA01dVkqms6	pm_1RtxG9PujRyN8lA06590k40w	2025-08-08 21:56:15.462836+00	2025-08-08 21:56:17.746064+00
55	32	purchase	Paque te alcance	succeeded	3	pi_3Rtz5PPujRyN8lA01XSV0Q6D	pm_1RmpbLPujRyN8lA0vfSvGd9G	2025-08-08 22:48:31.410391+00	2025-08-08 22:48:33.968601+00
56	299	purchase	Pack 1	succeeded	1	pi_3RuKk4PujRyN8lA00dCCJgbB	pm_1RtxG9PujRyN8lA06590k40w	2025-08-09 21:55:56.895873+00	2025-08-09 21:55:59.656672+00
57	32	purchase	Hola	succeeded	10	pi_3Rv4VSPujRyN8lA01ODDo7wV	pm_1RmpbLPujRyN8lA0vfSvGd9G	2025-08-11 22:47:54.594404+00	2025-08-11 22:47:57.230397+00
58	32	purchase	Paque te alcance	succeeded	3	pi_3Rv4VpPujRyN8lA02cJxWHc4	pm_1RmpbLPujRyN8lA0vfSvGd9G	2025-08-11 22:48:17.924966+00	2025-08-11 22:48:20.014027+00
59	32	purchase	Pack 1	succeeded	1	pi_3RvsglPujRyN8lA02m43XJNU	pm_1RmpbLPujRyN8lA0vfSvGd9G	2025-08-14 04:22:55.658626+00	2025-08-14 04:22:58.376629+00
60	32	purchase	Pack testing	succeeded	4	pi_3Rvsh0PujRyN8lA01u8o3epc	pm_1RmpbLPujRyN8lA0vfSvGd9G	2025-08-14 04:23:10.37214+00	2025-08-14 04:23:12.386908+00
61	303	purchase	Hola	succeeded	10	pi_3Rw79NPujRyN8lA02FfrOtmD	pm_1Rw79IPujRyN8lA09MFSPF2U	2025-08-14 19:49:25.6308+00	2025-08-14 19:49:28.385384+00
62	303	purchase	Buen Fin	succeeded	6	pi_3Rw79mPujRyN8lA01mHZQ2Ce	pm_1Rw79IPujRyN8lA09MFSPF2U	2025-08-14 19:49:51.075971+00	2025-08-14 19:49:53.208523+00
63	32	purchase	Prueba	succeeded	9	pi_3RygdrPujRyN8lA02msfVTy0	pm_1RmpbLPujRyN8lA0vfSvGd9G	2025-08-21 22:07:30.752583+00	2025-08-21 22:07:33.289387+00
64	32	purchase	Pack testing	succeeded	4	pi_3Ryh7APujRyN8lA01vB0mPLe	pm_1RmpbLPujRyN8lA0vfSvGd9G	2025-08-21 22:37:49.251103+00	2025-08-21 22:37:51.432455+00
65	32	purchase	Pack testing	succeeded	4	pi_3Ryh7lPujRyN8lA02WTBiLfU	pm_1RmpbLPujRyN8lA0vfSvGd9G	2025-08-21 22:38:25.372518+00	2025-08-21 22:38:27.2451+00
66	32	purchase	Pack testing	succeeded	4	pi_3RyxWEPujRyN8lA01sGBq8m0	pm_1RmpbLPujRyN8lA0vfSvGd9G	2025-08-22 16:08:46.681805+00	2025-08-22 16:08:49.081783+00
\.


--
-- Data for Name: token_operations; Type: TABLE DATA; Schema: public; Owner: canteradigitalio_bateradmin
--

COPY public.token_operations (id, user_id, token_purchase_id, action, transaction_type, tokens_obtained, tokens_spent, held_tokens, available_tokens, created_at, updated_at, reason, group_id) FROM stdin;
1	23	\N	spent	service_consumption	0.00	0.00	50.00	0.00	2025-06-02 18:33:51.081661	2025-06-02 18:33:51.081664	\N	\N
2	23	\N	spent	service_consumption	0.00	50.00	0.00	0.00	2025-06-02 19:26:28.270714	2025-06-02 19:26:28.270718	\N	\N
3	129	\N	purchase	service_provision	50.00	0.00	0.00	0.00	2025-06-02 19:26:28.28083	2025-06-02 19:26:28.280833	\N	\N
4	23	\N	spent	service_consumption	0.00	0.00	50.00	0.00	2025-06-02 19:39:37.640768	2025-06-02 19:39:37.640772	\N	\N
5	23	\N	purchase	service_consumption	50.00	0.00	0.00	0.00	2025-06-02 20:38:55.418093	2025-06-02 20:38:55.418097	\N	\N
6	23	\N	spent	service_consumption	0.00	0.00	50.00	0.00	2025-06-02 20:44:24.770588	2025-06-02 20:44:24.770591	\N	\N
7	131	\N	purchase	courtesy_tokens	100.00	0.00	0.00	100.00	2025-06-04 14:04:43.891321	2025-06-04 14:04:43.891326	\N	\N
8	23	\N	spent	service_consumption	0.00	0.00	40.00	0.00	2025-06-04 16:13:43.317274	2025-06-04 16:13:43.317278	\N	\N
9	23	\N	spent	service_consumption	0.00	40.00	0.00	0.00	2025-06-04 16:14:40.428611	2025-06-04 16:14:40.428614	\N	\N
10	17	\N	purchase	service_provision	40.00	0.00	0.00	0.00	2025-06-04 16:14:40.435565	2025-06-04 16:14:40.435569	\N	\N
11	32	\N	purchase	service_consumption	50.00	0.00	0.00	0.00	2025-06-04 16:15:54.806094	2025-06-04 16:15:54.806097	\N	\N
12	23	22	purchase	purchase	1000.00	0.00	0.00	1000.00	2025-06-04 16:21:16.912861	2025-06-04 16:21:16.912864	\N	\N
13	32	\N	spent	service_consumption	0.00	0.00	40.00	0.00	2025-06-04 16:23:01.655117	2025-06-04 16:23:01.655121	\N	\N
14	132	\N	purchase	courtesy_tokens	100.00	0.00	0.00	100.00	2025-06-04 18:16:03.952558	2025-06-04 18:16:03.952563	\N	\N
15	133	\N	purchase	courtesy_tokens	100.00	0.00	0.00	100.00	2025-06-04 18:51:46.273354	2025-06-04 18:51:46.273358	\N	\N
16	23	25	purchase	purchase	1000.00	0.00	0.00	1000.00	2025-06-04 19:07:48.471417	2025-06-04 19:07:48.47142	\N	\N
17	23	26	purchase	purchase	1000.00	0.00	0.00	1000.00	2025-06-04 19:08:42.833657	2025-06-04 19:08:42.83366	\N	\N
18	23	27	purchase	purchase	1000.00	0.00	0.00	1000.00	2025-06-04 19:10:05.615405	2025-06-04 19:10:05.615408	\N	\N
19	23	28	purchase	purchase	1000.00	0.00	0.00	1000.00	2025-06-04 19:10:53.642198	2025-06-04 19:10:53.642202	\N	\N
20	134	\N	purchase	courtesy_tokens	100.00	0.00	0.00	100.00	2025-06-04 23:34:02.846184	2025-06-04 23:34:02.846188	\N	\N
21	134	\N	spent	service_consumption	0.00	0.00	33.00	0.00	2025-06-04 23:34:52.170332	2025-06-04 23:34:52.170336	\N	\N
22	135	\N	purchase	courtesy_tokens	100.00	0.00	0.00	100.00	2025-06-05 00:56:23.633122	2025-06-05 00:56:23.633126	\N	\N
23	134	\N	spent	service_consumption	0.00	0.00	2.00	0.00	2025-06-05 01:45:32.248743	2025-06-05 01:45:32.248747	\N	\N
24	134	\N	spent	service_consumption	0.00	2.00	0.00	0.00	2025-06-05 01:46:27.087383	2025-06-05 01:46:27.087386	\N	\N
25	32	\N	purchase	service_provision	2.00	0.00	0.00	0.00	2025-06-05 01:46:27.094099	2025-06-05 01:46:27.094102	\N	\N
26	134	\N	spent	service_consumption	0.00	0.00	20.00	0.00	2025-06-05 01:53:15.322947	2025-06-05 01:53:15.322951	\N	\N
29	135	\N	spent	service_consumption	0.00	0.00	6.00	0.00	2025-06-05 03:56:27.906316	2025-06-05 03:56:27.90632	\N	\N
30	32	\N	spent	service_consumption	0.00	0.00	2.00	0.00	2025-06-05 14:27:59.380188	2025-06-05 14:27:59.380191	\N	\N
31	76	\N	purchase	courtesy_tokens	10000.00	0.00	0.00	10000.00	2025-06-05 10:28:51.176412	2025-06-05 10:28:51.176412	\N	\N
32	76	\N	spent	service_consumption	0.00	0.00	20.00	0.00	2025-06-05 16:45:00.802707	2025-06-05 16:45:00.802711	\N	\N
33	137	\N	purchase	courtesy_tokens	500.00	0.00	0.00	500.00	2025-06-05 17:13:52.269456	2025-06-05 17:13:52.26946	\N	\N
34	76	\N	spent	service_consumption	0.00	0.00	20.00	0.00	2025-06-05 17:47:15.141513	2025-06-05 17:47:15.141517	\N	\N
35	76	\N	spent	service_consumption	0.00	0.00	20.00	0.00	2025-06-05 17:47:37.91961	2025-06-05 17:47:37.919614	\N	\N
36	76	\N	spent	service_consumption	0.00	0.00	2.00	0.00	2025-06-05 17:54:39.790625	2025-06-05 17:54:39.790643	\N	\N
37	76	\N	spent	service_consumption	0.00	2.00	0.00	0.00	2025-06-05 17:55:28.03543	2025-06-05 17:55:28.035434	\N	\N
38	32	\N	purchase	service_provision	2.00	0.00	0.00	0.00	2025-06-05 17:55:28.043014	2025-06-05 17:55:28.043017	\N	\N
39	23	\N	spent	service_consumption	0.00	0.00	40.00	0.00	2025-06-05 19:04:23.646242	2025-06-05 19:04:23.646247	\N	\N
40	138	\N	purchase	courtesy_tokens	500.00	0.00	0.00	500.00	2025-06-05 19:39:37.129914	2025-06-05 19:39:37.12992	\N	\N
41	139	\N	purchase	courtesy_tokens	500.00	0.00	0.00	500.00	2025-06-05 20:39:25.522654	2025-06-05 20:39:25.522659	\N	\N
42	139	\N	spent	service_consumption	0.00	0.00	2.00	0.00	2025-06-05 20:40:15.367561	2025-06-05 20:40:15.367565	\N	\N
43	139	\N	spent	service_consumption	0.00	0.00	2.00	0.00	2025-06-05 20:40:56.614356	2025-06-05 20:40:56.61436	\N	\N
44	139	\N	spent	service_consumption	0.00	2.00	0.00	0.00	2025-06-05 20:42:17.100148	2025-06-05 20:42:17.100152	\N	\N
45	32	\N	purchase	service_provision	2.00	0.00	0.00	0.00	2025-06-05 20:42:17.107843	2025-06-05 20:42:17.107847	\N	\N
46	139	\N	spent	service_consumption	0.00	0.00	2.00	0.00	2025-06-05 22:42:35.015366	2025-06-05 22:42:35.015371	\N	\N
47	140	\N	purchase	courtesy_tokens	500.00	0.00	0.00	500.00	2025-06-05 22:48:42.091538	2025-06-05 22:48:42.091543	\N	\N
48	141	\N	purchase	courtesy_tokens	500.00	0.00	0.00	500.00	2025-06-05 23:05:02.5031	2025-06-05 23:05:02.503106	\N	\N
49	80	\N	purchase	courtesy_tokens	10000.00	0.00	0.00	10000.00	2025-06-05 18:26:18.543705	2025-06-05 18:26:18.543705	\N	\N
50	139	\N	spent	service_consumption	0.00	2.00	0.00	0.00	2025-06-06 14:28:19.491469	2025-06-06 14:28:19.491472	\N	\N
51	32	\N	purchase	service_provision	2.00	0.00	0.00	0.00	2025-06-06 14:28:19.498586	2025-06-06 14:28:19.498589	\N	\N
52	32	\N	spent	service_consumption	0.00	0.00	5.00	0.00	2025-06-07 02:26:32.402631	2025-06-07 02:26:32.402634	\N	\N
53	76	\N	spent	service_consumption	0.00	0.00	80.00	0.00	2025-06-07 20:21:48.35942	2025-06-07 20:21:48.359424	\N	\N
54	76	\N	spent	service_consumption	0.00	0.00	6.00	0.00	2025-06-07 20:21:58.406406	2025-06-07 20:21:58.40641	\N	\N
55	76	\N	spent	service_consumption	0.00	0.00	20.00	0.00	2025-06-07 20:22:03.370764	2025-06-07 20:22:03.370767	\N	\N
56	76	\N	spent	service_consumption	0.00	0.00	200.00	0.00	2025-06-07 20:22:09.137268	2025-06-07 20:22:09.137272	\N	\N
57	76	\N	spent	service_consumption	0.00	0.00	200.00	0.00	2025-06-07 20:22:12.853111	2025-06-07 20:22:12.853116	\N	\N
58	76	\N	spent	service_consumption	0.00	0.00	200.00	0.00	2025-06-07 20:22:16.434376	2025-06-07 20:22:16.43438	\N	\N
59	76	\N	spent	service_consumption	0.00	0.00	50.00	0.00	2025-06-07 20:22:22.513076	2025-06-07 20:22:22.51308	\N	\N
60	76	\N	spent	service_consumption	0.00	0.00	40.00	0.00	2025-06-07 20:22:38.468504	2025-06-07 20:22:38.468507	\N	\N
61	76	\N	spent	service_consumption	0.00	0.00	200.00	0.00	2025-06-07 20:22:42.897647	2025-06-07 20:22:42.897652	\N	\N
62	76	\N	spent	service_consumption	0.00	0.00	40.00	0.00	2025-06-07 23:01:40.798643	2025-06-07 23:01:40.798646	\N	\N
63	32	\N	spent	service_consumption	0.00	0.00	3.00	0.00	2025-06-09 14:35:55.387974	2025-06-09 14:35:55.387979	\N	\N
64	80	\N	spent	service_consumption	0.00	0.00	50.00	0.00	2025-06-09 19:22:21.843713	2025-06-09 19:22:21.843718	\N	\N
65	32	\N	purchase	courtesy_tokens	10000.00	0.00	0.00	10008.00	2025-06-09 13:39:57.476964	2025-06-09 13:39:57.476964	\N	\N
66	80	\N	spent	service_consumption	0.00	0.00	50.00	0.00	2025-06-09 19:50:03.62624	2025-06-09 19:50:03.626243	\N	\N
67	32	\N	spent	service_consumption	0.00	0.00	100.00	0.00	2025-06-09 19:52:10.977847	2025-06-09 19:52:10.97785	\N	\N
68	80	\N	spent	service_consumption	0.00	0.00	100.00	0.00	2025-06-10 00:49:03.137714	2025-06-10 00:49:03.137718	\N	\N
69	80	\N	spent	service_consumption	0.00	100.00	0.00	0.00	2025-06-10 00:51:14.885969	2025-06-10 00:51:14.885973	\N	\N
70	110	\N	purchase	service_provision	100.00	0.00	0.00	0.00	2025-06-10 00:51:14.892726	2025-06-10 00:51:14.892729	\N	\N
71	32	\N	purchase	service_consumption	100.00	0.00	0.00	0.00	2025-06-10 00:52:09.458169	2025-06-10 00:52:09.458172	\N	\N
72	94	\N	purchase	courtesy_tokens	10000.00	0.00	0.00	10000.00	2025-06-09 19:00:33.871326	2025-06-09 19:00:33.871326	\N	\N
73	123	\N	spent	service_consumption	0.00	0.00	2.00	0.00	2025-06-11 00:47:14.972838	2025-06-11 00:47:14.972841	\N	\N
74	123	\N	spent	service_consumption	0.00	2.00	0.00	0.00	2025-06-11 00:48:04.013149	2025-06-11 00:48:04.013153	\N	\N
75	32	\N	purchase	service_provision	2.00	0.00	0.00	0.00	2025-06-11 00:48:04.020867	2025-06-11 00:48:04.020871	\N	\N
76	142	\N	purchase	courtesy_tokens	500.00	0.00	0.00	500.00	2025-06-11 16:22:42.89833	2025-06-11 16:22:42.898337	\N	\N
77	80	\N	spent	service_consumption	0.00	0.00	100.00	0.00	2025-06-11 16:24:48.084676	2025-06-11 16:24:48.084679	\N	\N
78	143	\N	purchase	courtesy_tokens	500.00	0.00	0.00	500.00	2025-06-11 21:34:55.755845	2025-06-11 21:34:55.755849	\N	\N
79	144	\N	purchase	courtesy_tokens	500.00	0.00	0.00	500.00	2025-06-11 21:44:17.27168	2025-06-11 21:44:17.271684	\N	\N
80	144	\N	spent	service_consumption	0.00	0.00	40.00	0.00	2025-06-12 18:47:33.492295	2025-06-12 18:47:33.492299	\N	\N
81	144	\N	spent	service_consumption	0.00	40.00	0.00	0.00	2025-06-12 18:49:10.582435	2025-06-12 18:49:10.582439	\N	\N
82	17	\N	purchase	service_provision	40.00	0.00	0.00	0.00	2025-06-12 18:49:10.59047	2025-06-12 18:49:10.590473	\N	\N
83	145	\N	purchase	courtesy_tokens	500.00	0.00	0.00	500.00	2025-06-13 20:02:01.39046	2025-06-13 20:02:01.390465	\N	\N
84	80	\N	spent	service_consumption	0.00	0.00	100.00	0.00	2025-06-13 20:10:06.008244	2025-06-13 20:10:06.008248	\N	\N
85	32	\N	spent	service_consumption	0.00	0.00	2.00	0.00	2025-06-20 06:40:48.735322	2025-06-20 06:40:48.735326	\N	\N
86	94	\N	spent	service_consumption	0.00	0.00	100.00	0.00	2025-06-20 19:39:29.980113	2025-06-20 19:39:29.980116	\N	\N
87	216	\N	purchase	courtesy_tokens	500.00	0.00	0.00	500.00	2025-06-20 20:32:42.272781	2025-06-20 20:32:42.272785	\N	\N
88	217	\N	purchase	courtesy_tokens	500.00	0.00	0.00	500.00	2025-06-20 20:42:50.786157	2025-06-20 20:42:50.786162	\N	\N
89	218	\N	purchase	courtesy_tokens	500.00	0.00	0.00	500.00	2025-06-20 20:52:48.021202	2025-06-20 20:52:48.021207	\N	\N
90	219	\N	purchase	courtesy_tokens	500.00	0.00	0.00	500.00	2025-06-20 21:03:35.921231	2025-06-20 21:03:35.921237	\N	\N
91	2	\N	purchase	courtesy_tokens	10000.00	0.00	0.00	10000.00	2025-06-20 15:09:32.669129	2025-06-20 15:09:32.669129	\N	\N
92	2	\N	spent	service_consumption	0.00	0.00	80.00	0.00	2025-06-20 21:09:59.909732	2025-06-20 21:09:59.909736	\N	\N
93	2	\N	spent	service_consumption	0.00	0.00	80.00	0.00	2025-06-20 21:15:57.12931	2025-06-20 21:15:57.129314	\N	\N
94	2	\N	spent	service_consumption	0.00	0.00	80.00	0.00	2025-06-20 22:59:33.015081	2025-06-20 22:59:33.015085	\N	\N
95	94	\N	spent	service_consumption	0.00	0.00	100.00	0.00	2025-06-20 23:31:11.806574	2025-06-20 23:31:11.806578	\N	\N
96	110	\N	spent	service_consumption	0.00	0.00	36.00	0.00	2025-06-20 23:33:23.498688	2025-06-20 23:33:23.498692	\N	\N
97	94	\N	spent	service_consumption	0.00	0.00	100.00	0.00	2025-06-20 23:49:18.747416	2025-06-20 23:49:18.747419	\N	\N
98	76	\N	spent	service_consumption	0.00	0.00	20.00	0.00	2025-06-22 17:42:02.199209	2025-06-22 17:42:02.199212	\N	\N
99	76	\N	spent	service_consumption	0.00	0.00	80.00	0.00	2025-06-22 17:44:03.370455	2025-06-22 17:44:03.370459	\N	\N
100	76	\N	spent	service_consumption	0.00	0.00	36.00	0.00	2025-06-22 17:46:35.721236	2025-06-22 17:46:35.721239	\N	\N
101	76	\N	spent	service_consumption	0.00	0.00	30.00	0.00	2025-06-22 17:46:45.185597	2025-06-22 17:46:45.1856	\N	\N
102	76	\N	spent	service_consumption	0.00	0.00	6.00	0.00	2025-06-22 17:46:56.599794	2025-06-22 17:46:56.599797	\N	\N
103	76	\N	spent	service_consumption	0.00	0.00	25.00	0.00	2025-06-23 00:42:38.609965	2025-06-23 00:42:38.609969	\N	\N
104	76	\N	spent	service_consumption	0.00	0.00	25.00	0.00	2025-06-23 00:43:03.494857	2025-06-23 00:43:03.49486	\N	\N
105	76	\N	spent	service_consumption	0.00	0.00	20.00	0.00	2025-06-23 19:07:38.238938	2025-06-23 19:07:38.238943	\N	\N
106	76	\N	spent	service_consumption	0.00	0.00	20.00	0.00	2025-06-23 19:07:38.333842	2025-06-23 19:07:38.333846	\N	\N
107	32	\N	spent	service_consumption	0.00	0.00	25.00	0.00	2025-06-23 19:11:26.913953	2025-06-23 19:11:26.913957	\N	\N
108	76	\N	spent	service_consumption	0.00	0.00	2.00	0.00	2025-06-23 19:48:19.879903	2025-06-23 19:48:19.879908	\N	\N
109	76	\N	spent	service_consumption	0.00	0.00	50.00	0.00	2025-06-23 19:50:12.979517	2025-06-23 19:50:12.97952	\N	\N
110	32	\N	spent	service_consumption	0.00	0.00	200.00	0.00	2025-06-23 20:05:11.32506	2025-06-23 20:05:11.325064	\N	\N
111	220	\N	purchase	courtesy_tokens	500.00	0.00	0.00	500.00	2025-06-23 23:02:01.031069	2025-06-23 23:02:01.031074	\N	\N
112	80	\N	purchase	service_consumption	50.00	0.00	0.00	0.00	2025-06-24 23:49:38.231154	2025-06-24 23:49:38.231158	\N	\N
113	221	\N	purchase	courtesy_tokens	500.00	0.00	0.00	500.00	2025-06-25 00:40:33.363271	2025-06-25 00:40:33.363275	\N	\N
114	17	\N	spent	service_consumption	0.00	0.00	25.00	0.00	2025-06-25 19:24:03.616546	2025-06-25 19:24:03.616549	\N	\N
115	17	\N	spent	service_consumption	0.00	0.00	25.00	0.00	2025-06-25 20:09:33.167537	2025-06-25 20:09:33.16754	\N	\N
116	251	\N	purchase	courtesy_tokens	500.00	0.00	0.00	500.00	2025-06-25 23:30:51.184347	2025-06-25 23:30:51.184351	\N	\N
117	139	\N	spent	service_consumption	0.00	0.00	2.00	0.00	2025-06-26 14:37:27.249562	2025-06-26 14:37:27.249566	\N	\N
118	129	\N	spent	service_consumption	0.00	0.00	50.00	0.00	2025-06-26 17:40:06.496249	2025-06-26 17:40:06.496252	\N	\N
119	23	\N	spent	service_consumption	0.00	0.00	50.00	0.00	2025-06-26 17:41:31.618367	2025-06-26 17:41:31.618371	\N	\N
120	110	\N	spent	service_consumption	0.00	0.00	6.00	0.00	2025-06-26 19:27:50.388338	2025-06-26 19:27:50.388341	\N	\N
121	129	\N	spent	service_consumption	0.00	0.00	50.00	0.00	2025-06-26 19:51:10.680416	2025-06-26 19:51:10.68042	\N	\N
122	265	\N	purchase	courtesy_tokens	500.00	0.00	0.00	500.00	2025-06-26 19:58:11.936322	2025-06-26 19:58:11.936325	\N	\N
123	265	\N	spent	service_consumption	0.00	0.00	100.00	0.00	2025-06-26 20:00:56.959908	2025-06-26 20:00:56.959911	\N	\N
124	265	\N	spent	service_consumption	0.00	0.00	2.00	0.00	2025-06-26 20:08:29.764655	2025-06-26 20:08:29.764658	\N	\N
125	80	\N	purchase	service_consumption	100.00	0.00	0.00	0.00	2025-06-27 16:00:53.024968	2025-06-27 16:00:53.024971	\N	\N
126	265	\N	purchase	service_consumption	100.00	0.00	0.00	0.00	2025-06-27 16:01:34.286012	2025-06-27 16:01:34.286016	\N	\N
127	135	\N	purchase	service_consumption	6.00	0.00	0.00	0.00	2025-06-27 16:04:07.91086	2025-06-27 16:04:07.910864	\N	\N
128	144	\N	spent	service_consumption	0.00	0.00	50.00	0.00	2025-06-27 18:03:09.677764	2025-06-27 18:03:09.677768	\N	\N
129	23	29	purchase	purchase	12000.00	0.00	0.00	12000.00	2025-06-27 18:08:09.401007	2025-06-27 18:08:09.401011	\N	\N
130	266	\N	purchase	courtesy_tokens	500.00	0.00	0.00	500.00	2025-06-28 01:21:07.916615	2025-06-28 01:21:07.916619	\N	\N
131	266	\N	spent	service_consumption	0.00	0.00	2.00	0.00	2025-06-28 01:21:50.175028	2025-06-28 01:21:50.175032	\N	\N
132	94	\N	spent	service_consumption	0.00	0.00	20.00	0.00	2025-06-30 19:55:55.229989	2025-06-30 19:55:55.229993	\N	\N
133	94	\N	spent	service_consumption	0.00	0.00	80.00	0.00	2025-06-30 20:22:34.416261	2025-06-30 20:22:34.416265	\N	\N
134	94	\N	spent	service_consumption	0.00	0.00	200.00	0.00	2025-06-30 20:23:00.217442	2025-06-30 20:23:00.217445	\N	\N
135	94	\N	spent	service_consumption	0.00	0.00	200.00	0.00	2025-06-30 20:23:08.484309	2025-06-30 20:23:08.484312	\N	\N
136	94	\N	spent	service_consumption	0.00	0.00	200.00	0.00	2025-06-30 20:23:11.777036	2025-06-30 20:23:11.777042	\N	\N
137	94	\N	spent	service_consumption	0.00	0.00	2.00	0.00	2025-07-04 00:16:18.78097	2025-07-04 00:16:18.780975	\N	\N
138	94	\N	spent	service_consumption	0.00	0.00	666.00	0.00	2025-07-04 00:16:39.827837	2025-07-04 00:16:39.827842	\N	\N
139	94	\N	spent	service_consumption	0.00	0.00	100.00	0.00	2025-07-04 00:18:18.194822	2025-07-04 00:18:18.194826	\N	\N
140	76	\N	spent	service_consumption	0.00	0.00	80.00	0.00	2025-07-08 12:06:04.713824	2025-07-08 12:06:04.713827	\N	\N
141	76	\N	spent	service_consumption	0.00	0.00	25.00	0.00	2025-07-09 05:55:53.233885	2025-07-09 05:55:53.233889	\N	\N
142	76	\N	spent	service_consumption	0.00	0.00	25.00	0.00	2025-07-09 05:57:29.044546	2025-07-09 05:57:29.04455	\N	\N
143	32	\N	spent	service_consumption	0.00	0.00	6.00	0.00	2025-07-09 23:17:34.544916	2025-07-09 23:17:34.544921	\N	\N
144	273	\N	purchase	courtesy_tokens	500.00	0.00	0.00	500.00	2025-07-09 23:27:11.336469	2025-07-09 23:27:11.336474	\N	\N
145	273	\N	spent	service_consumption	0.00	0.00	20.00	0.00	2025-07-09 23:29:30.724503	2025-07-09 23:29:30.724507	\N	\N
146	274	\N	purchase	courtesy_tokens	500.00	0.00	0.00	500.00	2025-07-09 23:34:14.244069	2025-07-09 23:34:14.244073	\N	\N
147	23	\N	spent	service_consumption	0.00	50.00	0.00	0.00	2025-07-11 19:19:14.933083	2025-07-11 19:19:14.933086	\N	\N
148	129	\N	purchase	service_provision	50.00	0.00	0.00	0.00	2025-07-11 19:19:14.942482	2025-07-11 19:19:14.942486	\N	\N
149	23	\N	purchase	service_consumption	40.00	0.00	0.00	0.00	2025-07-11 19:54:32.074281	2025-07-11 19:54:32.074285	\N	\N
150	23	\N	purchase	service_consumption	40.00	0.00	0.00	0.00	2025-07-11 20:01:05.677512	2025-07-11 20:01:05.677516	\N	\N
151	23	\N	purchase	service_consumption	40.00	0.00	0.00	0.00	2025-07-11 20:02:04.121603	2025-07-11 20:02:04.121607	\N	\N
152	23	\N	purchase	service_consumption	40.00	0.00	0.00	0.00	2025-07-11 20:03:46.35972	2025-07-11 20:03:46.359724	\N	\N
153	279	\N	purchase	courtesy_tokens	500.00	0.00	0.00	500.00	2025-07-11 21:43:00.420873	2025-07-11 21:43:00.420877	\N	\N
154	144	\N	spent	service_consumption	0.00	0.00	50.00	0.00	2025-07-11 21:53:13.07412	2025-07-11 21:53:13.074123	\N	\N
155	144	\N	spent	service_consumption	0.00	0.00	50.00	0.00	2025-07-11 22:09:09.011509	2025-07-11 22:09:09.011513	\N	\N
156	144	\N	spent	service_consumption	0.00	0.00	50.00	0.00	2025-07-11 22:09:18.358977	2025-07-11 22:09:18.35898	\N	\N
157	144	\N	purchase	service_consumption	50.00	0.00	0.00	0.00	2025-07-11 22:09:48.386178	2025-07-11 22:09:48.386182	\N	\N
158	144	\N	spent	service_consumption	0.00	40.00	0.00	0.00	2025-07-11 23:30:30.155425	2025-07-11 23:30:30.155429	\N	\N
159	17	\N	purchase	service_provision	40.00	0.00	0.00	0.00	2025-07-11 23:30:30.167572	2025-07-11 23:30:30.167591	\N	\N
160	144	\N	spent	service_consumption	0.00	50.00	0.00	0.00	2025-07-11 23:32:40.127215	2025-07-11 23:32:40.127218	\N	\N
161	279	\N	purchase	service_provision	50.00	0.00	0.00	0.00	2025-07-11 23:32:40.13453	2025-07-11 23:32:40.134533	\N	\N
162	144	\N	spent	service_consumption	0.00	0.00	50.00	0.00	2025-07-11 23:36:00.837763	2025-07-11 23:36:00.837767	\N	\N
163	280	\N	purchase	courtesy_tokens	500.00	0.00	0.00	500.00	2025-07-11 23:51:23.492277	2025-07-11 23:51:23.49228	\N	\N
164	280	\N	spent	service_consumption	0.00	0.00	50.00	0.00	2025-07-11 23:51:43.96781	2025-07-11 23:51:43.967814	\N	\N
165	280	\N	spent	service_consumption	0.00	0.00	50.00	0.00	2025-07-11 23:53:44.632069	2025-07-11 23:53:44.632072	\N	\N
166	280	\N	spent	service_consumption	0.00	0.00	50.00	0.00	2025-07-11 23:53:59.922106	2025-07-11 23:53:59.92211	\N	\N
167	280	\N	purchase	service_consumption	50.00	0.00	0.00	0.00	2025-07-11 23:54:24.056629	2025-07-11 23:54:24.056632	\N	\N
168	280	\N	spent	service_consumption	0.00	50.00	0.00	0.00	2025-07-12 00:06:59.162645	2025-07-12 00:06:59.162651	\N	\N
169	279	\N	purchase	service_provision	50.00	0.00	0.00	0.00	2025-07-12 00:06:59.172013	2025-07-12 00:06:59.172017	\N	\N
170	280	\N	spent	service_consumption	0.00	50.00	0.00	0.00	2025-07-12 00:23:11.830056	2025-07-12 00:23:11.83006	\N	\N
171	279	\N	purchase	service_provision	50.00	0.00	0.00	0.00	2025-07-12 00:23:11.840126	2025-07-12 00:23:11.840129	\N	\N
172	281	\N	purchase	courtesy_tokens	500.00	0.00	0.00	500.00	2025-07-12 01:33:14.083095	2025-07-12 01:33:14.083098	\N	\N
173	94	\N	spent	service_consumption	0.00	100.00	0.00	0.00	2025-07-12 03:07:54.411	2025-07-12 03:07:54.411005	\N	\N
174	110	\N	purchase	service_provision	100.00	0.00	0.00	0.00	2025-07-12 03:07:54.422889	2025-07-12 03:07:54.422894	\N	\N
175	32	\N	spent	service_consumption	0.00	2.00	0.00	0.00	2025-07-12 21:59:19.822044	2025-07-12 21:59:19.822048	\N	\N
176	135	\N	purchase	service_provision	2.00	0.00	0.00	0.00	2025-07-12 21:59:19.830244	2025-07-12 21:59:19.830247	\N	\N
177	266	\N	spent	service_consumption	0.00	2.00	0.00	0.00	2025-07-12 22:14:56.484598	2025-07-12 22:14:56.484617	\N	\N
178	32	\N	purchase	service_provision	2.00	0.00	0.00	0.00	2025-07-12 22:14:56.492469	2025-07-12 22:14:56.492472	\N	\N
179	32	\N	spent	service_consumption	0.00	25.00	0.00	0.00	2025-07-12 22:18:10.506655	2025-07-12 22:18:10.506658	\N	\N
180	76	\N	purchase	service_provision	25.00	0.00	0.00	0.00	2025-07-12 22:18:10.51447	2025-07-12 22:18:10.514473	\N	\N
181	282	\N	purchase	courtesy_tokens	500.00	0.00	0.00	500.00	2025-07-14 16:49:34.474961	2025-07-14 16:49:34.474965	\N	\N
182	139	\N	spent	service_consumption	0.00	0.00	2.00	0.00	2025-07-14 17:03:04.656346	2025-07-14 17:03:04.656349	\N	\N
183	283	\N	purchase	courtesy_tokens	500.00	0.00	0.00	500.00	2025-07-14 23:35:40.969232	2025-07-14 23:35:40.969237	\N	\N
184	94	\N	spent	service_consumption	0.00	0.00	69.00	0.00	2025-07-14 23:58:07.392509	2025-07-14 23:58:07.392512	\N	\N
185	284	\N	purchase	courtesy_tokens	500.00	0.00	0.00	500.00	2025-07-15 17:44:42.670255	2025-07-15 17:44:42.670259	\N	\N
186	284	\N	spent	service_consumption	0.00	0.00	100.00	0.00	2025-07-15 18:55:12.277631	2025-07-15 18:55:12.277635	\N	\N
187	284	\N	spent	service_consumption	0.00	0.00	69.00	0.00	2025-07-15 18:56:52.581068	2025-07-15 18:56:52.581072	\N	\N
188	284	\N	spent	service_consumption	0.00	0.00	50.00	0.00	2025-07-15 19:00:02.496129	2025-07-15 19:00:02.496133	\N	\N
189	280	30	purchase	purchase	1000.00	0.00	0.00	1000.00	2025-07-15 19:12:30.53582	2025-07-15 19:12:30.535825	\N	\N
190	284	\N	spent	service_consumption	0.00	0.00	3.00	0.00	2025-07-15 20:02:51.308444	2025-07-15 20:02:51.308447	\N	\N
191	284	\N	spent	service_consumption	0.00	69.00	0.00	0.00	2025-07-15 20:43:37.83091	2025-07-15 20:43:37.830914	\N	\N
192	110	\N	purchase	service_provision	69.00	0.00	0.00	0.00	2025-07-15 20:43:37.838405	2025-07-15 20:43:37.838408	\N	\N
193	284	\N	spent	service_consumption	0.00	0.00	80.00	0.00	2025-07-15 21:08:50.863119	2025-07-15 21:08:50.863123	\N	\N
194	76	\N	spent	service_consumption	0.00	0.00	336.00	0.00	2025-07-15 21:13:17.848809	2025-07-15 21:13:17.848812	\N	\N
195	76	\N	spent	service_consumption	0.00	0.00	336.00	0.00	2025-07-15 21:13:24.432683	2025-07-15 21:13:24.432686	\N	\N
196	76	\N	spent	service_consumption	0.00	2.00	0.00	0.00	2025-07-15 21:14:57.826148	2025-07-15 21:14:57.826152	\N	\N
197	32	\N	purchase	service_provision	2.00	0.00	0.00	0.00	2025-07-15 21:14:57.833419	2025-07-15 21:14:57.833422	\N	\N
198	32	\N	spent	service_consumption	0.00	200.00	0.00	0.00	2025-07-16 14:47:37.282008	2025-07-16 14:47:37.282012	\N	\N
199	76	\N	purchase	service_provision	200.00	0.00	0.00	0.00	2025-07-16 14:47:37.289387	2025-07-16 14:47:37.28939	\N	\N
200	32	\N	spent	service_consumption	0.00	0.00	25.00	0.00	2025-07-16 16:06:19.501422	2025-07-16 16:06:19.501425	\N	\N
201	110	\N	spent	service_consumption	0.00	0.00	25.00	0.00	2025-07-16 16:06:33.502074	2025-07-16 16:06:33.502078	\N	\N
202	32	\N	spent	service_consumption	0.00	0.00	25.00	0.00	2025-07-16 16:07:27.654426	2025-07-16 16:07:27.654429	\N	\N
203	285	\N	purchase	courtesy_tokens	500.00	0.00	0.00	500.00	2025-07-16 19:41:11.848062	2025-07-16 19:41:11.848066	\N	\N
204	280	33	purchase	purchase	1000.00	0.00	0.00	1000.00	2025-07-16 22:53:11.833805	2025-07-16 22:53:11.833809	\N	\N
205	284	\N	spent	service_consumption	0.00	100.00	0.00	0.00	2025-07-16 23:19:02.582039	2025-07-16 23:19:02.582044	\N	\N
206	110	\N	purchase	service_provision	100.00	0.00	0.00	0.00	2025-07-16 23:19:02.592758	2025-07-16 23:19:02.592762	\N	\N
207	280	34	purchase	purchase	1000.00	0.00	0.00	1000.00	2025-07-16 23:36:36.621496	2025-07-16 23:36:36.621499	\N	\N
208	286	\N	purchase	courtesy_tokens	500.00	0.00	0.00	500.00	2025-07-16 23:38:09.394823	2025-07-16 23:38:09.394827	\N	\N
209	286	\N	spent	service_consumption	0.00	0.00	100.00	0.00	2025-07-16 23:46:39.02123	2025-07-16 23:46:39.021234	\N	\N
210	285	\N	spent	service_consumption	0.00	0.00	100.00	0.00	2025-07-17 15:37:05.505012	2025-07-17 15:37:05.505155	\N	\N
211	285	\N	spent	service_consumption	0.00	0.00	80.00	0.00	2025-07-17 15:37:25.792858	2025-07-17 15:37:25.792862	\N	\N
212	287	\N	purchase	courtesy_tokens	500.00	0.00	0.00	500.00	2025-07-17 15:41:23.111838	2025-07-17 15:41:23.111842	\N	\N
213	285	\N	spent	service_consumption	0.00	0.00	200.00	0.00	2025-07-17 15:50:45.069375	2025-07-17 15:50:45.069399	\N	\N
214	32	\N	spent	service_consumption	0.00	25.00	0.00	0.00	2025-07-18 16:47:19.267998	2025-07-18 16:47:19.268002	\N	\N
215	76	\N	purchase	service_provision	25.00	0.00	0.00	0.00	2025-07-18 16:47:19.280959	2025-07-18 16:47:19.280963	\N	\N
216	288	\N	purchase	courtesy_tokens	500.00	0.00	0.00	500.00	2025-07-18 17:10:56.584683	2025-07-18 17:10:56.584688	\N	\N
217	288	\N	spent	service_consumption	0.00	0.00	150.00	0.00	2025-07-18 17:13:02.1431	2025-07-18 17:13:02.143104	\N	\N
218	288	\N	spent	service_consumption	0.00	0.00	238.00	0.00	2025-07-18 17:13:10.457419	2025-07-18 17:13:10.457423	\N	\N
219	288	\N	spent	service_consumption	0.00	150.00	0.00	0.00	2025-07-18 18:07:21.417125	2025-07-18 18:07:21.417129	\N	\N
220	32	\N	purchase	service_provision	150.00	0.00	0.00	0.00	2025-07-18 18:07:21.424752	2025-07-18 18:07:21.424755	\N	\N
221	288	\N	spent	service_consumption	0.00	238.00	0.00	0.00	2025-07-18 18:07:26.788253	2025-07-18 18:07:26.788257	\N	\N
222	32	\N	purchase	service_provision	238.00	0.00	0.00	0.00	2025-07-18 18:07:26.795767	2025-07-18 18:07:26.79577	\N	\N
223	288	\N	spent	service_consumption	0.00	0.00	23.00	0.00	2025-07-18 18:46:40.61294	2025-07-18 18:46:40.612944	\N	\N
224	289	\N	purchase	courtesy_tokens	500.00	0.00	0.00	500.00	2025-07-18 21:14:44.390721	2025-07-18 21:14:44.390726	\N	\N
225	32	36	purchase	purchase	10000.00	0.00	0.00	10000.00	2025-07-20 04:17:27.560501	2025-07-20 04:17:27.560505	\N	\N
226	32	37	purchase	purchase	1000.00	0.00	0.00	1000.00	2025-07-20 04:17:59.093666	2025-07-20 04:17:59.093669	\N	\N
227	32	38	purchase	purchase	1000.00	0.00	0.00	1000.00	2025-07-20 04:21:11.048815	2025-07-20 04:21:11.048818	\N	\N
228	32	\N	spent	service_consumption	0.00	0.00	30.00	0.00	2025-07-20 04:22:58.439591	2025-07-20 04:22:58.439595	\N	\N
229	288	\N	spent	service_consumption	0.00	23.00	0.00	0.00	2025-07-20 04:27:00.926382	2025-07-20 04:27:00.926386	\N	\N
230	32	\N	purchase	service_provision	23.00	0.00	0.00	0.00	2025-07-20 04:27:00.933719	2025-07-20 04:27:00.933722	\N	\N
231	32	\N	spent	service_consumption	0.00	0.00	30.00	0.00	2025-07-20 04:37:21.646391	2025-07-20 04:37:21.646395	\N	\N
232	266	\N	spent	service_consumption	0.00	0.00	53.00	0.00	2025-07-20 05:00:25.143286	2025-07-20 05:00:25.14329	\N	\N
233	94	\N	spent	service_consumption	0.00	0.00	56.00	0.00	2025-07-21 18:00:35.145931	2025-07-21 18:00:35.145935	\N	\N
234	80	\N	spent	service_consumption	0.00	0.00	56.00	0.00	2025-07-21 19:10:08.196869	2025-07-21 19:10:08.196873	\N	\N
235	80	\N	spent	service_consumption	0.00	56.00	0.00	0.00	2025-07-21 20:00:46.989644	2025-07-21 20:00:46.989647	\N	\N
236	110	\N	purchase	service_provision	56.00	0.00	0.00	0.00	2025-07-21 20:00:46.997214	2025-07-21 20:00:46.997217	\N	\N
237	80	\N	spent	service_consumption	0.00	0.00	56.00	0.00	2025-07-21 20:07:40.653086	2025-07-21 20:07:40.65309	\N	\N
238	80	\N	spent	service_consumption	0.00	0.00	3.00	0.00	2025-07-21 20:21:12.335709	2025-07-21 20:21:12.335712	\N	\N
239	32	\N	spent	service_consumption	0.00	0.00	56.00	0.00	2025-07-21 20:54:32.159491	2025-07-21 20:54:32.159494	\N	\N
240	32	\N	spent	service_consumption	0.00	56.00	0.00	0.00	2025-07-21 22:36:02.583287	2025-07-21 22:36:02.58329	\N	\N
241	110	\N	purchase	service_provision	56.00	0.00	0.00	0.00	2025-07-21 22:36:02.590754	2025-07-21 22:36:02.590757	\N	\N
242	32	\N	spent	service_consumption	0.00	0.00	100.00	0.00	2025-07-21 23:39:02.76002	2025-07-21 23:39:02.760024	\N	\N
243	289	\N	spent	service_consumption	0.00	0.00	20.00	0.00	2025-07-22 14:56:08.260926	2025-07-22 14:56:08.26093	\N	\N
244	32	\N	spent	service_consumption	0.00	100.00	0.00	0.00	2025-07-22 15:57:44.69619	2025-07-22 15:57:44.696193	\N	\N
245	110	\N	purchase	service_provision	100.00	0.00	0.00	0.00	2025-07-22 15:57:44.706499	2025-07-22 15:57:44.706502	\N	\N
246	285	\N	spent	service_consumption	0.00	0.00	1.00	0.00	2025-07-22 19:13:45.609934	2025-07-22 19:13:45.609938	\N	\N
247	285	\N	spent	service_consumption	0.00	200.00	0.00	0.00	2025-07-22 19:19:39.239226	2025-07-22 19:19:39.239229	\N	\N
248	287	\N	purchase	service_provision	200.00	0.00	0.00	0.00	2025-07-22 19:19:39.247014	2025-07-22 19:19:39.247017	\N	\N
249	32	\N	spent	service_consumption	0.00	0.00	56.00	0.00	2025-07-22 23:28:13.35879	2025-07-22 23:28:13.358796	\N	\N
250	32	\N	spent	service_consumption	0.00	56.00	0.00	0.00	2025-07-23 02:31:55.450251	2025-07-23 02:31:55.450255	\N	\N
251	110	\N	purchase	service_provision	56.00	0.00	0.00	0.00	2025-07-23 02:31:55.458717	2025-07-23 02:31:55.45872	\N	\N
252	76	\N	spent	service_consumption	0.00	0.00	53.00	0.00	2025-07-23 21:30:21.20059	2025-07-23 21:30:21.200594	\N	\N
253	32	\N	spent	service_consumption	0.00	0.00	50.00	0.00	2025-07-24 16:37:18.750098	2025-07-24 16:37:18.750102	\N	\N
254	110	\N	spent	service_consumption	0.00	25.00	0.00	0.00	2025-07-24 17:19:41.988093	2025-07-24 17:19:41.988097	\N	\N
255	76	\N	purchase	service_provision	25.00	0.00	0.00	0.00	2025-07-24 17:19:41.99736	2025-07-24 17:19:41.997363	\N	\N
256	285	\N	spent	service_consumption	0.00	0.00	1.00	0.00	2025-07-25 16:06:37.455528	2025-07-25 16:06:37.455533	\N	\N
257	129	\N	spent	service_consumption	0.00	0.00	1.00	0.00	2025-07-25 22:42:57.597669	2025-07-25 22:42:57.597672	\N	\N
258	32	\N	spent	service_consumption	0.00	0.00	50.00	0.00	2025-07-26 01:34:53.172958	2025-07-26 01:34:53.172962	\N	\N
259	266	\N	spent	service_consumption	0.00	0.00	53.00	0.00	2025-07-26 01:36:51.99399	2025-07-26 01:36:51.993994	\N	\N
260	129	\N	spent	service_consumption	0.00	0.00	1.00	0.00	2025-07-28 15:05:52.582931	2025-07-28 15:05:52.582935	\N	\N
261	129	\N	purchase	service_consumption	1.00	0.00	0.00	0.00	2025-07-28 15:11:07.467763	2025-07-28 15:11:07.467767	\N	\N
262	129	\N	spent	service_consumption	0.00	0.00	1.00	0.00	2025-07-28 15:11:32.123965	2025-07-28 15:11:32.123969	\N	\N
263	129	\N	purchase	service_consumption	1.00	0.00	0.00	0.00	2025-07-28 15:15:12.527234	2025-07-28 15:15:12.527238	\N	\N
264	129	\N	spent	service_consumption	0.00	0.00	1.00	0.00	2025-07-28 15:15:29.257735	2025-07-28 15:15:29.257757	\N	\N
265	285	\N	spent	service_consumption	0.00	0.00	12.00	0.00	2025-07-28 18:57:03.203042	2025-07-28 18:57:03.203045	\N	\N
266	290	\N	purchase	courtesy_tokens	500.00	0.00	0.00	500.00	2025-07-28 19:02:01.990071	2025-07-28 19:02:01.990077	\N	\N
267	285	\N	spent	service_consumption	0.00	1.00	0.00	0.00	2025-07-28 19:02:39.219154	2025-07-28 19:02:39.219157	\N	\N
268	287	\N	purchase	service_provision	1.00	0.00	0.00	0.00	2025-07-28 19:02:39.226903	2025-07-28 19:02:39.226906	\N	\N
269	285	\N	spent	service_consumption	0.00	12.00	0.00	0.00	2025-07-28 19:02:50.297306	2025-07-28 19:02:50.29731	\N	\N
270	287	\N	purchase	service_provision	12.00	0.00	0.00	0.00	2025-07-28 19:02:50.304757	2025-07-28 19:02:50.30476	\N	\N
271	292	\N	purchase	courtesy_tokens	500.00	0.00	0.00	500.00	2025-07-28 19:45:04.726435	2025-07-28 19:45:04.726439	\N	\N
272	287	\N	purchase	support_assist_refund	0.00	0.00	0.00	0.00	2025-07-28 19:45:29.468974	2025-07-28 19:45:29.468978	\N	\N
273	32	\N	spent	support_assist_penalty	0.00	0.00	0.00	0.00	2025-07-28 19:50:00.443371	2025-07-28 19:50:00.443375	\N	\N
275	285	\N	spent	service_consumption	0.00	0.00	12.00	0.00	2025-07-28 20:42:05.620658	2025-07-28 20:42:05.620663	\N	\N
278	287	\N	purchase	service_provision	12.00	0.00	0.00	0.00	2025-07-28 21:11:14.565272	2025-07-28 21:11:14.565275	\N	\N
279	285	\N	spent	service_consumption	0.00	12.00	0.00	0.00	2025-07-28 21:12:38.863084	2025-07-28 21:12:38.863088	\N	\N
274	285	\N	spent	service_consumption	0.00	0.00	12.00	0.00	2025-07-28 20:34:00.588541	2025-07-28 20:34:00.588544	\N	\N
277	285	\N	spent	service_consumption	0.00	12.00	0.00	0.00	2025-07-28 21:11:14.557743	2025-07-28 21:11:14.557748	\N	\N
276	285	\N	spent	service_consumption	0.00	0.00	12.00	0.00	2025-07-28 20:51:30.267059	2025-07-28 20:51:30.267064	\N	\N
280	287	\N	purchase	service_provision	12.00	0.00	0.00	0.00	2025-07-28 21:12:38.870994	2025-07-28 21:12:38.870998	\N	\N
281	23	39	purchase	purchase	100.00	0.00	0.00	100.00	2025-07-28 21:29:04.468014	2025-07-28 21:29:04.468018	\N	\N
282	32	\N	spent	service_consumption	0.00	0.00	2.00	0.00	2025-07-28 21:51:23.593668	2025-07-28 21:51:23.59369	\N	\N
283	32	\N	spent	service_consumption	0.00	2.00	0.00	0.00	2025-07-28 22:16:20.730614	2025-07-28 22:16:20.730618	\N	\N
284	135	\N	purchase	service_provision	2.00	0.00	0.00	0.00	2025-07-28 22:16:20.739119	2025-07-28 22:16:20.739122	\N	\N
285	32	\N	spent	service_consumption	0.00	0.00	150.00	0.00	2025-07-29 15:57:35.113114	2025-07-29 15:57:35.113117	\N	\N
286	139	\N	spent	service_consumption	0.00	0.00	150.00	0.00	2025-07-29 16:34:14.932441	2025-07-29 16:34:14.932445	\N	\N
287	139	\N	spent	service_consumption	0.00	2.00	0.00	0.00	2025-07-29 16:35:31.422389	2025-07-29 16:35:31.422393	\N	\N
288	32	\N	purchase	service_provision	2.00	0.00	0.00	0.00	2025-07-29 16:35:31.430488	2025-07-29 16:35:31.430493	\N	\N
289	32	\N	spent	service_consumption	0.00	2.00	0.00	0.00	2025-07-30 14:27:28.292402	2025-07-30 14:27:28.292408	\N	\N
290	135	\N	purchase	service_provision	2.00	0.00	0.00	0.00	2025-07-30 14:27:28.302772	2025-07-30 14:27:28.302776	\N	\N
291	76	\N	spent	service_consumption	0.00	0.00	50.00	0.00	2025-07-30 23:55:54.54507	2025-07-30 23:55:54.545074	\N	\N
292	23	\N	purchase	support_assist_refund	0.00	0.00	0.00	0.00	2025-07-31 19:36:52.063916	2025-07-31 19:36:52.063919	\N	\N
293	285	\N	spent	support_assist_penalty	0.00	0.00	0.00	0.00	2025-07-31 19:49:55.542885	2025-07-31 19:49:55.542889	\N	\N
294	23	\N	spent	service_consumption	0.00	0.00	1.00	0.00	2025-08-01 19:50:16.461562	2025-08-01 19:50:16.461566	\N	\N
295	32	\N	spent	service_consumption	0.00	0.00	60.00	0.00	2025-08-01 21:19:49.354254	2025-08-01 21:19:49.354258	\N	\N
296	139	\N	spent	service_consumption	0.00	0.00	200.00	0.00	2025-08-01 21:29:17.41526	2025-08-01 21:29:17.415264	\N	\N
297	32	40	purchase	purchase	10000.00	0.00	0.00	10000.00	2025-08-01 21:32:22.513133	2025-08-01 21:32:22.513137	\N	\N
298	110	41	purchase	purchase	1000.00	0.00	0.00	1000.00	2025-08-01 23:06:14.713752	2025-08-01 23:06:14.713756	\N	\N
299	110	42	purchase	purchase	12000.00	0.00	0.00	12000.00	2025-08-01 23:34:53.827546	2025-08-01 23:34:53.827549	\N	\N
300	110	43	purchase	purchase	100.00	0.00	0.00	100.00	2025-08-01 23:35:41.921764	2025-08-01 23:35:41.921767	\N	\N
301	110	44	purchase	purchase	111.00	0.00	0.00	111.00	2025-08-01 23:39:31.082608	2025-08-01 23:39:31.082613	\N	\N
302	76	\N	spent	service_consumption	0.00	0.00	50.00	0.00	2025-08-02 04:55:13.236172	2025-08-02 04:55:13.236175	\N	\N
303	76	\N	spent	service_consumption	0.00	0.00	200.00	0.00	2025-08-02 05:06:35.155711	2025-08-02 05:06:35.155715	\N	\N
304	76	\N	spent	service_consumption	0.00	0.00	3.00	0.00	2025-08-02 13:31:53.273745	2025-08-02 13:31:53.273749	\N	\N
305	76	\N	spent	service_consumption	0.00	0.00	200.00	0.00	2025-08-03 10:56:12.102016	2025-08-03 10:56:12.102021	\N	\N
306	32	45	purchase	purchase	12000.00	0.00	0.00	12000.00	2025-08-04 15:50:54.452425	2025-08-04 15:50:54.452432	\N	\N
307	139	\N	purchase	service_consumption	2.00	0.00	0.00	0.00	2025-08-04 16:22:05.522775	2025-08-04 16:22:05.522782	\N	\N
308	139	\N	spent	service_consumption	0.00	2.00	0.00	0.00	2025-08-04 16:22:27.496343	2025-08-04 16:22:27.496348	\N	\N
309	135	\N	purchase	service_provision	2.00	0.00	0.00	0.00	2025-08-04 16:22:27.504647	2025-08-04 16:22:27.504651	\N	\N
310	294	\N	purchase	courtesy_tokens	500.00	0.00	0.00	500.00	2025-08-04 16:40:57.335489	2025-08-04 16:40:57.335494	\N	\N
311	110	46	purchase	purchase	12000.00	0.00	0.00	12000.00	2025-08-04 19:24:38.568202	2025-08-04 19:24:38.568208	\N	\N
312	32	\N	spent	support_assist_penalty	0.00	0.00	0.00	0.00	2025-08-04 21:05:42.221666	2025-08-04 21:05:42.22167	\N	\N
313	94	\N	purchase	service_consumption	2.00	0.00	0.00	0.00	2025-08-04 22:04:08.361806	2025-08-04 22:04:08.361811	\N	\N
314	80	\N	spent	service_consumption	0.00	0.00	56.00	0.00	2025-08-04 22:53:51.787642	2025-08-04 22:53:51.787647	\N	\N
315	80	\N	spent	service_consumption	0.00	0.00	100.00	0.00	2025-08-04 22:55:15.694773	2025-08-04 22:55:15.69478	\N	\N
316	80	\N	spent	service_consumption	0.00	0.00	56.00	0.00	2025-08-04 22:56:56.961044	2025-08-04 22:56:56.961048	\N	\N
317	295	\N	purchase	courtesy_tokens	500.00	0.00	0.00	500.00	2025-08-04 23:01:38.343625	2025-08-04 23:01:38.34363	\N	\N
318	129	\N	spent	support_assist_penalty	0.00	0.00	0.00	0.00	2025-08-04 23:02:23.708651	2025-08-04 23:02:23.708655	\N	\N
319	94	\N	spent	service_consumption	0.00	56.00	0.00	0.00	2025-08-05 01:10:37.104432	2025-08-05 01:10:37.104437	\N	\N
320	110	\N	purchase	service_provision	56.00	0.00	0.00	0.00	2025-08-05 01:10:37.111428	2025-08-05 01:10:37.111431	\N	\N
321	32	\N	spent	service_consumption	0.00	0.00	69.00	0.00	2025-08-05 15:55:42.757245	2025-08-05 15:55:42.757249	\N	\N
322	32	\N	spent	service_consumption	0.00	69.00	0.00	0.00	2025-08-05 22:22:30.855328	2025-08-05 22:22:30.855333	\N	\N
323	94	\N	purchase	service_provision	69.00	0.00	0.00	0.00	2025-08-05 22:22:30.86484	2025-08-05 22:22:30.864844	\N	\N
324	94	\N	spent	service_consumption	0.00	0.00	50.00	0.00	2025-08-06 03:46:01.945445	2025-08-06 03:46:01.945448	\N	\N
325	32	\N	spent	service_consumption	0.00	0.00	56.00	0.00	2025-08-06 16:16:59.324092	2025-08-06 16:16:59.324099	\N	\N
326	32	\N	spent	service_consumption	0.00	0.00	69.00	0.00	2025-08-06 16:17:06.489685	2025-08-06 16:17:06.489688	\N	\N
327	32	\N	spent	service_consumption	0.00	56.00	0.00	0.00	2025-08-06 17:02:32.456756	2025-08-06 17:02:32.456761	\N	\N
328	110	\N	purchase	service_provision	56.00	0.00	0.00	0.00	2025-08-06 17:02:32.464001	2025-08-06 17:02:32.464004	\N	\N
329	128	\N	purchase	courtesy_tokens	10000.00	0.00	0.00	10000.00	2025-08-06 18:44:28.048329	2025-08-06 18:44:28.048335	string	\N
330	128	\N	purchase	courtesy_tokens	10000.00	0.00	0.00	10000.00	2025-08-06 18:44:31.796278	2025-08-06 18:44:31.796284	string	\N
331	128	\N	purchase	courtesy_tokens	10000.00	0.00	0.00	10000.00	2025-08-06 18:47:38.125721	2025-08-06 18:47:38.125725	string	\N
332	128	\N	purchase	courtesy_tokens	10000.00	0.00	0.00	10000.00	2025-08-06 19:07:37.137782	2025-08-06 19:07:37.137788	string	\N
333	296	\N	purchase	courtesy_tokens	500.00	0.00	0.00	500.00	2025-08-06 23:15:52.493109	2025-08-06 23:15:52.493113	\N	\N
334	129	\N	spent	service_consumption	0.00	0.00	1.00	0.00	2025-08-07 16:38:18.154507	2025-08-07 16:38:18.154511	\N	\N
335	128	\N	spent	service_consumption	0.00	0.00	56.00	0.00	2025-08-07 16:47:19.747491	2025-08-07 16:47:19.747495	\N	\N
336	128	\N	spent	service_consumption	0.00	56.00	0.00	0.00	2025-08-07 17:09:30.698208	2025-08-07 17:09:30.698211	\N	\N
337	110	\N	purchase	service_provision	56.00	0.00	0.00	0.00	2025-08-07 17:09:30.705509	2025-08-07 17:09:30.705512	\N	\N
338	32	47	purchase	purchase	12000.00	0.00	0.00	12000.00	2025-08-07 19:50:41.668753	2025-08-07 19:50:41.668757	\N	\N
339	94	\N	spent	service_consumption	0.00	0.00	56.00	0.00	2025-08-07 19:57:21.5791	2025-08-07 19:57:21.579103	\N	\N
340	94	\N	spent	service_consumption	0.00	0.00	56.00	0.00	2025-08-07 19:57:28.699102	2025-08-07 19:57:28.699107	\N	\N
341	94	\N	spent	service_consumption	0.00	0.00	56.00	0.00	2025-08-07 19:57:33.785813	2025-08-07 19:57:33.785817	\N	\N
342	94	\N	spent	service_consumption	0.00	0.00	56.00	0.00	2025-08-07 19:57:38.421346	2025-08-07 19:57:38.421349	\N	\N
343	94	\N	spent	service_consumption	0.00	0.00	56.00	0.00	2025-08-07 19:57:45.233546	2025-08-07 19:57:45.233549	\N	\N
344	94	\N	spent	service_consumption	0.00	0.00	56.00	0.00	2025-08-07 19:57:49.84555	2025-08-07 19:57:49.845554	\N	\N
345	94	\N	spent	service_consumption	0.00	0.00	56.00	0.00	2025-08-07 19:57:55.28917	2025-08-07 19:57:55.289177	\N	\N
346	94	\N	spent	service_consumption	0.00	0.00	56.00	0.00	2025-08-07 19:58:00.227825	2025-08-07 19:58:00.22783	\N	\N
347	94	\N	spent	service_consumption	0.00	0.00	56.00	0.00	2025-08-07 19:58:05.13868	2025-08-07 19:58:05.138683	\N	\N
348	32	\N	spent	service_consumption	0.00	0.00	56.00	0.00	2025-08-07 20:00:58.625999	2025-08-07 20:00:58.62602	\N	\N
349	32	\N	spent	service_consumption	0.00	0.00	56.00	0.00	2025-08-07 20:01:03.970936	2025-08-07 20:01:03.970939	\N	\N
350	32	\N	spent	service_consumption	0.00	0.00	56.00	0.00	2025-08-07 20:01:44.627085	2025-08-07 20:01:44.627088	\N	\N
351	128	\N	spent	service_consumption	0.00	0.00	60.00	0.00	2025-08-07 20:58:35.770096	2025-08-07 20:58:35.7701	\N	\N
352	128	\N	spent	service_consumption	0.00	0.00	60.00	0.00	2025-08-07 20:59:05.106337	2025-08-07 20:59:05.106356	\N	\N
353	23	\N	spent	service_consumption	0.00	0.00	1.00	0.00	2025-08-07 20:59:56.215904	2025-08-07 20:59:56.215908	\N	\N
354	297	\N	purchase	courtesy_tokens	500.00	0.00	0.00	500.00	2025-08-08 02:43:12.169941	2025-08-08 02:43:12.169947	\N	\N
355	298	\N	purchase	courtesy_tokens	500.00	0.00	0.00	500.00	2025-08-08 02:45:07.148216	2025-08-08 02:45:07.148222	\N	\N
356	299	\N	purchase	courtesy_tokens	500.00	0.00	0.00	500.00	2025-08-08 03:46:14.427469	2025-08-08 03:46:14.427473	\N	\N
357	300	\N	purchase	courtesy_tokens	500.00	0.00	0.00	500.00	2025-08-08 13:16:52.601894	2025-08-08 13:16:52.601899	\N	\N
358	32	\N	spent	service_consumption	0.00	56.00	0.00	0.00	2025-08-08 14:31:04.782324	2025-08-08 14:31:04.782328	\N	\N
359	110	\N	purchase	service_provision	56.00	0.00	0.00	0.00	2025-08-08 14:31:04.793304	2025-08-08 14:31:04.793307	\N	\N
360	301	\N	purchase	courtesy_tokens	500.00	0.00	0.00	500.00	2025-08-08 14:37:51.408817	2025-08-08 14:37:51.408822	\N	\N
361	301	\N	spent	service_consumption	0.00	0.00	56.00	0.00	2025-08-08 14:40:43.389688	2025-08-08 14:40:43.389691	\N	\N
362	301	\N	spent	service_consumption	0.00	0.00	50.00	0.00	2025-08-08 14:41:09.912089	2025-08-08 14:41:09.912093	\N	\N
363	301	\N	spent	service_consumption	0.00	56.00	0.00	0.00	2025-08-08 15:13:41.798775	2025-08-08 15:13:41.798779	\N	\N
364	110	\N	purchase	service_provision	56.00	0.00	0.00	0.00	2025-08-08 15:13:41.806628	2025-08-08 15:13:41.806632	\N	\N
365	32	\N	spent	service_consumption	0.00	56.00	0.00	0.00	2025-08-08 15:14:00.234442	2025-08-08 15:14:00.234445	\N	\N
366	110	\N	purchase	service_provision	56.00	0.00	0.00	0.00	2025-08-08 15:14:00.241965	2025-08-08 15:14:00.241968	\N	\N
367	32	\N	spent	service_consumption	0.00	0.00	200.00	0.00	2025-08-08 18:14:09.436734	2025-08-08 18:14:09.436737	\N	\N
368	32	\N	spent	service_consumption	0.00	0.00	100.00	0.00	2025-08-08 18:14:18.030221	2025-08-08 18:14:18.030225	\N	\N
369	32	\N	spent	service_consumption	0.00	0.00	50.00	0.00	2025-08-08 18:14:30.152314	2025-08-08 18:14:30.152317	\N	\N
370	32	\N	spent	service_consumption	0.00	56.00	0.00	0.00	2025-08-08 18:14:51.806594	2025-08-08 18:14:51.806598	\N	\N
371	110	\N	purchase	service_provision	56.00	0.00	0.00	0.00	2025-08-08 18:14:51.814344	2025-08-08 18:14:51.814347	\N	\N
372	299	48	purchase	purchase	1000.00	0.00	0.00	1000.00	2025-08-08 20:54:40.646537	2025-08-08 20:54:40.64654	\N	\N
373	299	49	purchase	purchase	1000.00	0.00	0.00	1000.00	2025-08-08 21:06:28.827931	2025-08-08 21:06:28.827935	\N	\N
374	299	50	purchase	purchase	1000.00	0.00	0.00	1000.00	2025-08-08 21:07:21.633961	2025-08-08 21:07:21.633964	\N	\N
375	299	51	purchase	purchase	1000.00	0.00	0.00	1000.00	2025-08-08 21:14:48.388738	2025-08-08 21:14:48.388742	\N	\N
376	299	52	purchase	purchase	1000.00	0.00	0.00	1000.00	2025-08-08 21:51:53.0442	2025-08-08 21:51:53.044204	\N	\N
377	299	53	purchase	purchase	1000.00	0.00	0.00	1000.00	2025-08-08 21:53:07.71088	2025-08-08 21:53:07.710884	\N	\N
378	299	54	purchase	purchase	1000.00	0.00	0.00	1000.00	2025-08-08 21:56:17.754604	2025-08-08 21:56:17.754607	\N	\N
379	32	\N	spent	service_consumption	0.00	0.00	100.00	0.00	2025-08-08 22:23:26.927361	2025-08-08 22:23:26.927365	\N	\N
380	32	\N	spent	service_consumption	0.00	0.00	50.00	0.00	2025-08-08 22:23:42.837173	2025-08-08 22:23:42.837176	\N	\N
381	32	\N	spent	service_consumption	0.00	0.00	56.00	0.00	2025-08-08 22:24:49.862371	2025-08-08 22:24:49.862375	\N	\N
382	32	55	purchase	purchase	12000.00	0.00	0.00	12000.00	2025-08-08 22:48:33.976342	2025-08-08 22:48:33.976345	\N	\N
383	32	\N	spent	service_consumption	0.00	0.00	56.00	0.00	2025-08-09 21:14:43.389012	2025-08-09 21:14:43.389018	\N	\N
384	32	\N	spent	service_consumption	0.00	0.00	200.00	0.00	2025-08-09 21:16:46.176138	2025-08-09 21:16:46.176142	\N	\N
385	32	\N	spent	service_consumption	0.00	0.00	200.00	0.00	2025-08-09 21:28:55.346845	2025-08-09 21:28:55.346851	\N	\N
386	299	56	purchase	purchase	1000.00	0.00	0.00	1000.00	2025-08-09 21:55:59.664918	2025-08-09 21:55:59.664922	\N	\N
387	302	\N	purchase	courtesy_tokens	500.00	0.00	0.00	500.00	2025-08-11 13:16:58.780633	2025-08-11 13:16:58.78064	\N	\N
388	293	\N	purchase	invitation	50.00	0.00	0.00	0.00	2025-08-11 13:16:59.121267	2025-08-11 13:16:59.121272	\N	\N
389	302	\N	purchase	courtesy_tokens	50.00	0.00	0.00	0.00	2025-08-11 13:16:59.128184	2025-08-11 13:16:59.128188	\N	\N
390	76	\N	purchase	service_consumption	3.00	0.00	0.00	0.00	2025-08-11 14:54:24.458614	2025-08-11 14:54:24.458619	\N	\N
391	139	\N	spent	service_consumption	0.00	2.00	0.00	0.00	2025-08-11 15:53:49.361587	2025-08-11 15:53:49.361591	\N	\N
392	32	\N	purchase	service_provision	2.00	0.00	0.00	0.00	2025-08-11 15:53:49.369035	2025-08-11 15:53:49.369038	\N	\N
393	139	\N	spent	service_consumption	0.00	2.00	0.00	0.00	2025-08-11 15:54:07.369863	2025-08-11 15:54:07.369868	\N	\N
394	32	\N	purchase	service_provision	2.00	0.00	0.00	0.00	2025-08-11 15:54:07.377741	2025-08-11 15:54:07.377744	\N	\N
395	128	\N	spent	service_consumption	0.00	0.00	200.00	0.00	2025-08-11 22:45:44.766152	2025-08-11 22:45:44.766157	\N	\N
396	32	57	purchase	purchase	2.00	0.00	0.00	2.00	2025-08-11 22:47:57.240436	2025-08-11 22:47:57.24044	\N	\N
397	32	58	purchase	purchase	12000.00	0.00	0.00	12000.00	2025-08-11 22:48:20.023879	2025-08-11 22:48:20.023883	\N	\N
398	128	\N	purchase	service_consumption	60.00	0.00	0.00	0.00	2025-08-11 23:36:09.648617	2025-08-11 23:36:09.648621	\N	\N
399	128	\N	spent	service_consumption	0.00	0.00	12.00	0.00	2025-08-13 15:11:56.582792	2025-08-13 15:11:56.582795	\N	\N
400	129	\N	spent	service_consumption	0.00	0.00	23.00	0.00	2025-08-13 18:39:56.510985	2025-08-13 18:39:56.510988	\N	\N
401	303	\N	purchase	courtesy_tokens	500.00	0.00	0.00	500.00	2025-08-13 23:08:16.309077	2025-08-13 23:08:16.309082	\N	\N
402	32	\N	spent	service_consumption	0.00	56.00	0.00	0.00	2025-08-14 00:08:32.73475	2025-08-14 00:08:32.734756	\N	\N
403	110	\N	purchase	service_provision	56.00	0.00	0.00	0.00	2025-08-14 00:08:32.744404	2025-08-14 00:08:32.744407	\N	\N
404	32	\N	spent	service_consumption	0.00	56.00	0.00	0.00	2025-08-14 00:08:55.271001	2025-08-14 00:08:55.271004	\N	\N
405	110	\N	purchase	service_provision	56.00	0.00	0.00	0.00	2025-08-14 00:08:55.27897	2025-08-14 00:08:55.278973	\N	\N
406	32	\N	spent	service_consumption	0.00	0.00	60.00	0.00	2025-08-14 04:10:45.639936	2025-08-14 04:10:45.63994	\N	\N
407	32	\N	spent	service_consumption	0.00	150.00	0.00	0.00	2025-08-14 04:12:00.710865	2025-08-14 04:12:00.710868	\N	\N
408	135	\N	purchase	service_provision	150.00	0.00	0.00	0.00	2025-08-14 04:12:00.718305	2025-08-14 04:12:00.718308	\N	\N
409	32	59	purchase	purchase	1000.00	0.00	0.00	1000.00	2025-08-14 04:22:58.386576	2025-08-14 04:22:58.38658	\N	\N
410	32	60	purchase	purchase	7000.00	0.00	0.00	7000.00	2025-08-14 04:23:12.395166	2025-08-14 04:23:12.395169	\N	\N
411	32	\N	spent	service_consumption	0.00	0.00	8.00	0.00	2025-08-14 15:15:58.437062	2025-08-14 15:15:58.437066	\N	\N
412	288	\N	spent	service_consumption	0.00	0.00	8.00	0.00	2025-08-14 15:30:26.353665	2025-08-14 15:30:26.353669	\N	\N
413	76	\N	spent	service_consumption	0.00	25.00	0.00	0.00	2025-08-14 15:31:22.938923	2025-08-14 15:31:22.938927	\N	\N
414	97	\N	purchase	service_provision	25.00	0.00	0.00	0.00	2025-08-14 15:31:22.946276	2025-08-14 15:31:22.946279	\N	\N
415	304	\N	purchase	courtesy_tokens	500.00	0.00	0.00	500.00	2025-08-14 16:48:55.859258	2025-08-14 16:48:55.859263	\N	\N
416	32	\N	spent	service_consumption	0.00	0.00	69.00	0.00	2025-08-14 19:36:16.677066	2025-08-14 19:36:16.677069	\N	\N
417	303	61	purchase	purchase	2.00	0.00	0.00	2.00	2025-08-14 19:49:28.395963	2025-08-14 19:49:28.395969	\N	\N
418	303	62	purchase	purchase	111.00	0.00	0.00	111.00	2025-08-14 19:49:53.217433	2025-08-14 19:49:53.217438	\N	\N
419	32	\N	spent	service_consumption	0.00	69.00	0.00	0.00	2025-08-14 20:09:27.525515	2025-08-14 20:09:27.525519	\N	\N
420	94	\N	purchase	service_provision	69.00	0.00	0.00	0.00	2025-08-14 20:09:27.533197	2025-08-14 20:09:27.533201	\N	\N
421	303	\N	spent	service_consumption	0.00	0.00	8.00	0.00	2025-08-14 22:05:46.369964	2025-08-14 22:05:46.369967	\N	\N
422	32	\N	spent	service_consumption	0.00	0.00	200.00	0.00	2025-08-15 13:14:50.595957	2025-08-15 13:14:50.595962	\N	\N
423	76	\N	spent	service_consumption	0.00	25.00	0.00	0.00	2025-08-15 13:38:27.280353	2025-08-15 13:38:27.280358	\N	\N
424	97	\N	purchase	service_provision	25.00	0.00	0.00	0.00	2025-08-15 13:38:27.288559	2025-08-15 13:38:27.288563	\N	\N
425	129	\N	spent	service_consumption	0.00	50.00	0.00	0.00	2025-08-15 18:59:44.060092	2025-08-15 18:59:44.060096	\N	\N
426	23	\N	purchase	service_provision	50.00	0.00	0.00	0.00	2025-08-15 18:59:44.067719	2025-08-15 18:59:44.067723	\N	\N
427	32	\N	spent	service_consumption	0.00	0.00	50.00	0.00	2025-08-15 19:13:26.871105	2025-08-15 19:13:26.871109	\N	\N
428	32	\N	spent	service_consumption	0.00	0.00	200.00	0.00	2025-08-15 19:13:46.308104	2025-08-15 19:13:46.308108	\N	\N
429	288	\N	spent	service_consumption	0.00	0.00	5.00	0.00	2025-08-15 19:15:31.639802	2025-08-15 19:15:31.639805	\N	\N
430	94	\N	spent	service_consumption	0.00	0.00	8.00	0.00	2025-08-15 20:48:59.035233	2025-08-15 20:48:59.035237	\N	\N
431	94	\N	spent	service_consumption	0.00	0.00	8.00	0.00	2025-08-15 20:49:06.145089	2025-08-15 20:49:06.145093	\N	\N
432	94	\N	spent	service_consumption	0.00	0.00	8.00	0.00	2025-08-15 20:49:11.749297	2025-08-15 20:49:11.749301	\N	\N
433	299	\N	spent	service_consumption	0.00	0.00	69.00	0.00	2025-08-15 22:14:59.939269	2025-08-15 22:14:59.939273	\N	\N
434	299	\N	spent	service_consumption	0.00	0.00	69.00	0.00	2025-08-15 22:15:11.512223	2025-08-15 22:15:11.512227	\N	\N
435	299	\N	spent	service_consumption	0.00	0.00	69.00	0.00	2025-08-15 22:30:04.739142	2025-08-15 22:30:04.739145	\N	\N
436	299	\N	spent	service_consumption	0.00	0.00	69.00	0.00	2025-08-16 00:11:11.15925	2025-08-16 00:11:11.159253	\N	\N
437	299	\N	spent	service_consumption	0.00	0.00	69.00	0.00	2025-08-16 00:27:55.861295	2025-08-16 00:27:55.861298	\N	\N
438	299	\N	spent	service_consumption	0.00	0.00	69.00	0.00	2025-08-16 00:30:54.625694	2025-08-16 00:30:54.625698	\N	\N
439	32	\N	spent	service_consumption	0.00	0.00	5.00	0.00	2025-08-16 01:25:35.163489	2025-08-16 01:25:35.163493	\N	\N
440	32	\N	spent	service_consumption	0.00	0.00	8.00	0.00	2025-08-16 01:26:00.124057	2025-08-16 01:26:00.124061	\N	\N
441	32	\N	spent	service_consumption	0.00	0.00	200.00	0.00	2025-08-16 01:30:57.228364	2025-08-16 01:30:57.228368	\N	\N
442	32	\N	spent	service_consumption	0.00	0.00	80.00	0.00	2025-08-16 07:19:47.260733	2025-08-16 07:19:47.260737	\N	\N
443	32	\N	spent	service_consumption	0.00	0.00	150.00	0.00	2025-08-16 07:19:54.545459	2025-08-16 07:19:54.545463	\N	\N
444	32	\N	spent	service_consumption	0.00	0.00	150.00	0.00	2025-08-16 07:20:00.256259	2025-08-16 07:20:00.256263	\N	\N
445	32	\N	spent	service_consumption	0.00	0.00	150.00	0.00	2025-08-16 07:20:07.266229	2025-08-16 07:20:07.266232	\N	\N
446	32	\N	spent	service_consumption	0.00	0.00	80.00	0.00	2025-08-16 07:21:47.172425	2025-08-16 07:21:47.172429	\N	\N
447	32	\N	spent	service_consumption	0.00	0.00	80.00	0.00	2025-08-16 07:22:02.714277	2025-08-16 07:22:02.714281	\N	\N
448	32	\N	spent	service_consumption	0.00	0.00	80.00	0.00	2025-08-16 07:22:17.650276	2025-08-16 07:22:17.65028	\N	\N
449	32	\N	spent	service_consumption	0.00	0.00	80.00	0.00	2025-08-16 07:22:42.118313	2025-08-16 07:22:42.118317	\N	\N
450	32	\N	spent	service_consumption	0.00	0.00	80.00	0.00	2025-08-16 07:23:26.074929	2025-08-16 07:23:26.074933	\N	\N
451	32	\N	spent	service_consumption	0.00	0.00	80.00	0.00	2025-08-16 07:26:45.659829	2025-08-16 07:26:45.659832	\N	\N
452	32	\N	spent	service_consumption	0.00	0.00	80.00	0.00	2025-08-16 07:27:01.850992	2025-08-16 07:27:01.850995	\N	\N
453	266	\N	spent	service_consumption	0.00	0.00	5.00	0.00	2025-08-16 17:02:43.691505	2025-08-16 17:02:43.691509	\N	\N
456	32	\N	purchase	service_provision	53.00	0.00	0.00	0.00	2025-08-16 17:03:20.439943	2025-08-16 17:03:20.439946	\N	\N
454	266	\N	spent	service_consumption	0.00	0.00	5.00	0.00	2025-08-16 17:02:51.265885	2025-08-16 17:02:51.265889	\N	\N
458	288	\N	spent	service_consumption	0.00	5.00	0.00	0.00	2025-08-18 15:41:18.329173	2025-08-18 15:41:18.329177	\N	\N
460	305	\N	purchase	courtesy_tokens	500.00	0.00	0.00	500.00	2025-08-18 17:41:13.463641	2025-08-18 17:41:13.463645	\N	\N
455	266	\N	spent	service_consumption	0.00	53.00	0.00	0.00	2025-08-16 17:03:20.432191	2025-08-16 17:03:20.432194	\N	\N
457	266	\N	spent	service_consumption	0.00	0.00	8.00	0.00	2025-08-16 17:25:07.879082	2025-08-16 17:25:07.879086	\N	\N
459	32	\N	purchase	service_provision	5.00	0.00	0.00	0.00	2025-08-18 15:41:18.337922	2025-08-18 15:41:18.337925	\N	\N
461	139	\N	spent	service_consumption	0.00	150.00	0.00	0.00	2025-08-19 19:56:19.012611	2025-08-19 19:56:19.012615	\N	\N
462	135	\N	purchase	service_provision	150.00	0.00	0.00	0.00	2025-08-19 19:56:19.022547	2025-08-19 19:56:19.02255	\N	\N
463	139	\N	spent	service_consumption	0.00	0.00	8.00	0.00	2025-08-19 19:58:25.473279	2025-08-19 19:58:25.473282	\N	\N
464	129	\N	spent	service_consumption	0.00	1.00	0.00	0.00	2025-08-19 20:01:35.431485	2025-08-19 20:01:35.431488	\N	\N
465	128	\N	purchase	service_provision	1.00	0.00	0.00	0.00	2025-08-19 20:01:35.439102	2025-08-19 20:01:35.439105	\N	\N
466	306	\N	purchase	courtesy_tokens	500.00	0.00	0.00	500.00	2025-08-19 20:30:41.64822	2025-08-19 20:30:41.648224	\N	\N
467	280	\N	spent	service_consumption	0.00	0.00	50.00	0.00	2025-08-19 20:38:31.453778	2025-08-19 20:38:31.453781	\N	\N
468	32	\N	spent	service_consumption	0.00	0.00	50.00	0.00	2025-08-20 19:31:43.379829	2025-08-20 19:31:43.379835	\N	\N
469	118	\N	purchase	courtesy_tokens	10000.00	0.00	0.00	10000.00	2025-08-20 17:15:31.615241	2025-08-20 17:15:31.615241	\N	\N
470	118	\N	spent	service_consumption	0.00	0.00	650.00	0.00	2025-08-20 23:16:23.582057	2025-08-20 23:16:23.582061	\N	\N
471	32	63	purchase	purchase	10.00	0.00	0.00	10.00	2025-08-21 22:07:33.307196	2025-08-21 22:07:33.307202	\N	\N
472	139	\N	spent	service_consumption	0.00	0.00	5.00	0.00	2025-08-21 22:09:05.631135	2025-08-21 22:09:05.631139	\N	\N
473	139	\N	spent	service_consumption	0.00	0.00	50.00	0.00	2025-08-21 22:12:40.932067	2025-08-21 22:12:40.932071	\N	\N
474	32	\N	spent	service_consumption	0.00	0.00	50.00	0.00	2025-08-21 22:15:28.901157	2025-08-21 22:15:28.901161	\N	\N
475	32	\N	spent	service_consumption	0.00	0.00	350.00	0.00	2025-08-21 22:15:32.859812	2025-08-21 22:15:32.859816	\N	\N
476	32	\N	spent	service_consumption	0.00	0.00	60.00	0.00	2025-08-21 22:15:40.643049	2025-08-21 22:15:40.643053	\N	\N
477	32	\N	spent	service_consumption	0.00	0.00	2.00	0.00	2025-08-21 22:17:40.51119	2025-08-21 22:17:40.511193	\N	\N
478	32	\N	spent	service_consumption	0.00	0.00	150.00	0.00	2025-08-21 22:18:44.761692	2025-08-21 22:18:44.761696	\N	\N
479	139	\N	spent	service_consumption	0.00	0.00	23.00	0.00	2025-08-21 22:22:27.229659	2025-08-21 22:22:27.229663	\N	\N
480	32	\N	spent	service_consumption	0.00	0.00	8.00	0.00	2025-08-21 22:25:14.436531	2025-08-21 22:25:14.436535	\N	\N
481	32	64	purchase	purchase	7000.00	0.00	0.00	7000.00	2025-08-21 22:37:51.441593	2025-08-21 22:37:51.441596	\N	\N
482	32	65	purchase	purchase	7000.00	0.00	0.00	7000.00	2025-08-21 22:38:27.253966	2025-08-21 22:38:27.25397	\N	\N
483	32	\N	spent	service_consumption	0.00	0.00	50.00	0.00	2025-08-21 23:10:43.733613	2025-08-21 23:10:43.733617	\N	\N
484	110	\N	spent	service_consumption	0.00	0.00	500.00	0.00	2025-08-21 23:36:26.328018	2025-08-21 23:36:26.328022	\N	\N
485	110	\N	spent	service_consumption	0.00	0.00	950.00	0.00	2025-08-21 23:42:25.220092	2025-08-21 23:42:25.220096	\N	\N
486	32	\N	spent	service_consumption	0.00	0.00	500.00	0.00	2025-08-22 00:01:21.485372	2025-08-22 00:01:21.485376	\N	\N
487	94	\N	spent	service_consumption	0.00	0.00	150.00	0.00	2025-08-22 00:21:24.074185	2025-08-22 00:21:24.074188	\N	\N
488	32	\N	spent	service_consumption	0.00	0.00	10.00	0.00	2025-08-22 00:21:51.157624	2025-08-22 00:21:51.157628	\N	\N
489	128	\N	spent	service_consumption	0.00	0.00	200.00	0.00	2025-08-22 00:25:17.059095	2025-08-22 00:25:17.059099	\N	\N
490	32	66	purchase	purchase	7000.00	0.00	0.00	7000.00	2025-08-22 16:08:49.093829	2025-08-22 16:08:49.093832	\N	\N
\.


--
-- Data for Name: token_packs; Type: TABLE DATA; Schema: public; Owner: canteradigitalio_bateradmin
--

COPY public.token_packs (id, name, price, tokens, created_at, status, discount, is_deleted) FROM stdin;
6	Buen Fin	1000.00	111	2025-07-28 14:10:54.239357	active	0.00	f
4	Pack testing	15.00	7000	2025-05-16 19:02:08.838227	active	0.00	f
2	Pack 2	19.99	10000	2025-05-16 18:59:12.730156	active	0.00	f
5	string	1000.00	10	2025-07-28 12:39:10.363188	disabled	0.00	f
8		1000.00	0	2025-08-01 23:31:35.608913	active	0.00	f
9	Prueba	1000.00	10	2025-08-11 13:22:20.430471	active	0.00	f
10	Hola	1000.00	2	2025-08-11 14:08:16.498737	active	0.00	f
11		1000.00	0	2025-08-12 05:19:47.868826	active	0.00	f
12	Paquete Feliz	1000.00	40000000	2025-08-14 16:36:05.760976	active	0.00	f
13	Soporte	280.00	200	2025-08-19 15:56:13.193304	active	0.00	f
1	Pack 1	9.99	1000	2025-05-16 18:58:50.217776	active	30.00	f
3	Paque te alcance	9.99	12000	2025-05-16 18:59:51.388239	active	10.00	f
7	Delete package	9.99	100	2025-07-28 21:22:32.640798	active	8.99	f
14	Paquete pro	100.00	100	2025-08-21 17:12:53.285651	active	100.00	f
\.


--
-- Data for Name: token_user_balance; Type: TABLE DATA; Schema: public; Owner: canteradigitalio_bateradmin
--

COPY public.token_user_balance (id, user_id, tokens_obtained, tokens_spent, held_tokens, available_tokens, created_at, updated_at) FROM stdin;
17	2	10000.00	0.00	240.00	9760.00	2025-05-31 03:16:58.316806	2025-06-20 22:59:33.010415
39	80	10000.00	156.00	421.00	9423.00	2025-06-05 18:27:40.217409	2025-08-04 22:56:56.958685
43	144	500.00	130.00	110.00	260.00	2025-06-11 21:44:17.274892	2025-07-11 23:36:00.834851
72	295	500.00	0.00	0.00	500.00	2025-08-04 23:01:38.347285	2025-08-04 23:01:38.347289
21	131	100.00	0.00	0.00	100.00	2025-06-04 14:04:43.902303	2025-06-04 14:04:43.902306
69	290	500.00	0.00	0.00	500.00	2025-07-28 19:02:01.994403	2025-07-28 19:02:01.994407
80	303	500.00	0.00	8.00	605.00	2025-08-13 23:08:16.313179	2025-08-14 22:05:46.367576
79	302	500.00	0.00	0.00	550.00	2025-08-11 13:16:58.787482	2025-08-11 13:16:59.126155
16	129	50.00	51.00	75.00	24.00	2025-05-30 23:49:38.338122	2025-08-19 20:01:35.429279
24	132	100.00	0.00	0.00	100.00	2025-06-04 18:16:03.955812	2025-06-04 18:16:03.955816
25	133	100.00	0.00	0.00	100.00	2025-06-04 18:51:46.276224	2025-06-04 18:51:46.276228
54	266	500.00	55.00	71.00	374.00	2025-06-28 01:21:07.922147	2025-08-16 17:25:07.876244
12	23	0.00	33.00	167.00	11167.00	2025-05-28 18:34:04.44718	2025-06-04 19:10:05.612125
13	23	0.00	33.00	200.00	10967.00	2025-05-30 19:17:10.311222	2025-06-04 19:10:53.638673
76	299	500.00	0.00	414.00	8086.00	2025-08-08 03:46:14.433134	2025-08-16 00:30:54.623574
27	100	0.00	0.00	0.00	0.00	2025-06-04 23:43:43.738907	2025-06-04 23:43:43.738912
58	279	500.00	0.00	0.00	650.00	2025-07-11 21:43:00.425139	2025-07-12 00:23:11.838044
60	281	500.00	0.00	0.00	500.00	2025-07-12 01:33:14.087648	2025-07-12 01:33:14.087651
23	32	10008.00	1092.00	4269.00	104140.00	2025-06-04 16:06:23.946627	2025-08-22 16:08:49.087599
26	134	100.00	2.00	53.00	45.00	2025-06-04 23:34:02.849572	2025-06-05 01:53:15.320884
59	280	500.00	100.00	50.00	3350.00	2025-07-11 23:51:23.496501	2025-08-19 20:38:31.451581
70	292	500.00	0.00	0.00	500.00	2025-07-28 19:45:04.729811	2025-07-28 19:45:04.729815
55	77	0.00	0.00	0.00	0.00	2025-07-09 05:52:40.024721	2025-07-09 05:52:40.024725
78	301	500.00	56.00	50.00	394.00	2025-08-08 14:37:51.413577	2025-08-08 15:13:41.796311
11	23	0.00	33.00	200.00	11184.00	2025-05-28 17:02:24.849909	2025-08-15 18:59:44.065718
81	304	500.00	0.00	0.00	500.00	2025-08-14 16:48:55.863186	2025-08-14 16:48:55.863189
31	137	500.00	0.00	0.00	500.00	2025-06-05 17:13:52.274257	2025-06-05 17:13:52.27426
56	273	500.00	0.00	20.00	480.00	2025-07-09 23:27:11.340835	2025-07-09 23:29:30.722359
71	294	500.00	0.00	0.00	500.00	2025-08-04 16:40:57.33912	2025-08-04 16:40:57.339123
67	288	500.00	416.00	8.00	76.00	2025-07-18 17:10:56.588567	2025-08-18 15:41:18.326606
50	220	500.00	0.00	0.00	500.00	2025-06-23 23:02:01.038557	2025-06-23 23:02:01.038562
14	23	0.00	33.00	90.00	9877.00	2025-05-30 21:50:45.31044	2025-06-05 19:04:23.643866
32	138	500.00	0.00	0.00	500.00	2025-06-05 19:39:37.134366	2025-06-05 19:39:37.134371
57	274	500.00	0.00	0.00	500.00	2025-07-09 23:34:14.247547	2025-07-09 23:34:14.24755
51	221	500.00	0.00	0.00	500.00	2025-06-25 00:40:33.367321	2025-06-25 00:40:33.367325
3	23	0.00	100.00	-67.00	10767.00	2025-05-26 23:22:16.095057	2025-07-11 19:19:14.929048
86	78	0.00	0.00	0.00	0.00	2025-08-21 22:43:44.794815	2025-08-21 22:43:44.794819
36	140	500.00	0.00	0.00	500.00	2025-06-05 22:48:42.095051	2025-06-05 22:48:42.095055
37	141	500.00	0.00	0.00	500.00	2025-06-05 23:05:02.506359	2025-06-05 23:05:02.506362
4	23	0.00	0.00	210.00	10557.00	2025-05-28 02:12:35.806982	2025-07-11 19:54:32.071866
52	251	500.00	0.00	0.00	500.00	2025-06-25 23:30:51.190626	2025-06-25 23:30:51.190629
1	23	1000.00	0.00	1.00	12999.00	2025-05-26 19:47:31.392177	2025-08-01 19:50:16.457144
5	23	0.00	0.00	-90.00	10857.00	2025-05-28 02:21:23.323596	2025-07-11 20:01:05.675364
8	123	33.00	2.00	0.00	31.00	2025-05-28 16:52:19.729038	2025-06-11 00:48:04.011075
15	23	0.00	83.00	50.00	9867.00	2025-05-30 23:49:38.333174	2025-06-26 17:41:31.616043
40	142	500.00	0.00	0.00	500.00	2025-06-11 16:22:42.90495	2025-06-11 16:22:42.904955
41	127	0.00	0.00	0.00	0.00	2025-06-11 21:33:17.630627	2025-06-11 21:33:17.63063
42	143	500.00	0.00	0.00	500.00	2025-06-11 21:34:55.759454	2025-06-11 21:34:55.759458
38	110	0.00	25.00	1492.00	24835.00	2025-06-05 23:30:05.923984	2025-08-21 23:42:25.217585
6	23	0.00	0.00	43.00	10724.00	2025-05-28 16:51:12.74601	2025-07-11 20:02:04.119243
7	23	0.00	33.00	0.00	10734.00	2025-05-28 16:52:19.724635	2025-07-11 20:03:46.357235
44	145	500.00	0.00	0.00	500.00	2025-06-13 20:02:01.397591	2025-06-13 20:02:01.397595
45	64	0.00	0.00	0.00	0.00	2025-06-15 06:11:48.651432	2025-06-15 06:11:48.651436
68	289	500.00	0.00	20.00	480.00	2025-07-18 21:14:44.39421	2025-07-22 14:56:08.258618
61	282	500.00	0.00	0.00	500.00	2025-07-14 16:49:34.478908	2025-07-14 16:49:34.478912
46	216	500.00	0.00	0.00	500.00	2025-06-20 20:32:42.278737	2025-06-20 20:32:42.278741
47	217	500.00	0.00	0.00	500.00	2025-06-20 20:42:50.790006	2025-06-20 20:42:50.790009
48	218	500.00	0.00	0.00	500.00	2025-06-20 20:52:48.024826	2025-06-20 20:52:48.02483
49	219	500.00	0.00	0.00	500.00	2025-06-20 21:03:35.925805	2025-06-20 21:03:35.925808
10	23	0.00	33.00	201.00	11333.00	2025-05-28 17:02:04.225537	2025-08-07 20:59:56.213616
62	283	500.00	0.00	0.00	500.00	2025-07-14 23:35:40.972742	2025-07-14 23:35:40.972745
74	297	500.00	0.00	0.00	500.00	2025-08-08 02:43:12.177038	2025-08-08 02:43:12.177043
53	265	500.00	0.00	2.00	498.00	2025-06-26 19:58:11.939759	2025-06-27 16:01:34.284097
75	298	500.00	0.00	0.00	500.00	2025-08-08 02:45:07.151733	2025-08-08 02:45:07.151737
2	23	0.00	0.00	250.00	22750.00	2025-05-26 23:15:49.78984	2025-06-27 18:08:09.396149
20	17	0.00	0.00	50.00	70.00	2025-06-02 06:35:44.678661	2025-07-11 23:30:30.165531
63	284	500.00	169.00	133.00	198.00	2025-07-15 17:44:42.673825	2025-07-16 23:19:02.578704
64	285	500.00	237.00	193.00	70.00	2025-07-16 19:41:11.851811	2025-07-28 21:12:38.860115
65	286	500.00	0.00	100.00	400.00	2025-07-16 23:38:09.398516	2025-07-16 23:46:39.018722
28	135	100.00	0.00	0.00	408.00	2025-06-05 00:56:23.636245	2025-08-19 19:56:19.020461
66	287	500.00	0.00	0.00	737.00	2025-07-17 15:41:23.115829	2025-07-28 21:12:38.868971
9	23	0.00	73.00	160.00	10634.00	2025-05-28 16:53:08.267329	2025-07-28 21:29:04.461641
73	296	500.00	0.00	0.00	500.00	2025-08-06 23:15:52.497432	2025-08-06 23:15:52.497436
77	300	500.00	0.00	0.00	500.00	2025-08-08 13:16:52.60508	2025-08-08 13:16:52.605084
83	306	500.00	0.00	0.00	500.00	2025-08-19 20:30:41.651855	2025-08-19 20:30:41.651858
22	128	0.00	56.00	472.00	9473.00	2025-06-04 15:04:51.800401	2025-08-22 00:25:17.056705
18	76	10000.00	54.00	2713.00	7508.00	2025-06-01 18:53:44.422263	2025-08-15 13:38:27.2777
82	305	500.00	0.00	0.00	500.00	2025-08-18 17:41:13.467669	2025-08-18 17:41:13.467673
19	97	0.00	0.00	0.00	50.00	2025-06-01 18:55:09.450578	2025-08-15 13:38:27.286518
34	139	500.00	162.00	282.00	56.00	2025-06-05 20:39:25.525961	2025-08-21 22:22:27.226979
85	118	10000.00	0.00	0.00	10000.00	2025-08-20 17:16:02.368319	2025-08-20 17:16:13.57925
84	118	10000.00	0.00	650.00	9350.00	2025-08-20 23:10:48.724378	2025-08-20 23:16:23.579781
35	94	10000.00	156.00	2463.00	7519.00	2025-06-05 21:34:56.567652	2025-08-22 00:21:24.071703
\.


--
-- Data for Name: user_roles; Type: TABLE DATA; Schema: public; Owner: canteradigitalio_bateradmin
--

COPY public.user_roles (user_id, role_id) FROM stdin;
14	3
39	3
26	3
34	3
23	3
8	3
18	3
10	3
35	3
24	3
21	3
13	3
20	3
40	3
56	3
30	3
64	1
31	3
32	3
25	3
46	3
37	3
38	3
267	17
47	3
59	3
48	3
49	3
51	3
50	3
58	3
57	3
17	3
60	3
61	3
2	3
66	3
67	3
68	3
70	3
71	3
72	3
73	3
74	3
76	3
77	3
78	3
79	3
80	3
81	3
82	3
83	3
84	3
85	3
86	3
91	3
92	3
93	3
94	3
96	3
97	3
100	3
101	3
102	3
103	3
104	3
105	3
107	3
109	3
110	3
111	3
116	3
117	3
118	3
119	3
120	3
121	3
123	3
126	3
127	3
128	3
129	3
130	3
131	3
132	3
133	3
134	3
135	3
137	3
138	3
139	3
140	3
141	3
142	3
143	3
144	3
145	3
151	2
152	1
153	1
154	1
155	1
156	1
157	1
158	1
159	1
160	1
161	1
162	1
163	1
164	1
165	1
166	1
167	1
168	1
169	1
170	1
171	1
172	1
173	1
174	1
175	1
176	1
177	1
178	1
179	1
180	1
181	1
182	1
183	1
184	1
185	1
186	1
187	1
188	1
189	1
190	1
191	1
192	1
193	1
194	1
195	1
196	1
197	1
198	1
199	1
200	1
201	1
202	1
203	1
204	1
205	1
206	1
207	1
208	1
209	1
210	1
211	1
212	1
213	1
214	1
215	1
216	3
217	3
218	3
219	3
220	3
221	3
222	1
223	1
224	1
225	1
226	1
227	1
228	1
229	1
231	1
232	1
233	1
234	1
235	1
236	1
237	1
240	1
244	1
247	1
268	1
270	24
273	3
276	44
277	17
279	3
282	3
288	3
292	3
248	47
293	1
299	3
300	3
303	3
306	3
241	1
245	1
264	38
269	24
272	1
274	3
280	3
284	3
286	3
289	3
294	3
249	47
230	48
238	48
243	48
296	3
297	3
301	3
304	3
239	1
246	1
271	38
275	41
278	17
251	3
250	1
281	3
283	3
285	3
242	1
287	3
290	3
291	2
295	3
298	3
302	3
305	3
252	1
253	2
254	1
255	1
256	1
257	1
258	1
259	1
262	1
260	1
261	2
263	2
265	3
266	3
150	1
\.


--
-- Data for Name: verification_codes; Type: TABLE DATA; Schema: public; Owner: canteradigitalio_bateradmin
--

COPY public.verification_codes (id, user_id, code, expires_at, purpose) FROM stdin;
31	42	233555	2025-04-12 00:10:40.440797	change_email
39	94	921509	2025-04-22 17:46:16.347586	change_email
41	109	943426	2025-05-05 20:55:36.96242	change_email
45	115	150010	2025-05-08 01:39:50.806864	change_email
47	125	357607	2025-05-26 20:49:12.619623	change_email
\.



--
-- Name: group_user_permissions _chat_user_uc; Type: CONSTRAINT; Schema: public; Owner: canteradigitalio_bateradmin
--

ALTER TABLE ONLY public.group_user_permissions
    ADD CONSTRAINT _chat_user_uc UNIQUE (chat_id, user_id);


--
-- Name: actions actions_name_key; Type: CONSTRAINT; Schema: public; Owner: canteradigitalio_bateradmin
--

ALTER TABLE ONLY public.actions
    ADD CONSTRAINT actions_name_key UNIQUE (name);


--
-- Name: actions actions_pkey; Type: CONSTRAINT; Schema: public; Owner: canteradigitalio_bateradmin
--

ALTER TABLE ONLY public.actions
    ADD CONSTRAINT actions_pkey PRIMARY KEY (id);


--
-- Name: addresses addresses_pkey; Type: CONSTRAINT; Schema: public; Owner: canteradigitalio_bateradmin
--

ALTER TABLE ONLY public.addresses
    ADD CONSTRAINT addresses_pkey PRIMARY KEY (id);


--
-- Name: alembic_version alembic_version_pkc; Type: CONSTRAINT; Schema: public; Owner: canteradigitalio_bateradmin
--

ALTER TABLE ONLY public.alembic_version
    ADD CONSTRAINT alembic_version_pkc PRIMARY KEY (version_num);


--
-- Name: blocked_chat_users blocked_chat_users_blocker_id_blocked_id_key; Type: CONSTRAINT; Schema: public; Owner: canteradigitalio_bateradmin
--

ALTER TABLE ONLY public.blocked_chat_users
    ADD CONSTRAINT blocked_chat_users_blocker_id_blocked_id_key UNIQUE (blocker_id, blocked_id);


--
-- Name: blocked_chat_users blocked_chat_users_pkey; Type: CONSTRAINT; Schema: public; Owner: canteradigitalio_bateradmin
--

ALTER TABLE ONLY public.blocked_chat_users
    ADD CONSTRAINT blocked_chat_users_pkey PRIMARY KEY (id);


--
-- Name: blocked_users blocked_users_blocker_id_blocked_id_key; Type: CONSTRAINT; Schema: public; Owner: canteradigitalio_bateradmin
--

ALTER TABLE ONLY public.blocked_users
    ADD CONSTRAINT blocked_users_blocker_id_blocked_id_key UNIQUE (blocker_id, blocked_id);


--
-- Name: blocked_users blocked_users_pkey; Type: CONSTRAINT; Schema: public; Owner: canteradigitalio_bateradmin
--

ALTER TABLE ONLY public.blocked_users
    ADD CONSTRAINT blocked_users_pkey PRIMARY KEY (id);


--
-- Name: call_logs call_logs_pkey; Type: CONSTRAINT; Schema: public; Owner: canteradigitalio_bateradmin
--

ALTER TABLE ONLY public.call_logs
    ADD CONSTRAINT call_logs_pkey PRIMARY KEY (id);


--
-- Name: categories categories_name_key; Type: CONSTRAINT; Schema: public; Owner: canteradigitalio_bateradmin
--

ALTER TABLE ONLY public.categories
    ADD CONSTRAINT categories_name_key UNIQUE (name);


--
-- Name: categories categories_pkey; Type: CONSTRAINT; Schema: public; Owner: canteradigitalio_bateradmin
--

ALTER TABLE ONLY public.categories
    ADD CONSTRAINT categories_pkey PRIMARY KEY (id);


--
-- Name: chats chats_code_key; Type: CONSTRAINT; Schema: public; Owner: canteradigitalio_bateradmin
--

ALTER TABLE ONLY public.chats
    ADD CONSTRAINT chats_code_key UNIQUE (code);


--
-- Name: chats chats_pkey; Type: CONSTRAINT; Schema: public; Owner: canteradigitalio_bateradmin
--

ALTER TABLE ONLY public.chats
    ADD CONSTRAINT chats_pkey PRIMARY KEY (id);


--
-- Name: evaluation_categories evaluation_categories_pkey; Type: CONSTRAINT; Schema: public; Owner: canteradigitalio_bateradmin
--

ALTER TABLE ONLY public.evaluation_categories
    ADD CONSTRAINT evaluation_categories_pkey PRIMARY KEY (id);


--
-- Name: evaluation_questions evaluation_questions_pkey; Type: CONSTRAINT; Schema: public; Owner: canteradigitalio_bateradmin
--

ALTER TABLE ONLY public.evaluation_questions
    ADD CONSTRAINT evaluation_questions_pkey PRIMARY KEY (id);


--
-- Name: favorite_services favorite_services_pkey; Type: CONSTRAINT; Schema: public; Owner: canteradigitalio_bateradmin
--

ALTER TABLE ONLY public.favorite_services
    ADD CONSTRAINT favorite_services_pkey PRIMARY KEY (id);


--
-- Name: group_invitations group_invitations_pkey; Type: CONSTRAINT; Schema: public; Owner: canteradigitalio_bateradmin
--

ALTER TABLE ONLY public.group_invitations
    ADD CONSTRAINT group_invitations_pkey PRIMARY KEY (id);


--
-- Name: group_join_requests group_join_requests_pkey; Type: CONSTRAINT; Schema: public; Owner: canteradigitalio_bateradmin
--

ALTER TABLE ONLY public.group_join_requests
    ADD CONSTRAINT group_join_requests_pkey PRIMARY KEY (id);


--
-- Name: group_user_permissions group_user_permissions_pkey; Type: CONSTRAINT; Schema: public; Owner: canteradigitalio_bateradmin
--

ALTER TABLE ONLY public.group_user_permissions
    ADD CONSTRAINT group_user_permissions_pkey PRIMARY KEY (id);


--
-- Name: messages messages_pkey; Type: CONSTRAINT; Schema: public; Owner: canteradigitalio_bateradmin
--

ALTER TABLE ONLY public.messages
    ADD CONSTRAINT messages_pkey PRIMARY KEY (id);


--
-- Name: module_action module_action_pkey; Type: CONSTRAINT; Schema: public; Owner: canteradigitalio_bateradmin
--

ALTER TABLE ONLY public.module_action
    ADD CONSTRAINT module_action_pkey PRIMARY KEY (module_id, action_id);


--
-- Name: modules modules_name_key; Type: CONSTRAINT; Schema: public; Owner: canteradigitalio_bateradmin
--

ALTER TABLE ONLY public.modules
    ADD CONSTRAINT modules_name_key UNIQUE (name);


--
-- Name: modules modules_pkey; Type: CONSTRAINT; Schema: public; Owner: canteradigitalio_bateradmin
--

ALTER TABLE ONLY public.modules
    ADD CONSTRAINT modules_pkey PRIMARY KEY (id);


--
-- Name: notifications notifications_pkey; Type: CONSTRAINT; Schema: public; Owner: canteradigitalio_bateradmin
--

ALTER TABLE ONLY public.notifications
    ADD CONSTRAINT notifications_pkey PRIMARY KEY (id);


--
-- Name: organization_types organization_types_pkey; Type: CONSTRAINT; Schema: public; Owner: canteradigitalio_bateradmin
--

ALTER TABLE ONLY public.organization_types
    ADD CONSTRAINT organization_types_pkey PRIMARY KEY (id);


--
-- Name: participants participants_pkey; Type: CONSTRAINT; Schema: public; Owner: canteradigitalio_bateradmin
--

ALTER TABLE ONLY public.participants
    ADD CONSTRAINT participants_pkey PRIMARY KEY (id);


--
-- Name: profiles profiles_pkey; Type: CONSTRAINT; Schema: public; Owner: canteradigitalio_bateradmin
--

ALTER TABLE ONLY public.profiles
    ADD CONSTRAINT profiles_pkey PRIMARY KEY (id);


--
-- Name: profiles profiles_user_id_key; Type: CONSTRAINT; Schema: public; Owner: canteradigitalio_bateradmin
--

ALTER TABLE ONLY public.profiles
    ADD CONSTRAINT profiles_user_id_key UNIQUE (user_id);


--
-- Name: referral_codes referral_codes_pkey; Type: CONSTRAINT; Schema: public; Owner: canteradigitalio_bateradmin
--

ALTER TABLE ONLY public.referral_codes
    ADD CONSTRAINT referral_codes_pkey PRIMARY KEY (id);


--
-- Name: referral_usages referral_usages_pkey; Type: CONSTRAINT; Schema: public; Owner: canteradigitalio_bateradmin
--

ALTER TABLE ONLY public.referral_usages
    ADD CONSTRAINT referral_usages_pkey PRIMARY KEY (id);


--
-- Name: referrals referrals_pkey; Type: CONSTRAINT; Schema: public; Owner: canteradigitalio_bateradmin
--

ALTER TABLE ONLY public.referrals
    ADD CONSTRAINT referrals_pkey PRIMARY KEY (id);


--
-- Name: reported_general_users reported_general_users_pkey; Type: CONSTRAINT; Schema: public; Owner: canteradigitalio_bateradmin
--

ALTER TABLE ONLY public.reported_general_users
    ADD CONSTRAINT reported_general_users_pkey PRIMARY KEY (id);


--
-- Name: reported_users reported_users_pkey; Type: CONSTRAINT; Schema: public; Owner: canteradigitalio_bateradmin
--

ALTER TABLE ONLY public.reported_users
    ADD CONSTRAINT reported_users_pkey PRIMARY KEY (id);


--
-- Name: review_answers review_answers_pkey; Type: CONSTRAINT; Schema: public; Owner: canteradigitalio_bateradmin
--

ALTER TABLE ONLY public.review_answers
    ADD CONSTRAINT review_answers_pkey PRIMARY KEY (id);


--
-- Name: role_module_action role_module_action_pkey; Type: CONSTRAINT; Schema: public; Owner: canteradigitalio_bateradmin
--

ALTER TABLE ONLY public.role_module_action
    ADD CONSTRAINT role_module_action_pkey PRIMARY KEY (role_id, module_id, action_id);


--
-- Name: roles roles_name_key; Type: CONSTRAINT; Schema: public; Owner: canteradigitalio_bateradmin
--

ALTER TABLE ONLY public.roles
    ADD CONSTRAINT roles_name_key UNIQUE (name);


--
-- Name: roles roles_pkey; Type: CONSTRAINT; Schema: public; Owner: canteradigitalio_bateradmin
--

ALTER TABLE ONLY public.roles
    ADD CONSTRAINT roles_pkey PRIMARY KEY (id);


--
-- Name: scheduled_jobs scheduled_jobs_pkey; Type: CONSTRAINT; Schema: public; Owner: canteradigitalio_bateradmin
--

ALTER TABLE ONLY public.scheduled_jobs
    ADD CONSTRAINT scheduled_jobs_pkey PRIMARY KEY (id);


--
-- Name: service_applications service_applications_pkey; Type: CONSTRAINT; Schema: public; Owner: canteradigitalio_bateradmin
--

ALTER TABLE ONLY public.service_applications
    ADD CONSTRAINT service_applications_pkey PRIMARY KEY (id);


--
-- Name: service_petitions service_petitions_pkey; Type: CONSTRAINT; Schema: public; Owner: canteradigitalio_bateradmin
--

ALTER TABLE ONLY public.service_petitions
    ADD CONSTRAINT service_petitions_pkey PRIMARY KEY (id);


--
-- Name: service_request_reviews service_request_reviews_pkey; Type: CONSTRAINT; Schema: public; Owner: canteradigitalio_bateradmin
--

ALTER TABLE ONLY public.service_request_reviews
    ADD CONSTRAINT service_request_reviews_pkey PRIMARY KEY (id);


--
-- Name: service_requests service_requests_pkey; Type: CONSTRAINT; Schema: public; Owner: canteradigitalio_bateradmin
--

ALTER TABLE ONLY public.service_requests
    ADD CONSTRAINT service_requests_pkey PRIMARY KEY (id);


--
-- Name: service_schedules service_schedules_pkey; Type: CONSTRAINT; Schema: public; Owner: canteradigitalio_bateradmin
--

ALTER TABLE ONLY public.service_schedules
    ADD CONSTRAINT service_schedules_pkey PRIMARY KEY (id);


--
-- Name: service_validation_documents service_validation_documents_pkey; Type: CONSTRAINT; Schema: public; Owner: canteradigitalio_bateradmin
--

ALTER TABLE ONLY public.service_validation_documents
    ADD CONSTRAINT service_validation_documents_pkey PRIMARY KEY (id);


--
-- Name: services services_pkey; Type: CONSTRAINT; Schema: public; Owner: canteradigitalio_bateradmin
--

ALTER TABLE ONLY public.services
    ADD CONSTRAINT services_pkey PRIMARY KEY (id);


--
-- Name: support_assist_requests support_assist_requests_pkey; Type: CONSTRAINT; Schema: public; Owner: canteradigitalio_bateradmin
--

ALTER TABLE ONLY public.support_assist_requests
    ADD CONSTRAINT support_assist_requests_pkey PRIMARY KEY (id);


--
-- Name: token_algorithm_params token_algorithm_params_pkey; Type: CONSTRAINT; Schema: public; Owner: canteradigitalio_bateradmin
--

ALTER TABLE ONLY public.token_algorithm_params
    ADD CONSTRAINT token_algorithm_params_pkey PRIMARY KEY (id);


--
-- Name: token_history token_history_pkey; Type: CONSTRAINT; Schema: public; Owner: canteradigitalio_bateradmin
--

ALTER TABLE ONLY public.token_history
    ADD CONSTRAINT token_history_pkey PRIMARY KEY (id);


--
-- Name: token_operations token_operations_pkey; Type: CONSTRAINT; Schema: public; Owner: canteradigitalio_bateradmin
--

ALTER TABLE ONLY public.token_operations
    ADD CONSTRAINT token_operations_pkey PRIMARY KEY (id);


--
-- Name: token_packs token_packs_pkey; Type: CONSTRAINT; Schema: public; Owner: canteradigitalio_bateradmin
--

ALTER TABLE ONLY public.token_packs
    ADD CONSTRAINT token_packs_pkey PRIMARY KEY (id);


--
-- Name: token_user_balance token_user_balance_pkey; Type: CONSTRAINT; Schema: public; Owner: canteradigitalio_bateradmin
--

ALTER TABLE ONLY public.token_user_balance
    ADD CONSTRAINT token_user_balance_pkey PRIMARY KEY (id);


--
-- Name: referral_usages uq_referral_usages_code_user; Type: CONSTRAINT; Schema: public; Owner: canteradigitalio_bateradmin
--

ALTER TABLE ONLY public.referral_usages
    ADD CONSTRAINT uq_referral_usages_code_user UNIQUE (referral_code_id, referred_user_id);


--
-- Name: verification_codes verification_codes_pkey; Type: CONSTRAINT; Schema: public; Owner: canteradigitalio_bateradmin
--

ALTER TABLE ONLY public.verification_codes
    ADD CONSTRAINT verification_codes_pkey PRIMARY KEY (id);


--
-- Name: ix_actions_id; Type: INDEX; Schema: public; Owner: canteradigitalio_bateradmin
--

CREATE INDEX ix_actions_id ON public.actions USING btree (id);


--
-- Name: ix_addresses_id; Type: INDEX; Schema: public; Owner: canteradigitalio_bateradmin
--

CREATE INDEX ix_addresses_id ON public.addresses USING btree (id);


--
-- Name: ix_blocked_chat_users_id; Type: INDEX; Schema: public; Owner: canteradigitalio_bateradmin
--

CREATE INDEX ix_blocked_chat_users_id ON public.blocked_chat_users USING btree (id);


--
-- Name: ix_blocked_users_id; Type: INDEX; Schema: public; Owner: canteradigitalio_bateradmin
--

CREATE INDEX ix_blocked_users_id ON public.blocked_users USING btree (id);


--
-- Name: ix_call_logs_id; Type: INDEX; Schema: public; Owner: canteradigitalio_bateradmin
--

CREATE INDEX ix_call_logs_id ON public.call_logs USING btree (id);


--
-- Name: ix_categories_id; Type: INDEX; Schema: public; Owner: canteradigitalio_bateradmin
--

CREATE INDEX ix_categories_id ON public.categories USING btree (id);


--
-- Name: ix_chats_id; Type: INDEX; Schema: public; Owner: canteradigitalio_bateradmin
--

CREATE INDEX ix_chats_id ON public.chats USING btree (id);


--
-- Name: ix_evaluation_categories_id; Type: INDEX; Schema: public; Owner: canteradigitalio_bateradmin
--

CREATE INDEX ix_evaluation_categories_id ON public.evaluation_categories USING btree (id);


--
-- Name: ix_evaluation_questions_id; Type: INDEX; Schema: public; Owner: canteradigitalio_bateradmin
--

CREATE INDEX ix_evaluation_questions_id ON public.evaluation_questions USING btree (id);


--
-- Name: ix_favorite_services_id; Type: INDEX; Schema: public; Owner: canteradigitalio_bateradmin
--

CREATE INDEX ix_favorite_services_id ON public.favorite_services USING btree (id);


--
-- Name: ix_group_invitations_code; Type: INDEX; Schema: public; Owner: canteradigitalio_bateradmin
--

CREATE UNIQUE INDEX ix_group_invitations_code ON public.group_invitations USING btree (code);


--
-- Name: ix_group_invitations_id; Type: INDEX; Schema: public; Owner: canteradigitalio_bateradmin
--

CREATE INDEX ix_group_invitations_id ON public.group_invitations USING btree (id);


--
-- Name: ix_group_user_permissions_id; Type: INDEX; Schema: public; Owner: canteradigitalio_bateradmin
--

CREATE INDEX ix_group_user_permissions_id ON public.group_user_permissions USING btree (id);


--
-- Name: ix_messages_id; Type: INDEX; Schema: public; Owner: canteradigitalio_bateradmin
--

CREATE INDEX ix_messages_id ON public.messages USING btree (id);


--
-- Name: ix_modules_id; Type: INDEX; Schema: public; Owner: canteradigitalio_bateradmin
--

CREATE INDEX ix_modules_id ON public.modules USING btree (id);


--
-- Name: ix_notifications_id; Type: INDEX; Schema: public; Owner: canteradigitalio_bateradmin
--

CREATE INDEX ix_notifications_id ON public.notifications USING btree (id);


--
-- Name: ix_participants_id; Type: INDEX; Schema: public; Owner: canteradigitalio_bateradmin
--

CREATE INDEX ix_participants_id ON public.participants USING btree (id);


--
-- Name: ix_profiles_id; Type: INDEX; Schema: public; Owner: canteradigitalio_bateradmin
--

CREATE INDEX ix_profiles_id ON public.profiles USING btree (id);


--
-- Name: ix_referral_codes_referral_code; Type: INDEX; Schema: public; Owner: canteradigitalio_bateradmin
--

CREATE UNIQUE INDEX ix_referral_codes_referral_code ON public.referral_codes USING btree (referral_code);


--
-- Name: ix_referral_usages_referral_code_id; Type: INDEX; Schema: public; Owner: canteradigitalio_bateradmin
--

CREATE INDEX ix_referral_usages_referral_code_id ON public.referral_usages USING btree (referral_code_id);


--
-- Name: ix_referral_usages_referred_user_id; Type: INDEX; Schema: public; Owner: canteradigitalio_bateradmin
--

CREATE INDEX ix_referral_usages_referred_user_id ON public.referral_usages USING btree (referred_user_id);


--
-- Name: ix_referrals_id; Type: INDEX; Schema: public; Owner: canteradigitalio_bateradmin
--

CREATE INDEX ix_referrals_id ON public.referrals USING btree (id);


--
-- Name: ix_referrals_referral_code; Type: INDEX; Schema: public; Owner: canteradigitalio_bateradmin
--

CREATE INDEX ix_referrals_referral_code ON public.referrals USING btree (referral_code);


--
-- Name: ix_reported_general_users_id; Type: INDEX; Schema: public; Owner: canteradigitalio_bateradmin
--

CREATE INDEX ix_reported_general_users_id ON public.reported_general_users USING btree (id);


--
-- Name: ix_reported_users_id; Type: INDEX; Schema: public; Owner: canteradigitalio_bateradmin
--

CREATE INDEX ix_reported_users_id ON public.reported_users USING btree (id);


--
-- Name: ix_review_answers_id; Type: INDEX; Schema: public; Owner: canteradigitalio_bateradmin
--

CREATE INDEX ix_review_answers_id ON public.review_answers USING btree (id);


--
-- Name: ix_scheduled_jobs_next_run_time; Type: INDEX; Schema: public; Owner: canteradigitalio_bateradmin
--

CREATE INDEX ix_scheduled_jobs_next_run_time ON public.scheduled_jobs USING btree (next_run_time);


--
-- Name: ix_service_applications_id; Type: INDEX; Schema: public; Owner: canteradigitalio_bateradmin
--

CREATE INDEX ix_service_applications_id ON public.service_applications USING btree (id);


--
-- Name: ix_service_petitions_id; Type: INDEX; Schema: public; Owner: canteradigitalio_bateradmin
--

CREATE INDEX ix_service_petitions_id ON public.service_petitions USING btree (id);


--
-- Name: ix_service_request_reviews_id; Type: INDEX; Schema: public; Owner: canteradigitalio_bateradmin
--

CREATE INDEX ix_service_request_reviews_id ON public.service_request_reviews USING btree (id);


--
-- Name: ix_service_requests_id; Type: INDEX; Schema: public; Owner: canteradigitalio_bateradmin
--

CREATE INDEX ix_service_requests_id ON public.service_requests USING btree (id);


--
-- Name: ix_service_schedules_id; Type: INDEX; Schema: public; Owner: canteradigitalio_bateradmin
--

CREATE INDEX ix_service_schedules_id ON public.service_schedules USING btree (id);


--
-- Name: ix_service_validation_documents_id; Type: INDEX; Schema: public; Owner: canteradigitalio_bateradmin
--

CREATE INDEX ix_service_validation_documents_id ON public.service_validation_documents USING btree (id);


--
-- Name: ix_services_id; Type: INDEX; Schema: public; Owner: canteradigitalio_bateradmin
--

CREATE INDEX ix_services_id ON public.services USING btree (id);


--
-- Name: ix_support_assist_requests_folio_number; Type: INDEX; Schema: public; Owner: canteradigitalio_bateradmin
--

CREATE UNIQUE INDEX ix_support_assist_requests_folio_number ON public.support_assist_requests USING btree (folio_number);


--
-- Name: ix_support_assist_requests_id; Type: INDEX; Schema: public; Owner: canteradigitalio_bateradmin
--

CREATE INDEX ix_support_assist_requests_id ON public.support_assist_requests USING btree (id);


--
-- Name: ix_token_algorithm_params_is_active; Type: INDEX; Schema: public; Owner: canteradigitalio_bateradmin
--

CREATE INDEX ix_token_algorithm_params_is_active ON public.token_algorithm_params USING btree (is_active);


--
-- Name: ix_token_history_id; Type: INDEX; Schema: public; Owner: canteradigitalio_bateradmin
--

CREATE INDEX ix_token_history_id ON public.token_history USING btree (id);


--
-- Name: ix_token_operations_id; Type: INDEX; Schema: public; Owner: canteradigitalio_bateradmin
--

CREATE UNIQUE INDEX ix_token_operations_id ON public.token_operations USING btree (id);


--
-- Name: ix_token_packs_id; Type: INDEX; Schema: public; Owner: canteradigitalio_bateradmin
--

CREATE INDEX ix_token_packs_id ON public.token_packs USING btree (id);


--
-- Name: ix_token_user_balance_id; Type: INDEX; Schema: public; Owner: canteradigitalio_bateradmin
--

CREATE UNIQUE INDEX ix_token_user_balance_id ON public.token_user_balance USING btree (id);


--
-- Name: ix_verification_codes_code; Type: INDEX; Schema: public; Owner: canteradigitalio_bateradmin
--

CREATE INDEX ix_verification_codes_code ON public.verification_codes USING btree (code);


--
-- Name: ix_verification_codes_id; Type: INDEX; Schema: public; Owner: canteradigitalio_bateradmin
--

CREATE INDEX ix_verification_codes_id ON public.verification_codes USING btree (id);


--
-- Name: addresses addresses_user_id_fkey; Type: FK CONSTRAINT; Schema: public; Owner: canteradigitalio_bateradmin
--

ALTER TABLE ONLY public.addresses
    ADD CONSTRAINT addresses_user_id_fkey FOREIGN KEY (user_id) REFERENCES public.users(id) ON DELETE CASCADE;


--
-- Name: blocked_chat_users blocked_chat_users_blocked_id_fkey; Type: FK CONSTRAINT; Schema: public; Owner: canteradigitalio_bateradmin
--

ALTER TABLE ONLY public.blocked_chat_users
    ADD CONSTRAINT blocked_chat_users_blocked_id_fkey FOREIGN KEY (blocked_id) REFERENCES public.users(id);


--
-- Name: blocked_chat_users blocked_chat_users_blocker_id_fkey; Type: FK CONSTRAINT; Schema: public; Owner: canteradigitalio_bateradmin
--

ALTER TABLE ONLY public.blocked_chat_users
    ADD CONSTRAINT blocked_chat_users_blocker_id_fkey FOREIGN KEY (blocker_id) REFERENCES public.users(id);


--
-- Name: blocked_users blocked_users_blocked_id_fkey; Type: FK CONSTRAINT; Schema: public; Owner: canteradigitalio_bateradmin
--

ALTER TABLE ONLY public.blocked_users
    ADD CONSTRAINT blocked_users_blocked_id_fkey FOREIGN KEY (blocked_id) REFERENCES public.users(id);


--
-- Name: blocked_users blocked_users_blocker_id_fkey; Type: FK CONSTRAINT; Schema: public; Owner: canteradigitalio_bateradmin
--

ALTER TABLE ONLY public.blocked_users
    ADD CONSTRAINT blocked_users_blocker_id_fkey FOREIGN KEY (blocker_id) REFERENCES public.users(id);


--
-- Name: call_logs call_logs_caller_id_fkey; Type: FK CONSTRAINT; Schema: public; Owner: canteradigitalio_bateradmin
--

ALTER TABLE ONLY public.call_logs
    ADD CONSTRAINT call_logs_caller_id_fkey FOREIGN KEY (caller_id) REFERENCES public.users(id);


--
-- Name: call_logs call_logs_receiver_id_fkey; Type: FK CONSTRAINT; Schema: public; Owner: canteradigitalio_bateradmin
--

ALTER TABLE ONLY public.call_logs
    ADD CONSTRAINT call_logs_receiver_id_fkey FOREIGN KEY (receiver_id) REFERENCES public.users(id);


--
-- Name: categories categories_parent_id_fkey; Type: FK CONSTRAINT; Schema: public; Owner: canteradigitalio_bateradmin
--

ALTER TABLE ONLY public.categories
    ADD CONSTRAINT categories_parent_id_fkey FOREIGN KEY (parent_id) REFERENCES public.categories(id) ON DELETE CASCADE;


--
-- Name: evaluation_questions evaluation_questions_evaluation_category_id_fkey; Type: FK CONSTRAINT; Schema: public; Owner: canteradigitalio_bateradmin
--

ALTER TABLE ONLY public.evaluation_questions
    ADD CONSTRAINT evaluation_questions_evaluation_category_id_fkey FOREIGN KEY (evaluation_category_id) REFERENCES public.evaluation_categories(id);


--
-- Name: favorite_services favorite_services_service_id_fkey; Type: FK CONSTRAINT; Schema: public; Owner: canteradigitalio_bateradmin
--

ALTER TABLE ONLY public.favorite_services
    ADD CONSTRAINT favorite_services_service_id_fkey FOREIGN KEY (service_id) REFERENCES public.services(id) ON DELETE CASCADE;


--
-- Name: favorite_services favorite_services_user_id_fkey; Type: FK CONSTRAINT; Schema: public; Owner: canteradigitalio_bateradmin
--

ALTER TABLE ONLY public.favorite_services
    ADD CONSTRAINT favorite_services_user_id_fkey FOREIGN KEY (user_id) REFERENCES public.users(id) ON DELETE CASCADE;


--
-- Name: referrals fk_referrals_disabled_by; Type: FK CONSTRAINT; Schema: public; Owner: canteradigitalio_bateradmin
--

ALTER TABLE ONLY public.referrals
    ADD CONSTRAINT fk_referrals_disabled_by FOREIGN KEY (disabled_by) REFERENCES public.users(id);


--
-- Name: service_requests fk_service_requests_chat_id_chats; Type: FK CONSTRAINT; Schema: public; Owner: canteradigitalio_bateradmin
--

ALTER TABLE ONLY public.service_requests
    ADD CONSTRAINT fk_service_requests_chat_id_chats FOREIGN KEY (chat_id) REFERENCES public.chats(id) ON DELETE SET NULL;


--
-- Name: service_requests fk_service_requests_petition_id; Type: FK CONSTRAINT; Schema: public; Owner: canteradigitalio_bateradmin
--

ALTER TABLE ONLY public.service_requests
    ADD CONSTRAINT fk_service_requests_petition_id FOREIGN KEY (petition_id) REFERENCES public.service_petitions(id) ON DELETE SET NULL;


--
-- Name: services fk_services_chat_id_chats; Type: FK CONSTRAINT; Schema: public; Owner: canteradigitalio_bateradmin
--

ALTER TABLE ONLY public.services
    ADD CONSTRAINT fk_services_chat_id_chats FOREIGN KEY (chat_id) REFERENCES public.chats(id) ON DELETE SET NULL;


--
-- Name: token_operations fk_token_operations_group_id_chats; Type: FK CONSTRAINT; Schema: public; Owner: canteradigitalio_bateradmin
--

ALTER TABLE ONLY public.token_operations
    ADD CONSTRAINT fk_token_operations_group_id_chats FOREIGN KEY (group_id) REFERENCES public.chats(id) ON DELETE CASCADE;


--
-- Name: group_invitations group_invitations_chat_id_fkey; Type: FK CONSTRAINT; Schema: public; Owner: canteradigitalio_bateradmin
--

ALTER TABLE ONLY public.group_invitations
    ADD CONSTRAINT group_invitations_chat_id_fkey FOREIGN KEY (chat_id) REFERENCES public.chats(id);


--
-- Name: group_invitations group_invitations_created_by_fkey; Type: FK CONSTRAINT; Schema: public; Owner: canteradigitalio_bateradmin
--

ALTER TABLE ONLY public.group_invitations
    ADD CONSTRAINT group_invitations_created_by_fkey FOREIGN KEY (created_by) REFERENCES public.users(id);


--
-- Name: group_join_requests group_join_requests_chat_id_fkey; Type: FK CONSTRAINT; Schema: public; Owner: canteradigitalio_bateradmin
--

ALTER TABLE ONLY public.group_join_requests
    ADD CONSTRAINT group_join_requests_chat_id_fkey FOREIGN KEY (chat_id) REFERENCES public.chats(id);


--
-- Name: group_join_requests group_join_requests_user_id_fkey; Type: FK CONSTRAINT; Schema: public; Owner: canteradigitalio_bateradmin
--

ALTER TABLE ONLY public.group_join_requests
    ADD CONSTRAINT group_join_requests_user_id_fkey FOREIGN KEY (user_id) REFERENCES public.users(id);


--
-- Name: group_user_permissions group_user_permissions_chat_id_fkey; Type: FK CONSTRAINT; Schema: public; Owner: canteradigitalio_bateradmin
--

ALTER TABLE ONLY public.group_user_permissions
    ADD CONSTRAINT group_user_permissions_chat_id_fkey FOREIGN KEY (chat_id) REFERENCES public.chats(id);


--
-- Name: group_user_permissions group_user_permissions_user_id_fkey; Type: FK CONSTRAINT; Schema: public; Owner: canteradigitalio_bateradmin
--

ALTER TABLE ONLY public.group_user_permissions
    ADD CONSTRAINT group_user_permissions_user_id_fkey FOREIGN KEY (user_id) REFERENCES public.users(id);


--
-- Name: messages messages_chat_id_fkey; Type: FK CONSTRAINT; Schema: public; Owner: canteradigitalio_bateradmin
--

ALTER TABLE ONLY public.messages
    ADD CONSTRAINT messages_chat_id_fkey FOREIGN KEY (chat_id) REFERENCES public.chats(id);


--
-- Name: messages messages_sender_id_fkey; Type: FK CONSTRAINT; Schema: public; Owner: canteradigitalio_bateradmin
--

ALTER TABLE ONLY public.messages
    ADD CONSTRAINT messages_sender_id_fkey FOREIGN KEY (sender_id) REFERENCES public.users(id);


--
-- Name: module_action module_action_action_id_fkey; Type: FK CONSTRAINT; Schema: public; Owner: canteradigitalio_bateradmin
--

ALTER TABLE ONLY public.module_action
    ADD CONSTRAINT module_action_action_id_fkey FOREIGN KEY (action_id) REFERENCES public.actions(id);


--
-- Name: module_action module_action_module_id_fkey; Type: FK CONSTRAINT; Schema: public; Owner: canteradigitalio_bateradmin
--

ALTER TABLE ONLY public.module_action
    ADD CONSTRAINT module_action_module_id_fkey FOREIGN KEY (module_id) REFERENCES public.modules(id);


--
-- Name: participants participants_chat_id_fkey; Type: FK CONSTRAINT; Schema: public; Owner: canteradigitalio_bateradmin
--

ALTER TABLE ONLY public.participants
    ADD CONSTRAINT participants_chat_id_fkey FOREIGN KEY (chat_id) REFERENCES public.chats(id);


--
-- Name: participants participants_user_id_fkey; Type: FK CONSTRAINT; Schema: public; Owner: canteradigitalio_bateradmin
--

ALTER TABLE ONLY public.participants
    ADD CONSTRAINT participants_user_id_fkey FOREIGN KEY (user_id) REFERENCES public.users(id);


--
-- Name: profiles profiles_user_id_fkey; Type: FK CONSTRAINT; Schema: public; Owner: canteradigitalio_bateradmin
--

ALTER TABLE ONLY public.profiles
    ADD CONSTRAINT profiles_user_id_fkey FOREIGN KEY (user_id) REFERENCES public.users(id) ON DELETE CASCADE;


--
-- Name: referral_codes referral_codes_disabled_by_fkey; Type: FK CONSTRAINT; Schema: public; Owner: canteradigitalio_bateradmin
--

ALTER TABLE ONLY public.referral_codes
    ADD CONSTRAINT referral_codes_disabled_by_fkey FOREIGN KEY (disabled_by) REFERENCES public.users(id) ON DELETE SET NULL;


--
-- Name: referral_codes referral_codes_referrer_id_fkey; Type: FK CONSTRAINT; Schema: public; Owner: canteradigitalio_bateradmin
--

ALTER TABLE ONLY public.referral_codes
    ADD CONSTRAINT referral_codes_referrer_id_fkey FOREIGN KEY (referrer_id) REFERENCES public.users(id) ON DELETE CASCADE;


--
-- Name: referral_usages referral_usages_referral_code_id_fkey; Type: FK CONSTRAINT; Schema: public; Owner: canteradigitalio_bateradmin
--

ALTER TABLE ONLY public.referral_usages
    ADD CONSTRAINT referral_usages_referral_code_id_fkey FOREIGN KEY (referral_code_id) REFERENCES public.referral_codes(id) ON DELETE CASCADE;


--
-- Name: referral_usages referral_usages_referred_user_id_fkey; Type: FK CONSTRAINT; Schema: public; Owner: canteradigitalio_bateradmin
--

ALTER TABLE ONLY public.referral_usages
    ADD CONSTRAINT referral_usages_referred_user_id_fkey FOREIGN KEY (referred_user_id) REFERENCES public.users(id) ON DELETE CASCADE;


--
-- Name: referrals referrals_referred_id_fkey; Type: FK CONSTRAINT; Schema: public; Owner: canteradigitalio_bateradmin
--

ALTER TABLE ONLY public.referrals
    ADD CONSTRAINT referrals_referred_id_fkey FOREIGN KEY (referred_id) REFERENCES public.users(id) ON DELETE CASCADE;


--
-- Name: referrals referrals_referrer_id_fkey; Type: FK CONSTRAINT; Schema: public; Owner: canteradigitalio_bateradmin
--

ALTER TABLE ONLY public.referrals
    ADD CONSTRAINT referrals_referrer_id_fkey FOREIGN KEY (referrer_id) REFERENCES public.users(id) ON DELETE CASCADE;


--
-- Name: reported_general_users reported_general_users_reported_id_fkey; Type: FK CONSTRAINT; Schema: public; Owner: canteradigitalio_bateradmin
--

ALTER TABLE ONLY public.reported_general_users
    ADD CONSTRAINT reported_general_users_reported_id_fkey FOREIGN KEY (reported_id) REFERENCES public.users(id);


--
-- Name: reported_general_users reported_general_users_reporter_id_fkey; Type: FK CONSTRAINT; Schema: public; Owner: canteradigitalio_bateradmin
--

ALTER TABLE ONLY public.reported_general_users
    ADD CONSTRAINT reported_general_users_reporter_id_fkey FOREIGN KEY (reporter_id) REFERENCES public.users(id);


--
-- Name: reported_users reported_users_reported_id_fkey; Type: FK CONSTRAINT; Schema: public; Owner: canteradigitalio_bateradmin
--

ALTER TABLE ONLY public.reported_users
    ADD CONSTRAINT reported_users_reported_id_fkey FOREIGN KEY (reported_id) REFERENCES public.users(id);


--
-- Name: reported_users reported_users_reporter_id_fkey; Type: FK CONSTRAINT; Schema: public; Owner: canteradigitalio_bateradmin
--

ALTER TABLE ONLY public.reported_users
    ADD CONSTRAINT reported_users_reporter_id_fkey FOREIGN KEY (reporter_id) REFERENCES public.users(id);


--
-- Name: review_answers review_answers_question_id_fkey; Type: FK CONSTRAINT; Schema: public; Owner: canteradigitalio_bateradmin
--

ALTER TABLE ONLY public.review_answers
    ADD CONSTRAINT review_answers_question_id_fkey FOREIGN KEY (question_id) REFERENCES public.evaluation_questions(id) ON DELETE CASCADE;


--
-- Name: review_answers review_answers_service_request_review_id_fkey; Type: FK CONSTRAINT; Schema: public; Owner: canteradigitalio_bateradmin
--

ALTER TABLE ONLY public.review_answers
    ADD CONSTRAINT review_answers_service_request_review_id_fkey FOREIGN KEY (service_request_review_id) REFERENCES public.service_request_reviews(id) ON DELETE CASCADE;


--
-- Name: role_module_action role_module_action_action_id_fkey; Type: FK CONSTRAINT; Schema: public; Owner: canteradigitalio_bateradmin
--

ALTER TABLE ONLY public.role_module_action
    ADD CONSTRAINT role_module_action_action_id_fkey FOREIGN KEY (action_id) REFERENCES public.actions(id);


--
-- Name: role_module_action role_module_action_module_id_fkey; Type: FK CONSTRAINT; Schema: public; Owner: canteradigitalio_bateradmin
--

ALTER TABLE ONLY public.role_module_action
    ADD CONSTRAINT role_module_action_module_id_fkey FOREIGN KEY (module_id) REFERENCES public.modules(id);


--
-- Name: role_module_action role_module_action_role_id_fkey; Type: FK CONSTRAINT; Schema: public; Owner: canteradigitalio_bateradmin
--

ALTER TABLE ONLY public.role_module_action
    ADD CONSTRAINT role_module_action_role_id_fkey FOREIGN KEY (role_id) REFERENCES public.roles(id);


--
-- Name: service_applications service_applications_chat_id_fkey; Type: FK CONSTRAINT; Schema: public; Owner: canteradigitalio_bateradmin
--

ALTER TABLE ONLY public.service_applications
    ADD CONSTRAINT service_applications_chat_id_fkey FOREIGN KEY (chat_id) REFERENCES public.chats(id) ON DELETE SET NULL;


--
-- Name: service_applications service_applications_petition_id_fkey; Type: FK CONSTRAINT; Schema: public; Owner: canteradigitalio_bateradmin
--

ALTER TABLE ONLY public.service_applications
    ADD CONSTRAINT service_applications_petition_id_fkey FOREIGN KEY (petition_id) REFERENCES public.service_petitions(id) ON DELETE CASCADE;


--
-- Name: service_applications service_applications_service_id_fkey; Type: FK CONSTRAINT; Schema: public; Owner: canteradigitalio_bateradmin
--

ALTER TABLE ONLY public.service_applications
    ADD CONSTRAINT service_applications_service_id_fkey FOREIGN KEY (service_id) REFERENCES public.services(id) ON DELETE CASCADE;


--
-- Name: service_applications service_applications_user_id_fkey; Type: FK CONSTRAINT; Schema: public; Owner: canteradigitalio_bateradmin
--

ALTER TABLE ONLY public.service_applications
    ADD CONSTRAINT service_applications_user_id_fkey FOREIGN KEY (user_id) REFERENCES public.users(id) ON DELETE CASCADE;


--
-- Name: service_petitions service_petitions_category_id_fkey; Type: FK CONSTRAINT; Schema: public; Owner: canteradigitalio_bateradmin
--

ALTER TABLE ONLY public.service_petitions
    ADD CONSTRAINT service_petitions_category_id_fkey FOREIGN KEY (category_id) REFERENCES public.categories(id) ON DELETE CASCADE;


--
-- Name: service_petitions service_petitions_chat_id_fkey; Type: FK CONSTRAINT; Schema: public; Owner: canteradigitalio_bateradmin
--

ALTER TABLE ONLY public.service_petitions
    ADD CONSTRAINT service_petitions_chat_id_fkey FOREIGN KEY (chat_id) REFERENCES public.chats(id) ON DELETE SET NULL;


--
-- Name: service_petitions service_petitions_service_id_fkey; Type: FK CONSTRAINT; Schema: public; Owner: canteradigitalio_bateradmin
--

ALTER TABLE ONLY public.service_petitions
    ADD CONSTRAINT service_petitions_service_id_fkey FOREIGN KEY (service_id) REFERENCES public.services(id) ON DELETE CASCADE;


--
-- Name: service_petitions service_petitions_subcategory_id_fkey; Type: FK CONSTRAINT; Schema: public; Owner: canteradigitalio_bateradmin
--

ALTER TABLE ONLY public.service_petitions
    ADD CONSTRAINT service_petitions_subcategory_id_fkey FOREIGN KEY (subcategory_id) REFERENCES public.categories(id);


--
-- Name: service_petitions service_petitions_user_id_fkey; Type: FK CONSTRAINT; Schema: public; Owner: canteradigitalio_bateradmin
--

ALTER TABLE ONLY public.service_petitions
    ADD CONSTRAINT service_petitions_user_id_fkey FOREIGN KEY (user_id) REFERENCES public.users(id) ON DELETE CASCADE;


--
-- Name: service_request_reviews service_request_reviews_evaluator_id_fkey; Type: FK CONSTRAINT; Schema: public; Owner: canteradigitalio_bateradmin
--

ALTER TABLE ONLY public.service_request_reviews
    ADD CONSTRAINT service_request_reviews_evaluator_id_fkey FOREIGN KEY (evaluator_id) REFERENCES public.users(id) ON DELETE CASCADE;


--
-- Name: service_request_reviews service_request_reviews_service_request_id_fkey; Type: FK CONSTRAINT; Schema: public; Owner: canteradigitalio_bateradmin
--

ALTER TABLE ONLY public.service_request_reviews
    ADD CONSTRAINT service_request_reviews_service_request_id_fkey FOREIGN KEY (service_request_id) REFERENCES public.service_requests(id) ON DELETE CASCADE;


--
-- Name: service_requests service_requests_service_id_fkey; Type: FK CONSTRAINT; Schema: public; Owner: canteradigitalio_bateradmin
--

ALTER TABLE ONLY public.service_requests
    ADD CONSTRAINT service_requests_service_id_fkey FOREIGN KEY (service_id) REFERENCES public.services(id) ON DELETE CASCADE;


--
-- Name: service_requests service_requests_user_id_fkey; Type: FK CONSTRAINT; Schema: public; Owner: canteradigitalio_bateradmin
--

ALTER TABLE ONLY public.service_requests
    ADD CONSTRAINT service_requests_user_id_fkey FOREIGN KEY (user_id) REFERENCES public.users(id) ON DELETE CASCADE;


--
-- Name: service_schedules service_schedules_service_request_id_fkey; Type: FK CONSTRAINT; Schema: public; Owner: canteradigitalio_bateradmin
--

ALTER TABLE ONLY public.service_schedules
    ADD CONSTRAINT service_schedules_service_request_id_fkey FOREIGN KEY (service_request_id) REFERENCES public.service_requests(id) ON DELETE CASCADE;


--
-- Name: service_validation_documents service_validation_documents_service_id_fkey; Type: FK CONSTRAINT; Schema: public; Owner: canteradigitalio_bateradmin
--

ALTER TABLE ONLY public.service_validation_documents
    ADD CONSTRAINT service_validation_documents_service_id_fkey FOREIGN KEY (service_id) REFERENCES public.services(id) ON DELETE CASCADE;


--
-- Name: services services_category_id_fkey; Type: FK CONSTRAINT; Schema: public; Owner: canteradigitalio_bateradmin
--

ALTER TABLE ONLY public.services
    ADD CONSTRAINT services_category_id_fkey FOREIGN KEY (category_id) REFERENCES public.categories(id) ON DELETE CASCADE;


--
-- Name: services services_subcategory_id_fkey; Type: FK CONSTRAINT; Schema: public; Owner: canteradigitalio_bateradmin
--

ALTER TABLE ONLY public.services
    ADD CONSTRAINT services_subcategory_id_fkey FOREIGN KEY (subcategory_id) REFERENCES public.categories(id);


--
-- Name: services services_user_id_fkey; Type: FK CONSTRAINT; Schema: public; Owner: canteradigitalio_bateradmin
--

ALTER TABLE ONLY public.services
    ADD CONSTRAINT services_user_id_fkey FOREIGN KEY (user_id) REFERENCES public.users(id) ON DELETE CASCADE;


--
-- Name: support_assist_requests support_assist_requests_agent_id_fkey; Type: FK CONSTRAINT; Schema: public; Owner: canteradigitalio_bateradmin
--

ALTER TABLE ONLY public.support_assist_requests
    ADD CONSTRAINT support_assist_requests_agent_id_fkey FOREIGN KEY (agent_id) REFERENCES public.users(id);


--
-- Name: support_assist_requests support_assist_requests_group_id_fkey; Type: FK CONSTRAINT; Schema: public; Owner: canteradigitalio_bateradmin
--

ALTER TABLE ONLY public.support_assist_requests
    ADD CONSTRAINT support_assist_requests_group_id_fkey FOREIGN KEY (group_id) REFERENCES public.chats(id);


--
-- Name: support_assist_requests support_assist_requests_user_id_fkey; Type: FK CONSTRAINT; Schema: public; Owner: canteradigitalio_bateradmin
--

ALTER TABLE ONLY public.support_assist_requests
    ADD CONSTRAINT support_assist_requests_user_id_fkey FOREIGN KEY (user_id) REFERENCES public.users(id) ON DELETE CASCADE;


--
-- Name: token_history token_history_token_pack_id_fkey; Type: FK CONSTRAINT; Schema: public; Owner: canteradigitalio_bateradmin
--

ALTER TABLE ONLY public.token_history
    ADD CONSTRAINT token_history_token_pack_id_fkey FOREIGN KEY (token_pack_id) REFERENCES public.token_packs(id) ON DELETE SET NULL;


--
-- Name: token_history token_history_user_id_fkey; Type: FK CONSTRAINT; Schema: public; Owner: canteradigitalio_bateradmin
--

ALTER TABLE ONLY public.token_history
    ADD CONSTRAINT token_history_user_id_fkey FOREIGN KEY (user_id) REFERENCES public.users(id) ON DELETE CASCADE;


--
-- Name: token_operations token_operations_token_purchase_id_fkey; Type: FK CONSTRAINT; Schema: public; Owner: canteradigitalio_bateradmin
--

ALTER TABLE ONLY public.token_operations
    ADD CONSTRAINT token_operations_token_purchase_id_fkey FOREIGN KEY (token_purchase_id) REFERENCES public.token_history(id) ON DELETE SET NULL;


--
-- Name: token_operations token_operations_user_id_fkey; Type: FK CONSTRAINT; Schema: public; Owner: canteradigitalio_bateradmin
--

ALTER TABLE ONLY public.token_operations
    ADD CONSTRAINT token_operations_user_id_fkey FOREIGN KEY (user_id) REFERENCES public.users(id) ON DELETE CASCADE;


--
-- Name: token_user_balance token_user_balance_user_id_fkey; Type: FK CONSTRAINT; Schema: public; Owner: canteradigitalio_bateradmin
--

ALTER TABLE ONLY public.token_user_balance
    ADD CONSTRAINT token_user_balance_user_id_fkey FOREIGN KEY (user_id) REFERENCES public.users(id) ON DELETE CASCADE;


--
-- Name: user_roles user_roles_role_id_fkey; Type: FK CONSTRAINT; Schema: public; Owner: canteradigitalio_bateradmin
--

ALTER TABLE ONLY public.user_roles
    ADD CONSTRAINT user_roles_role_id_fkey FOREIGN KEY (role_id) REFERENCES public.roles(id) ON DELETE CASCADE;


--
-- Name: user_roles user_roles_user_id_fkey; Type: FK CONSTRAINT; Schema: public; Owner: canteradigitalio_bateradmin
--

ALTER TABLE ONLY public.user_roles
    ADD CONSTRAINT user_roles_user_id_fkey FOREIGN KEY (user_id) REFERENCES public.users(id) ON DELETE CASCADE;


--
-- Name: TABLE addresses; Type: ACL; Schema: public; Owner: canteradigitalio_bateradmin
--

GRANT ALL ON TABLE public.addresses TO canteradigitalio_barterflip;


--
-- Name: TABLE alembic_version; Type: ACL; Schema: public; Owner: canteradigitalio_bateradmin
--

GRANT ALL ON TABLE public.alembic_version TO canteradigitalio_barterflip;


--
-- Name: TABLE blocked_chat_users; Type: ACL; Schema: public; Owner: canteradigitalio_bateradmin
--

GRANT ALL ON TABLE public.blocked_chat_users TO canteradigitalio_barterflip;


--
-- Name: TABLE blocked_users; Type: ACL; Schema: public; Owner: canteradigitalio_bateradmin
--

GRANT ALL ON TABLE public.blocked_users TO canteradigitalio_barterflip;


--
-- Name: TABLE call_logs; Type: ACL; Schema: public; Owner: canteradigitalio_bateradmin
--

GRANT ALL ON TABLE public.call_logs TO canteradigitalio_barterflip;


--
-- Name: TABLE categories; Type: ACL; Schema: public; Owner: canteradigitalio_bateradmin
--

GRANT ALL ON TABLE public.categories TO canteradigitalio_barterflip;


--
-- Name: TABLE chats; Type: ACL; Schema: public; Owner: canteradigitalio_bateradmin
--

GRANT ALL ON TABLE public.chats TO canteradigitalio_barterflip;


--
-- Name: TABLE favorite_services; Type: ACL; Schema: public; Owner: canteradigitalio_bateradmin
--

GRANT ALL ON TABLE public.favorite_services TO canteradigitalio_barterflip;


--
-- Name: TABLE messages; Type: ACL; Schema: public; Owner: canteradigitalio_bateradmin
--

GRANT ALL ON TABLE public.messages TO canteradigitalio_barterflip;


--
-- Name: TABLE notifications; Type: ACL; Schema: public; Owner: canteradigitalio_bateradmin
--

GRANT ALL ON TABLE public.notifications TO canteradigitalio_barterflip;


--
-- Name: TABLE participants; Type: ACL; Schema: public; Owner: canteradigitalio_bateradmin
--

GRANT ALL ON TABLE public.participants TO canteradigitalio_barterflip;


--
-- Name: TABLE profiles; Type: ACL; Schema: public; Owner: canteradigitalio_bateradmin
--

GRANT ALL ON TABLE public.profiles TO canteradigitalio_barterflip;


--
-- Name: TABLE refresh_tokens; Type: ACL; Schema: public; Owner: canteradigitalio_bateradmin
--

GRANT ALL ON TABLE public.refresh_tokens TO canteradigitalio_barterflip;


--
-- Name: TABLE reported_general_users; Type: ACL; Schema: public; Owner: canteradigitalio_bateradmin
--

GRANT ALL ON TABLE public.reported_general_users TO canteradigitalio_barterflip;


--
-- Name: TABLE reported_users; Type: ACL; Schema: public; Owner: canteradigitalio_bateradmin
--

GRANT ALL ON TABLE public.reported_users TO canteradigitalio_barterflip;


--
-- Name: TABLE roles; Type: ACL; Schema: public; Owner: canteradigitalio_bateradmin
--

GRANT ALL ON TABLE public.roles TO canteradigitalio_barterflip;


--
-- Name: TABLE service_applications; Type: ACL; Schema: public; Owner: canteradigitalio_bateradmin
--

GRANT ALL ON TABLE public.service_applications TO canteradigitalio_barterflip;


--
-- Name: TABLE service_petitions; Type: ACL; Schema: public; Owner: canteradigitalio_bateradmin
--

GRANT ALL ON TABLE public.service_petitions TO canteradigitalio_barterflip;


--
-- Name: TABLE service_requests; Type: ACL; Schema: public; Owner: canteradigitalio_bateradmin
--

GRANT ALL ON TABLE public.service_requests TO canteradigitalio_barterflip;


--
-- Name: TABLE service_schedules; Type: ACL; Schema: public; Owner: canteradigitalio_bateradmin
--

GRANT ALL ON TABLE public.service_schedules TO canteradigitalio_barterflip;


--
-- Name: TABLE service_validation_documents; Type: ACL; Schema: public; Owner: canteradigitalio_bateradmin
--

GRANT ALL ON TABLE public.service_validation_documents TO canteradigitalio_barterflip;


--
-- Name: TABLE services; Type: ACL; Schema: public; Owner: canteradigitalio_bateradmin
--

GRANT ALL ON TABLE public.services TO canteradigitalio_barterflip;


--
-- Name: TABLE support_assist_requests; Type: ACL; Schema: public; Owner: canteradigitalio_bateradmin
--

GRANT ALL ON TABLE public.support_assist_requests TO canteradigitalio_barterflip;


--
-- Name: TABLE token_history; Type: ACL; Schema: public; Owner: canteradigitalio_bateradmin
--

GRANT ALL ON TABLE public.token_history TO canteradigitalio_barterflip;


--
-- Name: TABLE token_operations; Type: ACL; Schema: public; Owner: canteradigitalio_bateradmin
--

GRANT ALL ON TABLE public.token_operations TO canteradigitalio_barterflip;


--
-- Name: TABLE token_packs; Type: ACL; Schema: public; Owner: canteradigitalio_bateradmin
--

GRANT ALL ON TABLE public.token_packs TO canteradigitalio_barterflip;


--
-- Name: TABLE token_user_balance; Type: ACL; Schema: public; Owner: canteradigitalio_bateradmin
--

GRANT ALL ON TABLE public.token_user_balance TO canteradigitalio_barterflip;


--
-- Name: TABLE user_roles; Type: ACL; Schema: public; Owner: canteradigitalio_bateradmin
--

GRANT ALL ON TABLE public.user_roles TO canteradigitalio_barterflip;


--
-- Name: TABLE users; Type: ACL; Schema: public; Owner: canteradigitalio_bateradmin
--

GRANT ALL ON TABLE public.users TO canteradigitalio_barterflip;


--
-- Name: TABLE verification_codes; Type: ACL; Schema: public; Owner: canteradigitalio_bateradmin
--

GRANT ALL ON TABLE public.verification_codes TO canteradigitalio_barterflip;


--
--

